{"id":52575,"date":"2021-01-25T22:10:00","date_gmt":"2021-01-25T21:10:00","guid":{"rendered":"http:\/\/museumek.eu\/?page_id=52575"},"modified":"2021-01-25T22:58:24","modified_gmt":"2021-01-25T21:58:24","slug":"fotos-und-beschreibung","status":"publish","type":"page","link":"http:\/\/museumek.eu\/?page_id=52575","title":{"rendered":"Fotos und Beschreibung"},"content":{"rendered":"<p><strong>Abteilung Deutschland, Keramik 1860 \u2013 1960, Inventarnummer D\/CLXXX\/1<\/strong><\/p>\n<p>Porzellanfabrik Altenkunstadt Karl Nehmzov, vormals Porzellanfabrik Rothemund, Hager &#038; Co., vormals Porzellanfabrik Rothemund &#038; Co., Deutschland, Altenkunstadt, 1933 &#8211; 1960, Aschenbecher, K\u00fcnstler Ludwig Hohlwein, Werks.-Nr. ohne, Exemplar Nr. ohne, gemarkt Firmenmarke ALTENKUNSTADT, darunter ein Segelschiff, darunter BAVARIA blauer Stempel auf Glasur, nicht signiert, Literatur: Gustav Wei\u00df, Ullstein Porzellanbuch, Seite 238, Marke Nr. 3 identisch (dort g\u00fcltig ab 1933), weitere Literatur: Robert E. R\u00f6ntgen, Seite 29, kurze Beschreibung der Fabrik sowie Seite 30, Marke Nr. 25 identisch (dort f\u00fcr die Zeit 1933 bis 1960), weitere Literatur: Dieter Z\u00fchlsdorff, Marken Lexikon, Porzellan und Keramik Report 1885 &#8211; 1935, Seite 349, Werk-Teil 1, Gruppennummer 16., laufende Nummer innerhalb der Gruppe 13, dort identische Marke (dort g\u00fcltig f\u00fcr die Zeit ab 1933) sowie Seite 464, Werk-Teil Nr. 3, laufende Nummer des Werkteils 21, dort Beschreibung der Fabrik, die Porzellanfabrik in Altenkunstadt wurde am 9. Mai 1919 von sechs aus der Umgebung von Rehau stammenden Gesellschaftern in dem Geb\u00e4ude einer ehemaligen Spinn- und Tuchfabrik gegr\u00fcndet, Firmierung Porzellanfabrik Rothemund &#038; Co., 1920 ging die Fabrik in Betrieb, Mitte der 1920&#8242; Jahre verzeichnete die Fabrik bereits eine erfreuliche Auftragslage und exportierte nach London, New York, New Orleans, Kairo und Malta, Ende der 1920&#8242; Jahre, brach der Markt auf Grund der Weltwirtschaftskrise ein und nachdem einige Gesellschafter ausbezahlt werden mussten, kam es 1930\/1931 zum Konkursverfahren und zur Betriebsstilllegung, im Fr\u00fchjahr 1933 \u00fcbernahm der aus Hamburg Altona stammende Schiffbauingenieur Karl Nehmzow die Leitung der Porzellanfabrik, gem\u00e4\u00df seiner norddeutschen Wurzeln f\u00fchrte er ein Segelschiff als Firmenmarke ein, vorher war er leitender Direktor der Porzellanfabrik Julius Griesbach in Hochstadt am Main gewesen, Firmierung ab da Porzellanfabrik Altenkunstadt Karl Nehmzov, die Fabrik besteht noch heute, bei Z\u00fchlsdorrff und bei R\u00f6ntgen, wird eine weitere Firmierung aufgef\u00fchrt: Jahr 1923, Porzellanfabrik Rothemund, Hager &#038; Co., das MEK kann diese Firmierung nicht nachvollziehen, da die Altenkunst\u00e4dter Porzellanfabrik Hager 1933 in Konkurs ging und bis dahin eigenst\u00e4ndig produzierte, der genaue Sachverhalt ist noch zu recherchieren, das MEK f\u00fchrt aber diese Firmierung in der Fabrikbezeichnung mit auf, das Dekor des Aschenbechers (M\u00f6nch) stammt von einem Entwurf Ludwig Hohlweins f\u00fcr die Kulmbacher M\u00f6nchshof-Br\u00e4u, das MEK konnte recherchieren, dass Hohlwein das M\u00f6nch Dekor mindestens 1926 entworfen hatte und nicht sp\u00e4ter, Durchmesser 16 cm<\/p>\n<p><a href=\"http:\/\/museumek.eu\/?attachment_id=52576\" rel=\"attachment wp-att-52576\"><img loading=\"lazy\" src=\"http:\/\/museumek.eu\/wp-content\/uploads\/2021\/01\/PF-Altenkunstadt-Karl-Nehmzow-Aschenbecher-1-298x300.jpg\" alt=\"\" title=\"PF Altenkunstadt Karl Nehmzow Aschenbecher 1\" width=\"298\" height=\"300\" class=\"alignnone size-medium wp-image-52576\" srcset=\"http:\/\/museumek.eu\/wp-content\/uploads\/2021\/01\/PF-Altenkunstadt-Karl-Nehmzow-Aschenbecher-1-298x300.jpg 298w, http:\/\/museumek.eu\/wp-content\/uploads\/2021\/01\/PF-Altenkunstadt-Karl-Nehmzow-Aschenbecher-1-150x150.jpg 150w, http:\/\/museumek.eu\/wp-content\/uploads\/2021\/01\/PF-Altenkunstadt-Karl-Nehmzow-Aschenbecher-1.jpg 480w\" sizes=\"(max-width: 298px) 100vw, 298px\" \/><\/a><\/p>\n<p><a href=\"http:\/\/museumek.eu\/?attachment_id=52577\" rel=\"attachment wp-att-52577\"><img loading=\"lazy\" src=\"http:\/\/museumek.eu\/wp-content\/uploads\/2021\/01\/PF-Altenkunstadt-Karl-Nehmzow-Aschenbecher-2-231x300.jpg\" alt=\"\" title=\"PF Altenkunstadt Karl Nehmzow Aschenbecher 2\" width=\"231\" height=\"300\" class=\"alignnone size-medium wp-image-52577\" srcset=\"http:\/\/museumek.eu\/wp-content\/uploads\/2021\/01\/PF-Altenkunstadt-Karl-Nehmzow-Aschenbecher-2-231x300.jpg 231w, http:\/\/museumek.eu\/wp-content\/uploads\/2021\/01\/PF-Altenkunstadt-Karl-Nehmzow-Aschenbecher-2-115x150.jpg 115w, http:\/\/museumek.eu\/wp-content\/uploads\/2021\/01\/PF-Altenkunstadt-Karl-Nehmzow-Aschenbecher-2.jpg 480w\" sizes=\"(max-width: 231px) 100vw, 231px\" \/><\/a><\/p>\n<p><a href=\"http:\/\/museumek.eu\/?attachment_id=52578\" rel=\"attachment wp-att-52578\"><img loading=\"lazy\" src=\"http:\/\/museumek.eu\/wp-content\/uploads\/2021\/01\/PF-Altenkunstadt-Karl-Nehmzow-Aschenbecher-3-298x300.jpg\" alt=\"\" title=\"PF Altenkunstadt Karl Nehmzow Aschenbecher 3\" width=\"298\" height=\"300\" class=\"alignnone size-medium wp-image-52578\" srcset=\"http:\/\/museumek.eu\/wp-content\/uploads\/2021\/01\/PF-Altenkunstadt-Karl-Nehmzow-Aschenbecher-3-298x300.jpg 298w, http:\/\/museumek.eu\/wp-content\/uploads\/2021\/01\/PF-Altenkunstadt-Karl-Nehmzow-Aschenbecher-3-150x150.jpg 150w, http:\/\/museumek.eu\/wp-content\/uploads\/2021\/01\/PF-Altenkunstadt-Karl-Nehmzow-Aschenbecher-3.jpg 480w\" sizes=\"(max-width: 298px) 100vw, 298px\" \/><\/a><\/p>\n<p><a href=\"http:\/\/museumek.eu\/?attachment_id=52579\" rel=\"attachment wp-att-52579\"><img loading=\"lazy\" src=\"http:\/\/museumek.eu\/wp-content\/uploads\/2021\/01\/PF-Altenkunstadt-Karl-Nehmzow-Aschenbecher-4-300x276.jpg\" alt=\"\" title=\"PF Altenkunstadt Karl Nehmzow Aschenbecher 4\" width=\"300\" height=\"276\" class=\"alignnone size-medium wp-image-52579\" srcset=\"http:\/\/museumek.eu\/wp-content\/uploads\/2021\/01\/PF-Altenkunstadt-Karl-Nehmzow-Aschenbecher-4-300x276.jpg 300w, http:\/\/museumek.eu\/wp-content\/uploads\/2021\/01\/PF-Altenkunstadt-Karl-Nehmzow-Aschenbecher-4-150x138.jpg 150w, http:\/\/museumek.eu\/wp-content\/uploads\/2021\/01\/PF-Altenkunstadt-Karl-Nehmzow-Aschenbecher-4-325x300.jpg 325w, http:\/\/museumek.eu\/wp-content\/uploads\/2021\/01\/PF-Altenkunstadt-Karl-Nehmzow-Aschenbecher-4.jpg 520w\" sizes=\"(max-width: 300px) 100vw, 300px\" \/><\/a><\/p>\n","protected":false},"excerpt":{"rendered":"<p>Abteilung Deutschland, Keramik 1860 \u2013 1960, Inventarnummer D\/CLXXX\/1 Porzellanfabrik Altenkunstadt Karl Nehmzov, vormals Porzellanfabrik Rothemund, Hager &#038; Co., vormals Porzellanfabrik Rothemund &#038; Co., Deutschland, Altenkunstadt, 1933 &#8211; 1960, Aschenbecher, K\u00fcnstler Ludwig Hohlwein, Werks.-Nr. ohne, Exemplar Nr. ohne, gemarkt Firmenmarke ALTENKUNSTADT, &hellip; <a href=\"http:\/\/museumek.eu\/?page_id=52575\">Weiterlesen <span class=\"meta-nav\">&rarr;<\/span><\/a><\/p>\n","protected":false},"author":1,"featured_media":0,"parent":52572,"menu_order":1,"comment_status":"closed","ping_status":"open","template":"","meta":[],"_links":{"self":[{"href":"http:\/\/museumek.eu\/index.php?rest_route=\/wp\/v2\/pages\/52575"}],"collection":[{"href":"http:\/\/museumek.eu\/index.php?rest_route=\/wp\/v2\/pages"}],"about":[{"href":"http:\/\/museumek.eu\/index.php?rest_route=\/wp\/v2\/types\/page"}],"author":[{"embeddable":true,"href":"http:\/\/museumek.eu\/index.php?rest_route=\/wp\/v2\/users\/1"}],"replies":[{"embeddable":true,"href":"http:\/\/museumek.eu\/index.php?rest_route=%2Fwp%2Fv2%2Fcomments&post=52575"}],"version-history":[{"count":7,"href":"http:\/\/museumek.eu\/index.php?rest_route=\/wp\/v2\/pages\/52575\/revisions"}],"predecessor-version":[{"id":52586,"href":"http:\/\/museumek.eu\/index.php?rest_route=\/wp\/v2\/pages\/52575\/revisions\/52586"}],"up":[{"embeddable":true,"href":"http:\/\/museumek.eu\/index.php?rest_route=\/wp\/v2\/pages\/52572"}],"wp:attachment":[{"href":"http:\/\/museumek.eu\/index.php?rest_route=%2Fwp%2Fv2%2Fmedia&parent=52575"}],"curies":[{"name":"wp","href":"https:\/\/api.w.org\/{rel}","templated":true}]}}