{"id":52620,"date":"2021-01-26T10:31:20","date_gmt":"2021-01-26T09:31:20","guid":{"rendered":"http:\/\/museumek.eu\/?page_id=52620"},"modified":"2021-01-26T10:39:37","modified_gmt":"2021-01-26T09:39:37","slug":"kurzbiografie-und-inventar-zum-kunstler","status":"publish","type":"page","link":"http:\/\/museumek.eu\/?page_id=52620","title":{"rendered":"Kurzbiografie und Inventar zum K\u00fcnstler"},"content":{"rendered":"<p>Erich Kuithan wurde am 24. Oktober 1875 in Bielefeld geboren. Er starb am 30. Dezember 1917 in Jena. Erich Kuithan war der dritte Sohn des Seidenfabrikanten Emil Kuithan und seiner Frau Antonie, geborene K\u00f6nemann. Kuithan war ein expressionistischer deutscher Maler und Leiter einer Zeichenschule in Jena. Er fertigte mindestens einen Entwurf f\u00fcr die Porzellan-Manufaktur a. S. Ferdinand Selle. Weitere Entw\u00fcrfe von Kuithan f\u00fcr Porzellanfabrken sind nicht bekannt.<\/p>\n<p><strong>Abteilung Deutschland, Keramik 1860 \u2013 1960, Inventarnummer D\/CXXXIV\/3<\/strong><\/p>\n<p>Porzellan-Manufaktur Burgau a. S. Ferdinand Selle, Deutschland, Burgau, 1910, Teller Form gerippt, Dekor Viktoria, K\u00fcnstler Erich Kuithan, Werks.-Nr. ohne, Exemplar Nr. ohne, gemarkt Firmenmarke in einem Schild-f\u00f6rmigen Rahmen PBM (f\u00fcr Porzellan-Manufaktur Burgau), darunter ein Querstrich, darunter ein S-f\u00f6rmiger nach rechts blickender Fisch (das S steht entweder f\u00fcr Selle oder f\u00fcr den Fluss Saale) auf Wellengrund gr\u00fcner Stempel unter Glasur, 3 blau unter Glasur gemalt, nicht signiert, Literatur: Bernd Fritz und Birgitt Hellmann, St\u00e4dtische Museen Jena, Porzellan-Manufaktur Burgau a. d. Saale Ferdinand Selle 1901 \u2013 1929, Seite 22, Firmenbrief, dort identische Marke in schwarz-weiss abgebildet, Seite 25, Chronologie der Erzeugnisse der Porzellanmanufaktur, dort unter Jahr 1910 Form gerippt und Dekor Viktoria aufgef\u00fchrt, Seite 33, Abb. 30, Tafel- und Speiseserviceteile der Form &#8222;Gerippt&#8220;, Dekor &#8222;Victoria&#8220; von Erich Kuithan sowie Seiten 84\/85 Abbildungen von Geschirrteilen mit diesem Dekor wie folgt beschrieben: Dekor Viktoria, unterglasurblaue Randb\u00f6gen sowie variables v-f\u00f6rmiges H\u00e4kchenmuster mit Zwischenpunkten auf den Rippengraten, weitere Literatur: Otto Pelka, Keramik der Neuzeit, Markentafel II, Marke Nr. 13 identisch, Seite 209, Herstellerverzeichnis, dort unter Burgau: Porzellan-Manufaktur Burgau Ferdinand Selle sowie Seite 221, Namenverzeichnis, dort Selle, Ferdinand, Burgau, 1901 gr\u00fcndet der Leipziger Kaufmann (Porzellanhandlung zusammen mit seinen zwei Br\u00fcdern in Leipzig) Ferdinand Otto Reinhold Selle in Burgau bei Jena eine Porzellanfabrik, handelsgerichtliche Eintragungen: 20.11.1901 Anmeldung, 26.03.1902 Eintragung, Firmierung Porzellan-Manufaktur Burgau a. S. Ferdinand Selle (a. S. steht f\u00fcr an der Saale), die Entw\u00fcrfe, die unter anderem von van de Velde und Albin M\u00fcller stammen, bilden fast ausschlie\u00dflich den Zeitgeschmack des Jugendstils ab, am 09.02.1915 stirbt Selle und seine Witwe Anna Agnes Selle f\u00fchrt die Fabrik fort, 1929 wird die Fabrik geschlossen, Durchmesser 14,5 cm<\/p>\n<p><a href=\"http:\/\/museumek.eu\/?attachment_id=52566\" rel=\"attachment wp-att-52566\"><img loading=\"lazy\" src=\"http:\/\/museumek.eu\/wp-content\/uploads\/2015\/06\/Selle-Teller-1-300x294.jpg\" alt=\"\" title=\"Selle Teller 1\" width=\"300\" height=\"294\" class=\"alignnone size-medium wp-image-52566\" srcset=\"http:\/\/museumek.eu\/wp-content\/uploads\/2015\/06\/Selle-Teller-1-300x294.jpg 300w, http:\/\/museumek.eu\/wp-content\/uploads\/2015\/06\/Selle-Teller-1-150x147.jpg 150w, http:\/\/museumek.eu\/wp-content\/uploads\/2015\/06\/Selle-Teller-1-305x300.jpg 305w, http:\/\/museumek.eu\/wp-content\/uploads\/2015\/06\/Selle-Teller-1.jpg 489w\" sizes=\"(max-width: 300px) 100vw, 300px\" \/><\/a><\/p>\n<p><a href=\"http:\/\/museumek.eu\/?attachment_id=52567\" rel=\"attachment wp-att-52567\"><img loading=\"lazy\" src=\"http:\/\/museumek.eu\/wp-content\/uploads\/2015\/06\/Selle-Teller-2-300x296.jpg\" alt=\"\" title=\"Selle Teller 2\" width=\"300\" height=\"296\" class=\"alignnone size-medium wp-image-52567\" srcset=\"http:\/\/museumek.eu\/wp-content\/uploads\/2015\/06\/Selle-Teller-2-300x296.jpg 300w, http:\/\/museumek.eu\/wp-content\/uploads\/2015\/06\/Selle-Teller-2-150x148.jpg 150w, http:\/\/museumek.eu\/wp-content\/uploads\/2015\/06\/Selle-Teller-2-303x300.jpg 303w, http:\/\/museumek.eu\/wp-content\/uploads\/2015\/06\/Selle-Teller-2.jpg 485w\" sizes=\"(max-width: 300px) 100vw, 300px\" \/><\/a><\/p>\n<p><a href=\"http:\/\/museumek.eu\/?attachment_id=52568\" rel=\"attachment wp-att-52568\"><img loading=\"lazy\" src=\"http:\/\/museumek.eu\/wp-content\/uploads\/2015\/06\/Selle-Teller-3-253x300.jpg\" alt=\"\" title=\"Selle Teller 3\" width=\"253\" height=\"300\" class=\"alignnone size-medium wp-image-52568\" srcset=\"http:\/\/museumek.eu\/wp-content\/uploads\/2015\/06\/Selle-Teller-3-253x300.jpg 253w, http:\/\/museumek.eu\/wp-content\/uploads\/2015\/06\/Selle-Teller-3-126x150.jpg 126w, http:\/\/museumek.eu\/wp-content\/uploads\/2015\/06\/Selle-Teller-3.jpg 480w\" sizes=\"(max-width: 253px) 100vw, 253px\" \/><\/a><\/p>\n","protected":false},"excerpt":{"rendered":"<p>Erich Kuithan wurde am 24. Oktober 1875 in Bielefeld geboren. Er starb am 30. Dezember 1917 in Jena. Erich Kuithan war der dritte Sohn des Seidenfabrikanten Emil Kuithan und seiner Frau Antonie, geborene K\u00f6nemann. Kuithan war ein expressionistischer deutscher Maler &hellip; <a href=\"http:\/\/museumek.eu\/?page_id=52620\">Weiterlesen <span class=\"meta-nav\">&rarr;<\/span><\/a><\/p>\n","protected":false},"author":1,"featured_media":0,"parent":52616,"menu_order":1,"comment_status":"closed","ping_status":"open","template":"","meta":[],"_links":{"self":[{"href":"http:\/\/museumek.eu\/index.php?rest_route=\/wp\/v2\/pages\/52620"}],"collection":[{"href":"http:\/\/museumek.eu\/index.php?rest_route=\/wp\/v2\/pages"}],"about":[{"href":"http:\/\/museumek.eu\/index.php?rest_route=\/wp\/v2\/types\/page"}],"author":[{"embeddable":true,"href":"http:\/\/museumek.eu\/index.php?rest_route=\/wp\/v2\/users\/1"}],"replies":[{"embeddable":true,"href":"http:\/\/museumek.eu\/index.php?rest_route=%2Fwp%2Fv2%2Fcomments&post=52620"}],"version-history":[{"count":5,"href":"http:\/\/museumek.eu\/index.php?rest_route=\/wp\/v2\/pages\/52620\/revisions"}],"predecessor-version":[{"id":52625,"href":"http:\/\/museumek.eu\/index.php?rest_route=\/wp\/v2\/pages\/52620\/revisions\/52625"}],"up":[{"embeddable":true,"href":"http:\/\/museumek.eu\/index.php?rest_route=\/wp\/v2\/pages\/52616"}],"wp:attachment":[{"href":"http:\/\/museumek.eu\/index.php?rest_route=%2Fwp%2Fv2%2Fmedia&parent=52620"}],"curies":[{"name":"wp","href":"https:\/\/api.w.org\/{rel}","templated":true}]}}