{"id":53583,"date":"2021-02-26T22:53:12","date_gmt":"2021-02-26T21:53:12","guid":{"rendered":"http:\/\/museumek.eu\/?page_id=53583"},"modified":"2021-02-27T13:34:27","modified_gmt":"2021-02-27T12:34:27","slug":"alv4","status":"publish","type":"page","link":"http:\/\/museumek.eu\/?page_id=53583","title":{"rendered":"A\/LV\/4"},"content":{"rendered":"<p><strong>Abteilung Austria, Keramik 1860 \u2013 1960, Inventarnummer A\/LV\/4<\/strong><\/p>\n<p>Porzellanfabrik Oscar &#038; Edgar Gutherz, vormals Porzellanmalerei und Porzellanwarenhandel Marx &#038; Gutherz, Austria, Alt Rohlau, um 1920, Terrine, K\u00fcnstler unbekannt, Werks.-Nr. ohne, Exemplar Nr. ohne, gemarkt Firmenmarke mit Epiag (f\u00fcr Erste B\u00f6hmische Porzellan-Industrie AG) darunter in einem Lorbeerkranz ROYAL darunter Made in Czechoslovakia gr\u00fcner Stempel unter Glasur sowie 1 am Boden und im Deckel in Gold auf Glasur gemalt, nicht signiert, Literatur: Dieter Z\u00fchlsdorff, Markenlexikon Band 1, Porzellan und Keramik Report 1885 &#8211; 1935, Seite 330,  Werkteil-Nummer 1., Gruppen-Nummer 12. laufende Nummer innerhalb der Gruppe 158 identische Marke (dort g\u00fcltig ab 1920) sowie Seite 465, Werk-Teil 3., laufende Nummer des Werkteils 34, dort kurze Beschreibung der Fabrik, weitere Literatur f\u00fcr Gutherz: Ludwig Danckert, Handbuch des Europ\u00e4ischen Porzellans, 7. Auflage, Seite 32, dort kurze Beschreibung der Fabrik sowie Abb. der identischen Marke, weitere Literatur f\u00fcr Paepcke: Ludwig Danckert, Handbuch des Europ\u00e4ischen Porzellans, 7. Auflage, Seite 224, dort kurze Beschreibung der Fabrik sowie Abb. der identischen Marke, die Porzellanfabrik wurde wohl 1876 als Porzellanmalerei und Porzellanwarenhandel Marx und Gutherz gegr\u00fcndet, wahrscheinlich waren beide Br\u00fcder Gutherz Oscar und Edgar von Beginn an Mitinhaber, Firmierung Porzellanmalerei und Porzellanwarenhandel Marx &#038; Gutherz, 1898\/1899 schied Marx aus, alleinige Inhaber nun die Gebr\u00fcder Gutherz, die wohl zu diesem Zeitpunkt die Porzellanmalerei zu einer Porzellanfabrik ausbauten, Firmierung ab da Porzellanfabrik Oscar &#038; Edgar Gutherz, die Fabrik bestand bis 1918 und gliederte sich dann in die \u00d6PIAG (\u00d6sterreichische Porzellan-Industrie AG) ein, die 1920 in EPIAG (Erste B\u00f6hmische Porzellan-Industrie AG) umbenannt wurde,<br \/>\nH\u00f6he 15 cm, Breite 31,5 cm<\/p>\n<p><a href=\"http:\/\/museumek.eu\/?attachment_id=53551\" rel=\"attachment wp-att-53551\"><img loading=\"lazy\" src=\"http:\/\/museumek.eu\/wp-content\/uploads\/2020\/06\/O-E-Gutherz-Terrine-1-300x163.jpg\" alt=\"\" title=\"O &amp; E Gutherz Terrine 1\" width=\"300\" height=\"163\" class=\"alignnone size-medium wp-image-53551\" srcset=\"http:\/\/museumek.eu\/wp-content\/uploads\/2020\/06\/O-E-Gutherz-Terrine-1-300x163.jpg 300w, http:\/\/museumek.eu\/wp-content\/uploads\/2020\/06\/O-E-Gutherz-Terrine-1-150x81.jpg 150w, http:\/\/museumek.eu\/wp-content\/uploads\/2020\/06\/O-E-Gutherz-Terrine-1-500x271.jpg 500w, http:\/\/museumek.eu\/wp-content\/uploads\/2020\/06\/O-E-Gutherz-Terrine-1.jpg 640w\" sizes=\"(max-width: 300px) 100vw, 300px\" \/><\/a><\/p>\n<p><a href=\"http:\/\/museumek.eu\/?attachment_id=53552\" rel=\"attachment wp-att-53552\"><img loading=\"lazy\" src=\"http:\/\/museumek.eu\/wp-content\/uploads\/2020\/06\/O-E-Gutherz-Terrine-2-300x204.jpg\" alt=\"\" title=\"O &amp; E Gutherz Terrine 2\" width=\"300\" height=\"204\" class=\"alignnone size-medium wp-image-53552\" srcset=\"http:\/\/museumek.eu\/wp-content\/uploads\/2020\/06\/O-E-Gutherz-Terrine-2-300x204.jpg 300w, http:\/\/museumek.eu\/wp-content\/uploads\/2020\/06\/O-E-Gutherz-Terrine-2-150x102.jpg 150w, http:\/\/museumek.eu\/wp-content\/uploads\/2020\/06\/O-E-Gutherz-Terrine-2-440x300.jpg 440w, http:\/\/museumek.eu\/wp-content\/uploads\/2020\/06\/O-E-Gutherz-Terrine-2.jpg 640w\" sizes=\"(max-width: 300px) 100vw, 300px\" \/><\/a><\/p>\n<p><a href=\"http:\/\/museumek.eu\/?attachment_id=53553\" rel=\"attachment wp-att-53553\"><img loading=\"lazy\" src=\"http:\/\/museumek.eu\/wp-content\/uploads\/2020\/06\/O-E-Gutherz-Terrine-3-199x300.jpg\" alt=\"\" title=\"O &amp; E Gutherz Terrine 3\" width=\"199\" height=\"300\" class=\"alignnone size-medium wp-image-53553\" srcset=\"http:\/\/museumek.eu\/wp-content\/uploads\/2020\/06\/O-E-Gutherz-Terrine-3-199x300.jpg 199w, http:\/\/museumek.eu\/wp-content\/uploads\/2020\/06\/O-E-Gutherz-Terrine-3-99x150.jpg 99w, http:\/\/museumek.eu\/wp-content\/uploads\/2020\/06\/O-E-Gutherz-Terrine-3.jpg 425w\" sizes=\"(max-width: 199px) 100vw, 199px\" \/><\/a><\/p>\n<p><a href=\"http:\/\/museumek.eu\/?attachment_id=53554\" rel=\"attachment wp-att-53554\"><img loading=\"lazy\" src=\"http:\/\/museumek.eu\/wp-content\/uploads\/2020\/06\/O-E-Gutherz-Terrine-4-300x215.jpg\" alt=\"\" title=\"O &amp; E Gutherz Terrine 4\" width=\"300\" height=\"215\" class=\"alignnone size-medium wp-image-53554\" srcset=\"http:\/\/museumek.eu\/wp-content\/uploads\/2020\/06\/O-E-Gutherz-Terrine-4-300x215.jpg 300w, http:\/\/museumek.eu\/wp-content\/uploads\/2020\/06\/O-E-Gutherz-Terrine-4-150x107.jpg 150w, http:\/\/museumek.eu\/wp-content\/uploads\/2020\/06\/O-E-Gutherz-Terrine-4-417x300.jpg 417w, http:\/\/museumek.eu\/wp-content\/uploads\/2020\/06\/O-E-Gutherz-Terrine-4.jpg 640w\" sizes=\"(max-width: 300px) 100vw, 300px\" \/><\/a><\/p>\n<p><a href=\"http:\/\/museumek.eu\/?attachment_id=53555\" rel=\"attachment wp-att-53555\"><img loading=\"lazy\" src=\"http:\/\/museumek.eu\/wp-content\/uploads\/2020\/06\/O-E-Gutherz-Terrine-5-300x260.jpg\" alt=\"\" title=\"O &amp; E Gutherz Terrine 5\" width=\"300\" height=\"260\" class=\"alignnone size-medium wp-image-53555\" srcset=\"http:\/\/museumek.eu\/wp-content\/uploads\/2020\/06\/O-E-Gutherz-Terrine-5-300x260.jpg 300w, http:\/\/museumek.eu\/wp-content\/uploads\/2020\/06\/O-E-Gutherz-Terrine-5-150x130.jpg 150w, http:\/\/museumek.eu\/wp-content\/uploads\/2020\/06\/O-E-Gutherz-Terrine-5-345x300.jpg 345w, http:\/\/museumek.eu\/wp-content\/uploads\/2020\/06\/O-E-Gutherz-Terrine-5.jpg 553w\" sizes=\"(max-width: 300px) 100vw, 300px\" \/><\/a><\/p>\n<p><a href=\"http:\/\/museumek.eu\/?attachment_id=53556\" rel=\"attachment wp-att-53556\"><img loading=\"lazy\" src=\"http:\/\/museumek.eu\/wp-content\/uploads\/2020\/06\/O-E-Gutherz-Terrine-6-300x240.jpg\" alt=\"\" title=\"O &amp; E Gutherz Terrine 6\" width=\"300\" height=\"240\" class=\"alignnone size-medium wp-image-53556\" srcset=\"http:\/\/museumek.eu\/wp-content\/uploads\/2020\/06\/O-E-Gutherz-Terrine-6-300x240.jpg 300w, http:\/\/museumek.eu\/wp-content\/uploads\/2020\/06\/O-E-Gutherz-Terrine-6-150x120.jpg 150w, http:\/\/museumek.eu\/wp-content\/uploads\/2020\/06\/O-E-Gutherz-Terrine-6-374x300.jpg 374w, http:\/\/museumek.eu\/wp-content\/uploads\/2020\/06\/O-E-Gutherz-Terrine-6.jpg 599w\" sizes=\"(max-width: 300px) 100vw, 300px\" \/><\/a><\/p>\n<p><a href=\"http:\/\/museumek.eu\/?attachment_id=53557\" rel=\"attachment wp-att-53557\"><img loading=\"lazy\" src=\"http:\/\/museumek.eu\/wp-content\/uploads\/2020\/06\/O-E-Gutherz-Terrine-7-300x288.jpg\" alt=\"\" title=\"O &amp; E Gutherz Terrine 7\" width=\"300\" height=\"288\" class=\"alignnone size-medium wp-image-53557\" srcset=\"http:\/\/museumek.eu\/wp-content\/uploads\/2020\/06\/O-E-Gutherz-Terrine-7-300x288.jpg 300w, http:\/\/museumek.eu\/wp-content\/uploads\/2020\/06\/O-E-Gutherz-Terrine-7-150x144.jpg 150w, http:\/\/museumek.eu\/wp-content\/uploads\/2020\/06\/O-E-Gutherz-Terrine-7-312x300.jpg 312w, http:\/\/museumek.eu\/wp-content\/uploads\/2020\/06\/O-E-Gutherz-Terrine-7.jpg 500w\" sizes=\"(max-width: 300px) 100vw, 300px\" \/><\/a><\/p>\n<p><a href=\"http:\/\/museumek.eu\/?attachment_id=53558\" rel=\"attachment wp-att-53558\"><img loading=\"lazy\" src=\"http:\/\/museumek.eu\/wp-content\/uploads\/2020\/06\/O-E-Gutherz-Terrine-8-300x300.jpg\" alt=\"\" title=\"O &amp; E Gutherz Terrine 8\" width=\"300\" height=\"300\" class=\"alignnone size-medium wp-image-53558\" srcset=\"http:\/\/museumek.eu\/wp-content\/uploads\/2020\/06\/O-E-Gutherz-Terrine-8-300x300.jpg 300w, http:\/\/museumek.eu\/wp-content\/uploads\/2020\/06\/O-E-Gutherz-Terrine-8-150x150.jpg 150w, http:\/\/museumek.eu\/wp-content\/uploads\/2020\/06\/O-E-Gutherz-Terrine-8-299x300.jpg 299w, http:\/\/museumek.eu\/wp-content\/uploads\/2020\/06\/O-E-Gutherz-Terrine-8.jpg 480w\" sizes=\"(max-width: 300px) 100vw, 300px\" \/><\/a><\/p>\n<p><a href=\"http:\/\/museumek.eu\/?attachment_id=53559\" rel=\"attachment wp-att-53559\"><img loading=\"lazy\" src=\"http:\/\/museumek.eu\/wp-content\/uploads\/2020\/06\/O-E-Gutherz-Terrine-9-300x258.jpg\" alt=\"\" title=\"O &amp; E Gutherz Terrine 9\" width=\"300\" height=\"258\" class=\"alignnone size-medium wp-image-53559\" srcset=\"http:\/\/museumek.eu\/wp-content\/uploads\/2020\/06\/O-E-Gutherz-Terrine-9-300x258.jpg 300w, http:\/\/museumek.eu\/wp-content\/uploads\/2020\/06\/O-E-Gutherz-Terrine-9-150x129.jpg 150w, http:\/\/museumek.eu\/wp-content\/uploads\/2020\/06\/O-E-Gutherz-Terrine-9-348x300.jpg 348w, http:\/\/museumek.eu\/wp-content\/uploads\/2020\/06\/O-E-Gutherz-Terrine-9.jpg 558w\" sizes=\"(max-width: 300px) 100vw, 300px\" \/><\/a><\/p>\n<p><a href=\"http:\/\/museumek.eu\/?attachment_id=53560\" rel=\"attachment wp-att-53560\"><img loading=\"lazy\" src=\"http:\/\/museumek.eu\/wp-content\/uploads\/2020\/06\/O-E-Gutherz-Terrine-10-300x291.jpg\" alt=\"\" title=\"O &amp; E Gutherz Terrine 10\" width=\"300\" height=\"291\" class=\"alignnone size-medium wp-image-53560\" srcset=\"http:\/\/museumek.eu\/wp-content\/uploads\/2020\/06\/O-E-Gutherz-Terrine-10-300x291.jpg 300w, http:\/\/museumek.eu\/wp-content\/uploads\/2020\/06\/O-E-Gutherz-Terrine-10-150x145.jpg 150w, http:\/\/museumek.eu\/wp-content\/uploads\/2020\/06\/O-E-Gutherz-Terrine-10-308x300.jpg 308w, http:\/\/museumek.eu\/wp-content\/uploads\/2020\/06\/O-E-Gutherz-Terrine-10.jpg 494w\" sizes=\"(max-width: 300px) 100vw, 300px\" \/><\/a><\/p>\n","protected":false},"excerpt":{"rendered":"<p>Abteilung Austria, Keramik 1860 \u2013 1960, Inventarnummer A\/LV\/4 Porzellanfabrik Oscar &#038; Edgar Gutherz, vormals Porzellanmalerei und Porzellanwarenhandel Marx &#038; Gutherz, Austria, Alt Rohlau, um 1920, Terrine, K\u00fcnstler unbekannt, Werks.-Nr. ohne, Exemplar Nr. ohne, gemarkt Firmenmarke mit Epiag (f\u00fcr Erste B\u00f6hmische &hellip; <a href=\"http:\/\/museumek.eu\/?page_id=53583\">Weiterlesen <span class=\"meta-nav\">&rarr;<\/span><\/a><\/p>\n","protected":false},"author":1,"featured_media":0,"parent":47188,"menu_order":4,"comment_status":"closed","ping_status":"open","template":"","meta":[],"_links":{"self":[{"href":"http:\/\/museumek.eu\/index.php?rest_route=\/wp\/v2\/pages\/53583"}],"collection":[{"href":"http:\/\/museumek.eu\/index.php?rest_route=\/wp\/v2\/pages"}],"about":[{"href":"http:\/\/museumek.eu\/index.php?rest_route=\/wp\/v2\/types\/page"}],"author":[{"embeddable":true,"href":"http:\/\/museumek.eu\/index.php?rest_route=\/wp\/v2\/users\/1"}],"replies":[{"embeddable":true,"href":"http:\/\/museumek.eu\/index.php?rest_route=%2Fwp%2Fv2%2Fcomments&post=53583"}],"version-history":[{"count":4,"href":"http:\/\/museumek.eu\/index.php?rest_route=\/wp\/v2\/pages\/53583\/revisions"}],"predecessor-version":[{"id":53650,"href":"http:\/\/museumek.eu\/index.php?rest_route=\/wp\/v2\/pages\/53583\/revisions\/53650"}],"up":[{"embeddable":true,"href":"http:\/\/museumek.eu\/index.php?rest_route=\/wp\/v2\/pages\/47188"}],"wp:attachment":[{"href":"http:\/\/museumek.eu\/index.php?rest_route=%2Fwp%2Fv2%2Fmedia&parent=53583"}],"curies":[{"name":"wp","href":"https:\/\/api.w.org\/{rel}","templated":true}]}}