{"id":5378,"date":"2011-09-30T00:26:30","date_gmt":"2011-09-29T22:26:30","guid":{"rendered":"http:\/\/museumek.eu\/?page_id=5378"},"modified":"2013-07-23T20:39:28","modified_gmt":"2013-07-23T18:39:28","slug":"fi3","status":"publish","type":"page","link":"http:\/\/museumek.eu\/?page_id=5378","title":{"rendered":"F\/I\/1"},"content":{"rendered":"<p><strong>Abteilung Frankreich, Keramik 1860 \u2013 1960, Inventarnummer F\/I\/1<\/strong><\/p>\n<p>Manufacture Nationale de S\u00e8vres, Frankreich, S\u00e8vres, vor 1900, Vase, K\u00fcnstler unbekannt, Werks.-Nr. ohne, Exemplar Nr. ohne, gemarkt Firmenmarke mit zwei gespiegelten und ineinander gestellten L, darin St, dar\u00fcber AU sowie darunter Sevres blau unter Glasur gemalt, France rotbraun unter Glasur gemalt sowie schwarzer Farbpunkt mit ungedeuteter Goldmalerei auf Glasur gemalt, nicht signiert, das MEK nimmt f\u00fcr die Staatsmanufaktur keine Fabrikbeschreibung vor und verweist auf die umfangreiche Literatur zur Historie der Fabrik, z. B. Literatur: Br\u00f6han Museum, Bestandskatalog Bd. V.2, Porzellan, Kunst und Design 1889 bis 1939, Vom Jugendstil zum Funktionalismus, Seite 327, Beschreibungen der Fabrik, Handgemalt sowie Gold geh\u00f6ht, H\u00f6he 9 cm, Breite 8 cm<\/p>\n<p><a href=\"http:\/\/museumek.eu\/wp-content\/uploads\/2011\/09\/Museum-Europ\u00e4ischer-Keramikkunst-1078.jpg\"><img loading=\"lazy\" src=\"http:\/\/museumek.eu\/wp-content\/uploads\/2011\/09\/Museum-Europ\u00e4ischer-Keramikkunst-1078-258x300.jpg\" alt=\"\" title=\"Museum Europ\u00e4ischer Keramikkunst 1078\" width=\"258\" height=\"300\" class=\"alignnone size-medium wp-image-5379\" srcset=\"http:\/\/museumek.eu\/wp-content\/uploads\/2011\/09\/Museum-Europ\u00e4ischer-Keramikkunst-1078-258x300.jpg 258w, http:\/\/museumek.eu\/wp-content\/uploads\/2011\/09\/Museum-Europ\u00e4ischer-Keramikkunst-1078.jpg 600w\" sizes=\"(max-width: 258px) 100vw, 258px\" \/><\/a><\/p>\n<p><a href=\"http:\/\/museumek.eu\/wp-content\/uploads\/2011\/09\/Museum-Europ\u00e4ischer-Keramikkunst-1079.jpg\"><img loading=\"lazy\" src=\"http:\/\/museumek.eu\/wp-content\/uploads\/2011\/09\/Museum-Europ\u00e4ischer-Keramikkunst-1079-238x300.jpg\" alt=\"\" title=\"Museum Europ\u00e4ischer Keramikkunst 1079\" width=\"238\" height=\"300\" class=\"alignnone size-medium wp-image-5380\" srcset=\"http:\/\/museumek.eu\/wp-content\/uploads\/2011\/09\/Museum-Europ\u00e4ischer-Keramikkunst-1079-238x300.jpg 238w, http:\/\/museumek.eu\/wp-content\/uploads\/2011\/09\/Museum-Europ\u00e4ischer-Keramikkunst-1079.jpg 529w\" sizes=\"(max-width: 238px) 100vw, 238px\" \/><\/a><\/p>\n<p><a href=\"http:\/\/museumek.eu\/wp-content\/uploads\/2011\/09\/Museum-Europ\u00e4ischer-Keramikkunst-1080.jpg\"><img loading=\"lazy\" src=\"http:\/\/museumek.eu\/wp-content\/uploads\/2011\/09\/Museum-Europ\u00e4ischer-Keramikkunst-1080-300x221.jpg\" alt=\"\" title=\"Museum Europ\u00e4ischer Keramikkunst 1080\" width=\"300\" height=\"221\" class=\"alignnone size-medium wp-image-5381\" srcset=\"http:\/\/museumek.eu\/wp-content\/uploads\/2011\/09\/Museum-Europ\u00e4ischer-Keramikkunst-1080-300x221.jpg 300w, http:\/\/museumek.eu\/wp-content\/uploads\/2011\/09\/Museum-Europ\u00e4ischer-Keramikkunst-1080-406x300.jpg 406w, http:\/\/museumek.eu\/wp-content\/uploads\/2011\/09\/Museum-Europ\u00e4ischer-Keramikkunst-1080.jpg 760w\" sizes=\"(max-width: 300px) 100vw, 300px\" \/><\/a><\/p>\n","protected":false},"excerpt":{"rendered":"<p>Abteilung Frankreich, Keramik 1860 \u2013 1960, Inventarnummer F\/I\/1 Manufacture Nationale de S\u00e8vres, Frankreich, S\u00e8vres, vor 1900, Vase, K\u00fcnstler unbekannt, Werks.-Nr. ohne, Exemplar Nr. ohne, gemarkt Firmenmarke mit zwei gespiegelten und ineinander gestellten L, darin St, dar\u00fcber AU sowie darunter Sevres &hellip; <a href=\"http:\/\/museumek.eu\/?page_id=5378\">Weiterlesen <span class=\"meta-nav\">&rarr;<\/span><\/a><\/p>\n","protected":false},"author":1,"featured_media":0,"parent":2213,"menu_order":1,"comment_status":"closed","ping_status":"closed","template":"","meta":[],"_links":{"self":[{"href":"http:\/\/museumek.eu\/index.php?rest_route=\/wp\/v2\/pages\/5378"}],"collection":[{"href":"http:\/\/museumek.eu\/index.php?rest_route=\/wp\/v2\/pages"}],"about":[{"href":"http:\/\/museumek.eu\/index.php?rest_route=\/wp\/v2\/types\/page"}],"author":[{"embeddable":true,"href":"http:\/\/museumek.eu\/index.php?rest_route=\/wp\/v2\/users\/1"}],"replies":[{"embeddable":true,"href":"http:\/\/museumek.eu\/index.php?rest_route=%2Fwp%2Fv2%2Fcomments&post=5378"}],"version-history":[{"count":7,"href":"http:\/\/museumek.eu\/index.php?rest_route=\/wp\/v2\/pages\/5378\/revisions"}],"predecessor-version":[{"id":25425,"href":"http:\/\/museumek.eu\/index.php?rest_route=\/wp\/v2\/pages\/5378\/revisions\/25425"}],"up":[{"embeddable":true,"href":"http:\/\/museumek.eu\/index.php?rest_route=\/wp\/v2\/pages\/2213"}],"wp:attachment":[{"href":"http:\/\/museumek.eu\/index.php?rest_route=%2Fwp%2Fv2%2Fmedia&parent=5378"}],"curies":[{"name":"wp","href":"https:\/\/api.w.org\/{rel}","templated":true}]}}