{"id":53850,"date":"2021-03-06T15:30:22","date_gmt":"2021-03-06T14:30:22","guid":{"rendered":"http:\/\/museumek.eu\/?page_id=53850"},"modified":"2021-03-06T17:17:08","modified_gmt":"2021-03-06T16:17:08","slug":"fotos-und-beschreibung","status":"publish","type":"page","link":"http:\/\/museumek.eu\/?page_id=53850","title":{"rendered":"Fotos und Beschreibung"},"content":{"rendered":"<p><strong>Abteilung Deutschland, Keramik 1860 \u2013 1960, Inventarnummer D\/CXLXXXV\/1<\/strong><\/p>\n<p>Porzellanfabrik Heinrich &#038; Co., Deutschland, Selb, 1905 &#8211; 1910, Teller mit streng geometrischem Jugendstil Dekor, K\u00fcnstler unbekannt, Werks.-Nr. ohne, Exemplar Nr. ohne, gemarkt Firmenmarke unter einer Krone zwei nach unten zeigende gekreuzte Degen, mittig links H (f\u00fcr Heinrich), mittig rechts Co, unten Selb, gr\u00fcner Stempel unter Glasur, nicht signiert, Literatur: Ludwig Danckert, Handbuch des Europ\u00e4ischen Porzellans, 7. Auflage, Seite 643, dort kurze Beschreibung der Fabrik sowie Abbildung Marke 3 identisch, weitere Literatur: Otto Pelka, Markentafel IX, Markenkasten Selb, dort identische Marke abgebildet, weitere Literatur: Robert E. R\u00f6ntgen, Deutsche Porzellanmarken von 1710 bis heute (Ausgabe Jahr 2000), Seite 308, dort sehr kurze Beschreibung der Fabrik sowie Seite 309, Marke 2414 identisch (dort f\u00fcr die Zeit 1905 &#8211; ca. 1911), weitere Literatur: Emanuel Poche, Porzellan-Marken aus aller Welt, Marke 1525 identisch (dort g\u00fcltig f\u00fcr die Zeit 1911 als gedruckte Marke), weiter Literatur: Dieter Z\u00fchlsdorff, Markenlexikon, Band 1, Porzellan und Keramik Report 1885 &#8211; 1935, Seite 38, Werk-Teil 1., Gruppennummer des Werkteils 1., laufende Nummer innerhalb der Gruppe 528, identische Marke (dort g\u00fcltig f\u00fcr die Zeit 1905 &#8211; bis nach 1910) sowie Seite 609, Werk-Teil 3., laufende Nummer des Werkteils 1173, dort kurze Beschreibung der Fabrik, weitere Literatur: Gustav Wei\u00df, Ullstein Porzellanbuch, Seite 302, Marke 11 identisch, Franz Heinrich gr\u00fcndete 1896 im elterlichen Haus in Selb in der Marienstr. eine Porzellanmalerei, ab 1900\/1901 produzierte er selbst Porzellan, die von ihm errichtete Fabrik befand sich in der Vielitzer Str. 26, Firmierung ab da Porzellanfabrik Heinrich &#038; Co., ab 1910 ist Ernst Adler Teilhaber, Fig\u00fcrliche Entw\u00fcrfe von Prof. Fritz Klee, der zu dieser Zeit Direktor der Fachschule f\u00fcr Porzellan in Selb war, Heinrich verstarb am 04.03.1928, 1929 wurde die Fabrik von der benachbarten Porzellanfabrik Gr\u00e4f &#038; Krippner in Selb \u00fcbernommen, Durchmesser 19,2 cm<\/p>\n<p><a href=\"http:\/\/museumek.eu\/?attachment_id=53853\" rel=\"attachment wp-att-53853\"><img loading=\"lazy\" src=\"http:\/\/museumek.eu\/wp-content\/uploads\/2021\/03\/Heinrich-Co.-Jugendstil-Teller-1-292x300.jpg\" alt=\"\" title=\"Heinrich &amp; Co. Jugendstil Teller 1\" width=\"292\" height=\"300\" class=\"alignnone size-medium wp-image-53853\" srcset=\"http:\/\/museumek.eu\/wp-content\/uploads\/2021\/03\/Heinrich-Co.-Jugendstil-Teller-1-292x300.jpg 292w, http:\/\/museumek.eu\/wp-content\/uploads\/2021\/03\/Heinrich-Co.-Jugendstil-Teller-1-146x150.jpg 146w, http:\/\/museumek.eu\/wp-content\/uploads\/2021\/03\/Heinrich-Co.-Jugendstil-Teller-1.jpg 480w\" sizes=\"(max-width: 292px) 100vw, 292px\" \/><\/a><\/p>\n<p><a href=\"http:\/\/museumek.eu\/?attachment_id=53854\" rel=\"attachment wp-att-53854\"><img loading=\"lazy\" src=\"http:\/\/museumek.eu\/wp-content\/uploads\/2021\/03\/Heinrich-Co.-Jugendstil-Teller-2-300x235.jpg\" alt=\"\" title=\"Heinrich &amp; Co. Jugendstil Teller 2\" width=\"300\" height=\"235\" class=\"alignnone size-medium wp-image-53854\" srcset=\"http:\/\/museumek.eu\/wp-content\/uploads\/2021\/03\/Heinrich-Co.-Jugendstil-Teller-2-300x235.jpg 300w, http:\/\/museumek.eu\/wp-content\/uploads\/2021\/03\/Heinrich-Co.-Jugendstil-Teller-2-150x117.jpg 150w, http:\/\/museumek.eu\/wp-content\/uploads\/2021\/03\/Heinrich-Co.-Jugendstil-Teller-2-382x300.jpg 382w, http:\/\/museumek.eu\/wp-content\/uploads\/2021\/03\/Heinrich-Co.-Jugendstil-Teller-2.jpg 612w\" sizes=\"(max-width: 300px) 100vw, 300px\" \/><\/a><\/p>\n<p><a href=\"http:\/\/museumek.eu\/?attachment_id=53855\" rel=\"attachment wp-att-53855\"><img loading=\"lazy\" src=\"http:\/\/museumek.eu\/wp-content\/uploads\/2021\/03\/Heinrich-Co.-Jugendstil-Teller-3-298x300.jpg\" alt=\"\" title=\"Heinrich &amp; Co. Jugendstil Teller 3\" width=\"298\" height=\"300\" class=\"alignnone size-medium wp-image-53855\" srcset=\"http:\/\/museumek.eu\/wp-content\/uploads\/2021\/03\/Heinrich-Co.-Jugendstil-Teller-3-298x300.jpg 298w, http:\/\/museumek.eu\/wp-content\/uploads\/2021\/03\/Heinrich-Co.-Jugendstil-Teller-3-150x150.jpg 150w, http:\/\/museumek.eu\/wp-content\/uploads\/2021\/03\/Heinrich-Co.-Jugendstil-Teller-3.jpg 480w\" sizes=\"(max-width: 298px) 100vw, 298px\" \/><\/a><\/p>\n<p><a href=\"http:\/\/museumek.eu\/?attachment_id=53856\" rel=\"attachment wp-att-53856\"><img loading=\"lazy\" src=\"http:\/\/museumek.eu\/wp-content\/uploads\/2021\/03\/Heinrich-Co.-Jugendstil-Teller-4-280x300.jpg\" alt=\"\" title=\"Heinrich &amp; Co. Jugendstil Teller 4\" width=\"280\" height=\"300\" class=\"alignnone size-medium wp-image-53856\" srcset=\"http:\/\/museumek.eu\/wp-content\/uploads\/2021\/03\/Heinrich-Co.-Jugendstil-Teller-4-280x300.jpg 280w, http:\/\/museumek.eu\/wp-content\/uploads\/2021\/03\/Heinrich-Co.-Jugendstil-Teller-4-140x150.jpg 140w, http:\/\/museumek.eu\/wp-content\/uploads\/2021\/03\/Heinrich-Co.-Jugendstil-Teller-4.jpg 480w\" sizes=\"(max-width: 280px) 100vw, 280px\" \/><\/a><\/p>\n","protected":false},"excerpt":{"rendered":"<p>Abteilung Deutschland, Keramik 1860 \u2013 1960, Inventarnummer D\/CXLXXXV\/1 Porzellanfabrik Heinrich &#038; Co., Deutschland, Selb, 1905 &#8211; 1910, Teller mit streng geometrischem Jugendstil Dekor, K\u00fcnstler unbekannt, Werks.-Nr. ohne, Exemplar Nr. ohne, gemarkt Firmenmarke unter einer Krone zwei nach unten zeigende gekreuzte &hellip; <a href=\"http:\/\/museumek.eu\/?page_id=53850\">Weiterlesen <span class=\"meta-nav\">&rarr;<\/span><\/a><\/p>\n","protected":false},"author":1,"featured_media":0,"parent":53848,"menu_order":1,"comment_status":"closed","ping_status":"open","template":"","meta":[],"_links":{"self":[{"href":"http:\/\/museumek.eu\/index.php?rest_route=\/wp\/v2\/pages\/53850"}],"collection":[{"href":"http:\/\/museumek.eu\/index.php?rest_route=\/wp\/v2\/pages"}],"about":[{"href":"http:\/\/museumek.eu\/index.php?rest_route=\/wp\/v2\/types\/page"}],"author":[{"embeddable":true,"href":"http:\/\/museumek.eu\/index.php?rest_route=\/wp\/v2\/users\/1"}],"replies":[{"embeddable":true,"href":"http:\/\/museumek.eu\/index.php?rest_route=%2Fwp%2Fv2%2Fcomments&post=53850"}],"version-history":[{"count":12,"href":"http:\/\/museumek.eu\/index.php?rest_route=\/wp\/v2\/pages\/53850\/revisions"}],"predecessor-version":[{"id":53867,"href":"http:\/\/museumek.eu\/index.php?rest_route=\/wp\/v2\/pages\/53850\/revisions\/53867"}],"up":[{"embeddable":true,"href":"http:\/\/museumek.eu\/index.php?rest_route=\/wp\/v2\/pages\/53848"}],"wp:attachment":[{"href":"http:\/\/museumek.eu\/index.php?rest_route=%2Fwp%2Fv2%2Fmedia&parent=53850"}],"curies":[{"name":"wp","href":"https:\/\/api.w.org\/{rel}","templated":true}]}}