{"id":53902,"date":"2021-03-06T18:36:16","date_gmt":"2021-03-06T17:36:16","guid":{"rendered":"http:\/\/museumek.eu\/?page_id=53902"},"modified":"2021-03-06T18:36:16","modified_gmt":"2021-03-06T17:36:16","slug":"oz46","status":"publish","type":"page","link":"http:\/\/museumek.eu\/?page_id=53902","title":{"rendered":"OZ\/46"},"content":{"rendered":"<p><strong>Abteilung Ohne Zuordnung, Keramik 1860 \u2013 1960, Inventarnummer OZ\/46<\/strong><\/p>\n<p>Vase mit Trauben, um 1900, Werksnummer 5141, gemarkt keine Firmenmarke aber Ges. Gesch (f\u00fcr gesetzlich gesch\u00fctzt), D\u00e9pose (dr\u00fcckt wohl auch gesch\u00fctzt aus) sowie 5141 alles geritzt, nicht signiert, Bisquitporzellan wohl aus dem deutschsprachigem Raum, H\u00f6he 19,5 cm, Breite 10 cm<\/p>\n<p><a href=\"http:\/\/museumek.eu\/?attachment_id=53886\" rel=\"attachment wp-att-53886\"><img loading=\"lazy\" src=\"http:\/\/museumek.eu\/wp-content\/uploads\/2011\/09\/Bisquit-Vase-mit-Trauben-unbekannt-1-182x300.jpg\" alt=\"\" title=\"Bisquit Vase mit Trauben unbekannt 1\" width=\"182\" height=\"300\" class=\"alignnone size-medium wp-image-53886\" srcset=\"http:\/\/museumek.eu\/wp-content\/uploads\/2011\/09\/Bisquit-Vase-mit-Trauben-unbekannt-1-182x300.jpg 182w, http:\/\/museumek.eu\/wp-content\/uploads\/2011\/09\/Bisquit-Vase-mit-Trauben-unbekannt-1-91x150.jpg 91w, http:\/\/museumek.eu\/wp-content\/uploads\/2011\/09\/Bisquit-Vase-mit-Trauben-unbekannt-1.jpg 390w\" sizes=\"(max-width: 182px) 100vw, 182px\" \/><\/a><\/p>\n<p><a href=\"http:\/\/museumek.eu\/?attachment_id=53887\" rel=\"attachment wp-att-53887\"><img loading=\"lazy\" src=\"http:\/\/museumek.eu\/wp-content\/uploads\/2011\/09\/Bisquit-Vase-mit-Trauben-unbekannt-2-115x300.jpg\" alt=\"\" title=\"Bisquit Vase mit Trauben unbekannt 2\" width=\"115\" height=\"300\" class=\"alignnone size-medium wp-image-53887\" srcset=\"http:\/\/museumek.eu\/wp-content\/uploads\/2011\/09\/Bisquit-Vase-mit-Trauben-unbekannt-2-115x300.jpg 115w, http:\/\/museumek.eu\/wp-content\/uploads\/2011\/09\/Bisquit-Vase-mit-Trauben-unbekannt-2-57x150.jpg 57w\" sizes=\"(max-width: 115px) 100vw, 115px\" \/><\/a><\/p>\n<p><a href=\"http:\/\/museumek.eu\/?attachment_id=53888\" rel=\"attachment wp-att-53888\"><img loading=\"lazy\" src=\"http:\/\/museumek.eu\/wp-content\/uploads\/2011\/09\/Bisquit-Vase-mit-Trauben-unbekannt-3-114x300.jpg\" alt=\"\" title=\"Bisquit Vase mit Trauben unbekannt 3\" width=\"114\" height=\"300\" class=\"alignnone size-medium wp-image-53888\" srcset=\"http:\/\/museumek.eu\/wp-content\/uploads\/2011\/09\/Bisquit-Vase-mit-Trauben-unbekannt-3-114x300.jpg 114w, http:\/\/museumek.eu\/wp-content\/uploads\/2011\/09\/Bisquit-Vase-mit-Trauben-unbekannt-3-57x150.jpg 57w\" sizes=\"(max-width: 114px) 100vw, 114px\" \/><\/a><\/p>\n<p><a href=\"http:\/\/museumek.eu\/?attachment_id=53889\" rel=\"attachment wp-att-53889\"><img loading=\"lazy\" src=\"http:\/\/museumek.eu\/wp-content\/uploads\/2011\/09\/Bisquit-Vase-mit-Trauben-unbekannt-4-162x300.jpg\" alt=\"\" title=\"Bisquit Vase mit Trauben unbekannt 4\" width=\"162\" height=\"300\" class=\"alignnone size-medium wp-image-53889\" srcset=\"http:\/\/museumek.eu\/wp-content\/uploads\/2011\/09\/Bisquit-Vase-mit-Trauben-unbekannt-4-162x300.jpg 162w, http:\/\/museumek.eu\/wp-content\/uploads\/2011\/09\/Bisquit-Vase-mit-Trauben-unbekannt-4-81x150.jpg 81w, http:\/\/museumek.eu\/wp-content\/uploads\/2011\/09\/Bisquit-Vase-mit-Trauben-unbekannt-4.jpg 347w\" sizes=\"(max-width: 162px) 100vw, 162px\" \/><\/a><\/p>\n<p><a href=\"http:\/\/museumek.eu\/?attachment_id=53890\" rel=\"attachment wp-att-53890\"><img loading=\"lazy\" src=\"http:\/\/museumek.eu\/wp-content\/uploads\/2011\/09\/Bisquit-Vase-mit-Trauben-unbekannt-5-300x300.jpg\" alt=\"\" title=\"Bisquit Vase mit Trauben unbekannt 5\" width=\"300\" height=\"300\" class=\"alignnone size-medium wp-image-53890\" srcset=\"http:\/\/museumek.eu\/wp-content\/uploads\/2011\/09\/Bisquit-Vase-mit-Trauben-unbekannt-5-300x300.jpg 300w, http:\/\/museumek.eu\/wp-content\/uploads\/2011\/09\/Bisquit-Vase-mit-Trauben-unbekannt-5-150x150.jpg 150w, http:\/\/museumek.eu\/wp-content\/uploads\/2011\/09\/Bisquit-Vase-mit-Trauben-unbekannt-5-299x300.jpg 299w, http:\/\/museumek.eu\/wp-content\/uploads\/2011\/09\/Bisquit-Vase-mit-Trauben-unbekannt-5.jpg 480w\" sizes=\"(max-width: 300px) 100vw, 300px\" \/><\/a><\/p>\n<p><a href=\"http:\/\/museumek.eu\/?attachment_id=53891\" rel=\"attachment wp-att-53891\"><img loading=\"lazy\" src=\"http:\/\/museumek.eu\/wp-content\/uploads\/2011\/09\/Bisquit-Vase-mit-Trauben-unbekannt-6-168x300.jpg\" alt=\"\" title=\"Bisquit Vase mit Trauben unbekannt 6\" width=\"168\" height=\"300\" class=\"alignnone size-medium wp-image-53891\" srcset=\"http:\/\/museumek.eu\/wp-content\/uploads\/2011\/09\/Bisquit-Vase-mit-Trauben-unbekannt-6-168x300.jpg 168w, http:\/\/museumek.eu\/wp-content\/uploads\/2011\/09\/Bisquit-Vase-mit-Trauben-unbekannt-6-84x150.jpg 84w, http:\/\/museumek.eu\/wp-content\/uploads\/2011\/09\/Bisquit-Vase-mit-Trauben-unbekannt-6.jpg 359w\" sizes=\"(max-width: 168px) 100vw, 168px\" \/><\/a><\/p>\n<p><a href=\"http:\/\/museumek.eu\/?attachment_id=53892\" rel=\"attachment wp-att-53892\"><img loading=\"lazy\" src=\"http:\/\/museumek.eu\/wp-content\/uploads\/2011\/09\/Bisquit-Vase-mit-Trauben-unbekannt-7-300x78.jpg\" alt=\"\" title=\"Bisquit Vase mit Trauben unbekannt 7\" width=\"300\" height=\"78\" class=\"alignnone size-medium wp-image-53892\" srcset=\"http:\/\/museumek.eu\/wp-content\/uploads\/2011\/09\/Bisquit-Vase-mit-Trauben-unbekannt-7-300x78.jpg 300w, http:\/\/museumek.eu\/wp-content\/uploads\/2011\/09\/Bisquit-Vase-mit-Trauben-unbekannt-7-150x39.jpg 150w, http:\/\/museumek.eu\/wp-content\/uploads\/2011\/09\/Bisquit-Vase-mit-Trauben-unbekannt-7-500x131.jpg 500w, http:\/\/museumek.eu\/wp-content\/uploads\/2011\/09\/Bisquit-Vase-mit-Trauben-unbekannt-7.jpg 640w\" sizes=\"(max-width: 300px) 100vw, 300px\" \/><\/a><\/p>\n<p><a href=\"http:\/\/museumek.eu\/?attachment_id=53893\" rel=\"attachment wp-att-53893\"><img loading=\"lazy\" src=\"http:\/\/museumek.eu\/wp-content\/uploads\/2011\/09\/Bisquit-Vase-mit-Trauben-unbekannt-8-300x128.jpg\" alt=\"\" title=\"Bisquit Vase mit Trauben unbekannt 8\" width=\"300\" height=\"128\" class=\"alignnone size-medium wp-image-53893\" srcset=\"http:\/\/museumek.eu\/wp-content\/uploads\/2011\/09\/Bisquit-Vase-mit-Trauben-unbekannt-8-300x128.jpg 300w, http:\/\/museumek.eu\/wp-content\/uploads\/2011\/09\/Bisquit-Vase-mit-Trauben-unbekannt-8-150x64.jpg 150w, http:\/\/museumek.eu\/wp-content\/uploads\/2011\/09\/Bisquit-Vase-mit-Trauben-unbekannt-8-500x213.jpg 500w, http:\/\/museumek.eu\/wp-content\/uploads\/2011\/09\/Bisquit-Vase-mit-Trauben-unbekannt-8.jpg 515w\" sizes=\"(max-width: 300px) 100vw, 300px\" \/><\/a><\/p>\n","protected":false},"excerpt":{"rendered":"<p>Abteilung Ohne Zuordnung, Keramik 1860 \u2013 1960, Inventarnummer OZ\/46 Vase mit Trauben, um 1900, Werksnummer 5141, gemarkt keine Firmenmarke aber Ges. Gesch (f\u00fcr gesetzlich gesch\u00fctzt), D\u00e9pose (dr\u00fcckt wohl auch gesch\u00fctzt aus) sowie 5141 alles geritzt, nicht signiert, Bisquitporzellan wohl aus &hellip; <a href=\"http:\/\/museumek.eu\/?page_id=53902\">Weiterlesen <span class=\"meta-nav\">&rarr;<\/span><\/a><\/p>\n","protected":false},"author":1,"featured_media":0,"parent":49075,"menu_order":46,"comment_status":"closed","ping_status":"open","template":"","meta":[],"_links":{"self":[{"href":"http:\/\/museumek.eu\/index.php?rest_route=\/wp\/v2\/pages\/53902"}],"collection":[{"href":"http:\/\/museumek.eu\/index.php?rest_route=\/wp\/v2\/pages"}],"about":[{"href":"http:\/\/museumek.eu\/index.php?rest_route=\/wp\/v2\/types\/page"}],"author":[{"embeddable":true,"href":"http:\/\/museumek.eu\/index.php?rest_route=\/wp\/v2\/users\/1"}],"replies":[{"embeddable":true,"href":"http:\/\/museumek.eu\/index.php?rest_route=%2Fwp%2Fv2%2Fcomments&post=53902"}],"version-history":[{"count":2,"href":"http:\/\/museumek.eu\/index.php?rest_route=\/wp\/v2\/pages\/53902\/revisions"}],"predecessor-version":[{"id":53904,"href":"http:\/\/museumek.eu\/index.php?rest_route=\/wp\/v2\/pages\/53902\/revisions\/53904"}],"up":[{"embeddable":true,"href":"http:\/\/museumek.eu\/index.php?rest_route=\/wp\/v2\/pages\/49075"}],"wp:attachment":[{"href":"http:\/\/museumek.eu\/index.php?rest_route=%2Fwp%2Fv2%2Fmedia&parent=53902"}],"curies":[{"name":"wp","href":"https:\/\/api.w.org\/{rel}","templated":true}]}}