{"id":54673,"date":"2021-03-20T16:38:14","date_gmt":"2021-03-20T15:38:14","guid":{"rendered":"http:\/\/museumek.eu\/?page_id=54673"},"modified":"2021-03-20T16:38:14","modified_gmt":"2021-03-20T15:38:14","slug":"alxvi2","status":"publish","type":"page","link":"http:\/\/museumek.eu\/?page_id=54673","title":{"rendered":"A\/LXVI\/2"},"content":{"rendered":"<p><strong>Abteilung Austria, Keramik 1860 \u2013 1960, Inventarnummer A\/LXVI\/2<\/strong><\/p>\n<p>Porzellanfabrik Richter, Fenkl &#038; Hahn, Austria, Chodau, um 1920, Zuckerdose eines Kaffeekerns, K\u00fcnstler unbekannt, Werks.-Nr. ohne, Exemplar Nr. ohne, gemarkt Firmenmarke mit RFH (f\u00fcr Richter, Fenkl und Hahn) darunter Czechoslovakia gr\u00fcner Stempel unter Glasur sowie 890, darunter 2. gepresst, nicht signiert, Literatur: Dieter Z\u00fchlsdorff, Markenlexikon Band 1, Porzellan und Keramik Report 1885 &#8211; 1935, Seite 59, Werk-Teil 1., Gruppennummer des Werkteils 1., laufende Nummer innerhalb der Gruppe 1058, identische Marke (dort f\u00fcr die Zeit ab 1918) sowie Seite 484, Werk-Teil 3., laufende Nummer des Werkteils 207, dort kurze Beschreibung der Fabrik, weitere Literatur: Ludwig Danckert, Handbuch des Europ\u00e4ischen Porzellans, 7. Auflage, Seite 109, kurze Beschreibung der Fabrik sowie Abbildung der identischen Marke, 1883 gr\u00fcndeten Albert Richter, Karl Fenkl und Alois Hahn eine Porzellanfabrik in Chodau bei Karlsbad, Firmierung Porzellanfabrik Richter, Fenkl &#038; Hahn, 1885 verstarb Hahn und Albert Richter \u00fcberlie\u00df seinen Anteil seinem Schwiegersohn Anton Langner, Inhaber waren jetzt Karl Fenkl und Anton Langner, die die Porzellanfabrik zu einer der gr\u00f6\u00dften im Karlsbader Raum ausbauten, ob sich die Firmierung in Fenkl &#038; Langner \u00e4nderte ist nicht bekannt, die Fabrik exportierte weltweit und wurde 1947\/1948 still gelegt,<br \/>\nH\u00f6he 13,5 cm, Breite 18,5 cm<\/p>\n<p><a href=\"http:\/\/museumek.eu\/?attachment_id=54621\" rel=\"attachment wp-att-54621\"><img loading=\"lazy\" src=\"http:\/\/museumek.eu\/wp-content\/uploads\/2021\/03\/Richter-Fenkl-und-Hahn-Kaffeekern-Kanne-1-300x160.jpg\" alt=\"\" title=\"Richter, Fenkl und Hahn Kaffeekern Kanne 1\" width=\"300\" height=\"160\" class=\"alignnone size-medium wp-image-54621\" srcset=\"http:\/\/museumek.eu\/wp-content\/uploads\/2021\/03\/Richter-Fenkl-und-Hahn-Kaffeekern-Kanne-1-300x160.jpg 300w, http:\/\/museumek.eu\/wp-content\/uploads\/2021\/03\/Richter-Fenkl-und-Hahn-Kaffeekern-Kanne-1-150x80.jpg 150w, http:\/\/museumek.eu\/wp-content\/uploads\/2021\/03\/Richter-Fenkl-und-Hahn-Kaffeekern-Kanne-1-500x267.jpg 500w, http:\/\/museumek.eu\/wp-content\/uploads\/2021\/03\/Richter-Fenkl-und-Hahn-Kaffeekern-Kanne-1.jpg 640w\" sizes=\"(max-width: 300px) 100vw, 300px\" \/><\/a><\/p>\n<p><a href=\"http:\/\/museumek.eu\/?attachment_id=54642\" rel=\"attachment wp-att-54642\"><img loading=\"lazy\" src=\"http:\/\/museumek.eu\/wp-content\/uploads\/2021\/03\/Richter-Fenkl-und-Hahn-Kaffeekern-Zuckerdose-1-300x243.jpg\" alt=\"\" title=\"Richter, Fenkl und Hahn Kaffeekern Zuckerdose 1\" width=\"300\" height=\"243\" class=\"alignnone size-medium wp-image-54642\" srcset=\"http:\/\/museumek.eu\/wp-content\/uploads\/2021\/03\/Richter-Fenkl-und-Hahn-Kaffeekern-Zuckerdose-1-300x243.jpg 300w, http:\/\/museumek.eu\/wp-content\/uploads\/2021\/03\/Richter-Fenkl-und-Hahn-Kaffeekern-Zuckerdose-1-150x121.jpg 150w, http:\/\/museumek.eu\/wp-content\/uploads\/2021\/03\/Richter-Fenkl-und-Hahn-Kaffeekern-Zuckerdose-1-369x300.jpg 369w, http:\/\/museumek.eu\/wp-content\/uploads\/2021\/03\/Richter-Fenkl-und-Hahn-Kaffeekern-Zuckerdose-1.jpg 591w\" sizes=\"(max-width: 300px) 100vw, 300px\" \/><\/a><\/p>\n<p><a href=\"http:\/\/museumek.eu\/?attachment_id=54643\" rel=\"attachment wp-att-54643\"><img loading=\"lazy\" src=\"http:\/\/museumek.eu\/wp-content\/uploads\/2021\/03\/Richter-Fenkl-und-Hahn-Kaffeekern-Zuckerdose-2-288x300.jpg\" alt=\"\" title=\"Richter, Fenkl und Hahn Kaffeekern Zuckerdose 2\" width=\"288\" height=\"300\" class=\"alignnone size-medium wp-image-54643\" srcset=\"http:\/\/museumek.eu\/wp-content\/uploads\/2021\/03\/Richter-Fenkl-und-Hahn-Kaffeekern-Zuckerdose-2-288x300.jpg 288w, http:\/\/museumek.eu\/wp-content\/uploads\/2021\/03\/Richter-Fenkl-und-Hahn-Kaffeekern-Zuckerdose-2-144x150.jpg 144w, http:\/\/museumek.eu\/wp-content\/uploads\/2021\/03\/Richter-Fenkl-und-Hahn-Kaffeekern-Zuckerdose-2.jpg 480w\" sizes=\"(max-width: 288px) 100vw, 288px\" \/><\/a><\/p>\n<p><a href=\"http:\/\/museumek.eu\/?attachment_id=54644\" rel=\"attachment wp-att-54644\"><img loading=\"lazy\" src=\"http:\/\/museumek.eu\/wp-content\/uploads\/2021\/03\/Richter-Fenkl-und-Hahn-Kaffeekern-Zuckerdose-3-181x300.jpg\" alt=\"\" title=\"Richter, Fenkl und Hahn Kaffeekern Zuckerdose 3\" width=\"181\" height=\"300\" class=\"alignnone size-medium wp-image-54644\" srcset=\"http:\/\/museumek.eu\/wp-content\/uploads\/2021\/03\/Richter-Fenkl-und-Hahn-Kaffeekern-Zuckerdose-3-181x300.jpg 181w, http:\/\/museumek.eu\/wp-content\/uploads\/2021\/03\/Richter-Fenkl-und-Hahn-Kaffeekern-Zuckerdose-3-90x150.jpg 90w, http:\/\/museumek.eu\/wp-content\/uploads\/2021\/03\/Richter-Fenkl-und-Hahn-Kaffeekern-Zuckerdose-3.jpg 388w\" sizes=\"(max-width: 181px) 100vw, 181px\" \/><\/a><\/p>\n<p><a href=\"http:\/\/museumek.eu\/?attachment_id=54645\" rel=\"attachment wp-att-54645\"><img loading=\"lazy\" src=\"http:\/\/museumek.eu\/wp-content\/uploads\/2021\/03\/Richter-Fenkl-und-Hahn-Kaffeekern-Zuckerdose-4-244x300.jpg\" alt=\"\" title=\"Richter, Fenkl und Hahn Kaffeekern Zuckerdose 4\" width=\"244\" height=\"300\" class=\"alignnone size-medium wp-image-54645\" srcset=\"http:\/\/museumek.eu\/wp-content\/uploads\/2021\/03\/Richter-Fenkl-und-Hahn-Kaffeekern-Zuckerdose-4-244x300.jpg 244w, http:\/\/museumek.eu\/wp-content\/uploads\/2021\/03\/Richter-Fenkl-und-Hahn-Kaffeekern-Zuckerdose-4-122x150.jpg 122w, http:\/\/museumek.eu\/wp-content\/uploads\/2021\/03\/Richter-Fenkl-und-Hahn-Kaffeekern-Zuckerdose-4.jpg 480w\" sizes=\"(max-width: 244px) 100vw, 244px\" \/><\/a><\/p>\n<p><a href=\"http:\/\/museumek.eu\/?attachment_id=54646\" rel=\"attachment wp-att-54646\"><img loading=\"lazy\" src=\"http:\/\/museumek.eu\/wp-content\/uploads\/2021\/03\/Richter-Fenkl-und-Hahn-Kaffeekern-Zuckerdose-5-300x293.jpg\" alt=\"\" title=\"Richter, Fenkl und Hahn Kaffeekern Zuckerdose 5\" width=\"300\" height=\"293\" class=\"alignnone size-medium wp-image-54646\" srcset=\"http:\/\/museumek.eu\/wp-content\/uploads\/2021\/03\/Richter-Fenkl-und-Hahn-Kaffeekern-Zuckerdose-5-300x293.jpg 300w, http:\/\/museumek.eu\/wp-content\/uploads\/2021\/03\/Richter-Fenkl-und-Hahn-Kaffeekern-Zuckerdose-5-150x146.jpg 150w, http:\/\/museumek.eu\/wp-content\/uploads\/2021\/03\/Richter-Fenkl-und-Hahn-Kaffeekern-Zuckerdose-5-306x300.jpg 306w, http:\/\/museumek.eu\/wp-content\/uploads\/2021\/03\/Richter-Fenkl-und-Hahn-Kaffeekern-Zuckerdose-5.jpg 490w\" sizes=\"(max-width: 300px) 100vw, 300px\" \/><\/a><\/p>\n<p><a href=\"http:\/\/museumek.eu\/?attachment_id=54647\" rel=\"attachment wp-att-54647\"><img loading=\"lazy\" src=\"http:\/\/museumek.eu\/wp-content\/uploads\/2021\/03\/Richter-Fenkl-und-Hahn-Kaffeekern-Zuckerdose-6-300x219.jpg\" alt=\"\" title=\"Richter, Fenkl und Hahn Kaffeekern Zuckerdose 6\" width=\"300\" height=\"219\" class=\"alignnone size-medium wp-image-54647\" srcset=\"http:\/\/museumek.eu\/wp-content\/uploads\/2021\/03\/Richter-Fenkl-und-Hahn-Kaffeekern-Zuckerdose-6-300x219.jpg 300w, http:\/\/museumek.eu\/wp-content\/uploads\/2021\/03\/Richter-Fenkl-und-Hahn-Kaffeekern-Zuckerdose-6-150x109.jpg 150w, http:\/\/museumek.eu\/wp-content\/uploads\/2021\/03\/Richter-Fenkl-und-Hahn-Kaffeekern-Zuckerdose-6-409x300.jpg 409w, http:\/\/museumek.eu\/wp-content\/uploads\/2021\/03\/Richter-Fenkl-und-Hahn-Kaffeekern-Zuckerdose-6.jpg 640w\" sizes=\"(max-width: 300px) 100vw, 300px\" \/><\/a><\/p>\n<p><a href=\"http:\/\/museumek.eu\/?attachment_id=54648\" rel=\"attachment wp-att-54648\"><img loading=\"lazy\" src=\"http:\/\/museumek.eu\/wp-content\/uploads\/2021\/03\/Richter-Fenkl-und-Hahn-Kaffeekern-Zuckerdose-7-300x259.jpg\" alt=\"\" title=\"Richter, Fenkl und Hahn Kaffeekern Zuckerdose 7\" width=\"300\" height=\"259\" class=\"alignnone size-medium wp-image-54648\" srcset=\"http:\/\/museumek.eu\/wp-content\/uploads\/2021\/03\/Richter-Fenkl-und-Hahn-Kaffeekern-Zuckerdose-7-300x259.jpg 300w, http:\/\/museumek.eu\/wp-content\/uploads\/2021\/03\/Richter-Fenkl-und-Hahn-Kaffeekern-Zuckerdose-7-150x129.jpg 150w, http:\/\/museumek.eu\/wp-content\/uploads\/2021\/03\/Richter-Fenkl-und-Hahn-Kaffeekern-Zuckerdose-7-346x300.jpg 346w, http:\/\/museumek.eu\/wp-content\/uploads\/2021\/03\/Richter-Fenkl-und-Hahn-Kaffeekern-Zuckerdose-7.jpg 554w\" sizes=\"(max-width: 300px) 100vw, 300px\" \/><\/a><\/p>\n","protected":false},"excerpt":{"rendered":"<p>Abteilung Austria, Keramik 1860 \u2013 1960, Inventarnummer A\/LXVI\/2 Porzellanfabrik Richter, Fenkl &#038; Hahn, Austria, Chodau, um 1920, Zuckerdose eines Kaffeekerns, K\u00fcnstler unbekannt, Werks.-Nr. ohne, Exemplar Nr. ohne, gemarkt Firmenmarke mit RFH (f\u00fcr Richter, Fenkl und Hahn) darunter Czechoslovakia gr\u00fcner Stempel &hellip; <a href=\"http:\/\/museumek.eu\/?page_id=54673\">Weiterlesen <span class=\"meta-nav\">&rarr;<\/span><\/a><\/p>\n","protected":false},"author":1,"featured_media":0,"parent":54668,"menu_order":2,"comment_status":"closed","ping_status":"open","template":"","meta":[],"_links":{"self":[{"href":"http:\/\/museumek.eu\/index.php?rest_route=\/wp\/v2\/pages\/54673"}],"collection":[{"href":"http:\/\/museumek.eu\/index.php?rest_route=\/wp\/v2\/pages"}],"about":[{"href":"http:\/\/museumek.eu\/index.php?rest_route=\/wp\/v2\/types\/page"}],"author":[{"embeddable":true,"href":"http:\/\/museumek.eu\/index.php?rest_route=\/wp\/v2\/users\/1"}],"replies":[{"embeddable":true,"href":"http:\/\/museumek.eu\/index.php?rest_route=%2Fwp%2Fv2%2Fcomments&post=54673"}],"version-history":[{"count":2,"href":"http:\/\/museumek.eu\/index.php?rest_route=\/wp\/v2\/pages\/54673\/revisions"}],"predecessor-version":[{"id":54675,"href":"http:\/\/museumek.eu\/index.php?rest_route=\/wp\/v2\/pages\/54673\/revisions\/54675"}],"up":[{"embeddable":true,"href":"http:\/\/museumek.eu\/index.php?rest_route=\/wp\/v2\/pages\/54668"}],"wp:attachment":[{"href":"http:\/\/museumek.eu\/index.php?rest_route=%2Fwp%2Fv2%2Fmedia&parent=54673"}],"curies":[{"name":"wp","href":"https:\/\/api.w.org\/{rel}","templated":true}]}}

<p><strong>Abteilung Austria, Keramik 1860 – 1960, Inventarnummer A/LXVI/2</strong></p>
<p>Porzellanfabrik Richter, Fenkl &#038; Hahn, Austria, Chodau, um 1920, Zuckerdose eines Kaffeekerns, Künstler unbekannt, Werks.-Nr. ohne, Exemplar Nr. ohne, gemarkt Firmenmarke mit RFH (für Richter, Fenkl und Hahn) darunter Czechoslovakia grüner Stempel unter Glasur sowie 890, darunter 2. gepresst, nicht signiert, Literatur: Dieter Zühlsdorff, Markenlexikon Band 1, Porzellan und Keramik Report 1885 &#8211; 1935, Seite 59, Werk-Teil 1., Gruppennummer des Werkteils 1., laufende Nummer innerhalb der Gruppe 1058, identische Marke (dort für die Zeit ab 1918) sowie Seite 484, Werk-Teil 3., laufende Nummer des Werkteils 207, dort kurze Beschreibung der Fabrik, weitere Literatur: Ludwig Danckert, Handbuch des Europäischen Porzellans, 7. Auflage, Seite 109, kurze Beschreibung der Fabrik sowie Abbildung der identischen Marke, 1883 gründeten Albert Richter, Karl Fenkl und Alois Hahn eine Porzellanfabrik in Chodau bei Karlsbad, Firmierung Porzellanfabrik Richter, Fenkl &#038; Hahn, 1885 verstarb Hahn und Albert Richter überließ seinen Anteil seinem Schwiegersohn Anton Langner, Inhaber waren jetzt Karl Fenkl und Anton Langner, die die Porzellanfabrik zu einer der größten im Karlsbader Raum ausbauten, ob sich die Firmierung in Fenkl &#038; Langner änderte ist nicht bekannt, die Fabrik exportierte weltweit und wurde 1947/1948 still gelegt,<br />
Höhe 13,5 cm, Breite 18,5 cm</p>
<p><a href="http://museumek.eu/?attachment_id=54621" rel="attachment wp-att-54621"><img loading="lazy" src="http://museumek.eu/wp-content/uploads/2021/03/Richter-Fenkl-und-Hahn-Kaffeekern-Kanne-1-300x160.jpg" alt="" title="Richter, Fenkl und Hahn Kaffeekern Kanne 1" width="300" height="160" class="alignnone size-medium wp-image-54621" srcset="http://museumek.eu/wp-content/uploads/2021/03/Richter-Fenkl-und-Hahn-Kaffeekern-Kanne-1-300x160.jpg 300w, http://museumek.eu/wp-content/uploads/2021/03/Richter-Fenkl-und-Hahn-Kaffeekern-Kanne-1-150x80.jpg 150w, http://museumek.eu/wp-content/uploads/2021/03/Richter-Fenkl-und-Hahn-Kaffeekern-Kanne-1-500x267.jpg 500w, http://museumek.eu/wp-content/uploads/2021/03/Richter-Fenkl-und-Hahn-Kaffeekern-Kanne-1.jpg 640w" sizes="(max-width: 300px) 100vw, 300px" /></a></p>
<p><a href="http://museumek.eu/?attachment_id=54642" rel="attachment wp-att-54642"><img loading="lazy" src="http://museumek.eu/wp-content/uploads/2021/03/Richter-Fenkl-und-Hahn-Kaffeekern-Zuckerdose-1-300x243.jpg" alt="" title="Richter, Fenkl und Hahn Kaffeekern Zuckerdose 1" width="300" height="243" class="alignnone size-medium wp-image-54642" srcset="http://museumek.eu/wp-content/uploads/2021/03/Richter-Fenkl-und-Hahn-Kaffeekern-Zuckerdose-1-300x243.jpg 300w, http://museumek.eu/wp-content/uploads/2021/03/Richter-Fenkl-und-Hahn-Kaffeekern-Zuckerdose-1-150x121.jpg 150w, http://museumek.eu/wp-content/uploads/2021/03/Richter-Fenkl-und-Hahn-Kaffeekern-Zuckerdose-1-369x300.jpg 369w, http://museumek.eu/wp-content/uploads/2021/03/Richter-Fenkl-und-Hahn-Kaffeekern-Zuckerdose-1.jpg 591w" sizes="(max-width: 300px) 100vw, 300px" /></a></p>
<p><a href="http://museumek.eu/?attachment_id=54643" rel="attachment wp-att-54643"><img loading="lazy" src="http://museumek.eu/wp-content/uploads/2021/03/Richter-Fenkl-und-Hahn-Kaffeekern-Zuckerdose-2-288x300.jpg" alt="" title="Richter, Fenkl und Hahn Kaffeekern Zuckerdose 2" width="288" height="300" class="alignnone size-medium wp-image-54643" srcset="http://museumek.eu/wp-content/uploads/2021/03/Richter-Fenkl-und-Hahn-Kaffeekern-Zuckerdose-2-288x300.jpg 288w, http://museumek.eu/wp-content/uploads/2021/03/Richter-Fenkl-und-Hahn-Kaffeekern-Zuckerdose-2-144x150.jpg 144w, http://museumek.eu/wp-content/uploads/2021/03/Richter-Fenkl-und-Hahn-Kaffeekern-Zuckerdose-2.jpg 480w" sizes="(max-width: 288px) 100vw, 288px" /></a></p>
<p><a href="http://museumek.eu/?attachment_id=54644" rel="attachment wp-att-54644"><img loading="lazy" src="http://museumek.eu/wp-content/uploads/2021/03/Richter-Fenkl-und-Hahn-Kaffeekern-Zuckerdose-3-181x300.jpg" alt="" title="Richter, Fenkl und Hahn Kaffeekern Zuckerdose 3" width="181" height="300" class="alignnone size-medium wp-image-54644" srcset="http://museumek.eu/wp-content/uploads/2021/03/Richter-Fenkl-und-Hahn-Kaffeekern-Zuckerdose-3-181x300.jpg 181w, http://museumek.eu/wp-content/uploads/2021/03/Richter-Fenkl-und-Hahn-Kaffeekern-Zuckerdose-3-90x150.jpg 90w, http://museumek.eu/wp-content/uploads/2021/03/Richter-Fenkl-und-Hahn-Kaffeekern-Zuckerdose-3.jpg 388w" sizes="(max-width: 181px) 100vw, 181px" /></a></p>
<p><a href="http://museumek.eu/?attachment_id=54645" rel="attachment wp-att-54645"><img loading="lazy" src="http://museumek.eu/wp-content/uploads/2021/03/Richter-Fenkl-und-Hahn-Kaffeekern-Zuckerdose-4-244x300.jpg" alt="" title="Richter, Fenkl und Hahn Kaffeekern Zuckerdose 4" width="244" height="300" class="alignnone size-medium wp-image-54645" srcset="http://museumek.eu/wp-content/uploads/2021/03/Richter-Fenkl-und-Hahn-Kaffeekern-Zuckerdose-4-244x300.jpg 244w, http://museumek.eu/wp-content/uploads/2021/03/Richter-Fenkl-und-Hahn-Kaffeekern-Zuckerdose-4-122x150.jpg 122w, http://museumek.eu/wp-content/uploads/2021/03/Richter-Fenkl-und-Hahn-Kaffeekern-Zuckerdose-4.jpg 480w" sizes="(max-width: 244px) 100vw, 244px" /></a></p>
<p><a href="http://museumek.eu/?attachment_id=54646" rel="attachment wp-att-54646"><img loading="lazy" src="http://museumek.eu/wp-content/uploads/2021/03/Richter-Fenkl-und-Hahn-Kaffeekern-Zuckerdose-5-300x293.jpg" alt="" title="Richter, Fenkl und Hahn Kaffeekern Zuckerdose 5" width="300" height="293" class="alignnone size-medium wp-image-54646" srcset="http://museumek.eu/wp-content/uploads/2021/03/Richter-Fenkl-und-Hahn-Kaffeekern-Zuckerdose-5-300x293.jpg 300w, http://museumek.eu/wp-content/uploads/2021/03/Richter-Fenkl-und-Hahn-Kaffeekern-Zuckerdose-5-150x146.jpg 150w, http://museumek.eu/wp-content/uploads/2021/03/Richter-Fenkl-und-Hahn-Kaffeekern-Zuckerdose-5-306x300.jpg 306w, http://museumek.eu/wp-content/uploads/2021/03/Richter-Fenkl-und-Hahn-Kaffeekern-Zuckerdose-5.jpg 490w" sizes="(max-width: 300px) 100vw, 300px" /></a></p>
<p><a href="http://museumek.eu/?attachment_id=54647" rel="attachment wp-att-54647"><img loading="lazy" src="http://museumek.eu/wp-content/uploads/2021/03/Richter-Fenkl-und-Hahn-Kaffeekern-Zuckerdose-6-300x219.jpg" alt="" title="Richter, Fenkl und Hahn Kaffeekern Zuckerdose 6" width="300" height="219" class="alignnone size-medium wp-image-54647" srcset="http://museumek.eu/wp-content/uploads/2021/03/Richter-Fenkl-und-Hahn-Kaffeekern-Zuckerdose-6-300x219.jpg 300w, http://museumek.eu/wp-content/uploads/2021/03/Richter-Fenkl-und-Hahn-Kaffeekern-Zuckerdose-6-150x109.jpg 150w, http://museumek.eu/wp-content/uploads/2021/03/Richter-Fenkl-und-Hahn-Kaffeekern-Zuckerdose-6-409x300.jpg 409w, http://museumek.eu/wp-content/uploads/2021/03/Richter-Fenkl-und-Hahn-Kaffeekern-Zuckerdose-6.jpg 640w" sizes="(max-width: 300px) 100vw, 300px" /></a></p>
<p><a href="http://museumek.eu/?attachment_id=54648" rel="attachment wp-att-54648"><img loading="lazy" src="http://museumek.eu/wp-content/uploads/2021/03/Richter-Fenkl-und-Hahn-Kaffeekern-Zuckerdose-7-300x259.jpg" alt="" title="Richter, Fenkl und Hahn Kaffeekern Zuckerdose 7" width="300" height="259" class="alignnone size-medium wp-image-54648" srcset="http://museumek.eu/wp-content/uploads/2021/03/Richter-Fenkl-und-Hahn-Kaffeekern-Zuckerdose-7-300x259.jpg 300w, http://museumek.eu/wp-content/uploads/2021/03/Richter-Fenkl-und-Hahn-Kaffeekern-Zuckerdose-7-150x129.jpg 150w, http://museumek.eu/wp-content/uploads/2021/03/Richter-Fenkl-und-Hahn-Kaffeekern-Zuckerdose-7-346x300.jpg 346w, http://museumek.eu/wp-content/uploads/2021/03/Richter-Fenkl-und-Hahn-Kaffeekern-Zuckerdose-7.jpg 554w" sizes="(max-width: 300px) 100vw, 300px" /></a></p>

<p>Abteilung Austria, Keramik 1860 – 1960, Inventarnummer A/LXVI/2 Porzellanfabrik Richter, Fenkl &#038; Hahn, Austria, Chodau, um 1920, Zuckerdose eines Kaffeekerns, Künstler unbekannt, Werks.-Nr. ohne, Exemplar Nr. ohne, gemarkt Firmenmarke mit RFH (für Richter, Fenkl und Hahn) darunter Czechoslovakia grüner Stempel &hellip; <a href="http://museumek.eu/?page_id=54673">Weiterlesen <span class="meta-nav">&rarr;</span></a></p>
