{"id":55002,"date":"2021-03-28T18:07:03","date_gmt":"2021-03-28T16:07:03","guid":{"rendered":"http:\/\/museumek.eu\/?page_id=55002"},"modified":"2021-03-28T18:07:03","modified_gmt":"2021-03-28T16:07:03","slug":"dcxc1","status":"publish","type":"page","link":"http:\/\/museumek.eu\/?page_id=55002","title":{"rendered":"D\/CXC\/1"},"content":{"rendered":"<p><strong>Abteilung Deutschland, Keramik 1860 \u2013 1960, Inventarnummer D\/CXC\/1<\/strong><\/p>\n<p>Edelstein Porzellanfabrik AG, vormals Porzellanfabrik J. Edelstein AG, vormals Porzellanfabrik J. Edelstein GmbH, vormals Oberfr\u00e4nkische Porzellanfabrik Ohnem\u00fcller &#038; Ulrich, vormals Porzellanfabrik Wenk &#038; Zitzmann, vormals Porzellanfabrik und Porzellanmalerei Friedrich Wunder, Deutschland, K\u00fcps, um 1930, Deckelsch\u00fcssel Serie Cosima, K\u00fcnstler unbekannt, Werks.-Nr. ohne, Exemplar Nr. ohne, gemarkt Firmenmarke mit Edelstein, darunter ein waagerechter Strich, darunter BAVARIA (bei j\u00fcngeren Marken ist das BAVARIA kleiner und beginnt beim zweiten e), darunter COSIMA gr\u00fcner Stempel unter Glasur, nicht signiert, Literatur: Ludwig Danckert, Handbuch des Europ\u00e4ischen Porzellans, 7. Auflage, Seite 299, dort Fabrikbeschreibung, weitere Literatur: Dieter Z\u00fchlsdorff, Markenlexikon Band I, Porzellan und Keramik Report 1885 &#8211; 1935, Seite 143, Werk-Teil Nr. 1., Gruppennummer des Werkteils 2., laufende Nummer innerhalb der Gruppe 536 identische Marke (dort f\u00fcr die Zeit von 1930 &#8211; 1938 sowie Seite 542, Werk-Teil 3., laufende Nummer des Werkteils 666 und 668, dort Fabrikbeschreibung, weitere Literatur: Robert E. R\u00f6ntgen, Deutsche Porzellanmarken von 1710 bis heute, Seite 171, kurze Fabrikbeschreibung, 1879 errichtete der Porzellanmaler Friedrich Wunder eine kleine Porzellanfabrik in K\u00fcps, Firmierung wohl Porzellanfabrik und Porzellanmalerei Friedrich Wunder, Teilhaber war der aus Th\u00fcringen stammende Karl D\u00f6hler, 1882 wurde die Fabrik an Franz Wenk und dessen Schwager Albin Zitzmann verkauft, Firmierung Porzellanfabrik Wenk &#038; Zitzmann, Zitzmann trat wohl 1885 aus und Wenks Frau Emma trat als Mitbesitzerin ein, 1890 verkauften die Wenks die Fabrik an Friedrich Ohnem\u00fcller, Friedrich Ulrich und Emil Speiser, Speiser scheidet aber bereits nach kurzer Zeit wieder aus, die Firmierung \u00e4nderte sich in Oberfr\u00e4nkische Porzellanfabrik Ohnem\u00fcller &#038; Ulrich, die Inhaber bauten die Fabrik aus, 1919 erwarb der Berliner Porzellan- und Glas Gro\u00dfh\u00e4ndler Julius Edelstein (geb. 1882, gest. 1941, Edelstein und seine Frau Margaretha wurden 1941 nach Riga deportiert und dort ermordet) zusammen mit seinem Kompagnon Isodor Gr\u00fcnebaum f\u00fcr 280.000 Mark die Fabrik, Firmierung Porzellanfabrik J. Edelstein GmbH mit Hauptsitz in Berlin, 1921 Gro\u00dfbrand, danach baut Edelstein die Fabrik wieder auf und wandelt sie 1923 in eine AG um, Firmierung Porzellanfabrik J. Edelstein AG, der Modelleur Theodor Gack (1894\u20131984) war mit dem Unternehmen viele Jahre verbunden (von 1923 bis 1940), auch Richard Riemerschmid, fertigte Entw\u00fcrfe, wirtschaftliche Gr\u00fcnde zwingen Edelstein 1926 zu einer erheblichen Kapitalaufnahme bei der Steingutfarbik Colditz AG, ausserdem scheidet zu diesem Zeitpunkt Gr\u00fcnebaum aus der Fabrik aus, 1932 wird Edelstein von der Colditz AG in den Konkurs gezwungen, Neugr\u00fcndung der AG, Firmierung nun Edelstein Porzellanfabrik AG, die Fabrik arbeitete unter dem Eigent\u00fcmer Colditz Ag noch weiter bis nach WK II, H\u00f6he 15 cm, Breite 28,5 cm<\/p>\n<p><a href=\"http:\/\/museumek.eu\/?attachment_id=54981\" rel=\"attachment wp-att-54981\"><img loading=\"lazy\" src=\"http:\/\/museumek.eu\/wp-content\/uploads\/2021\/03\/Edelstein-art-deco-Sch\u00fcssel-1-300x207.jpg\" alt=\"\" title=\"Edelstein art deco Sch\u00fcssel 1\" width=\"300\" height=\"207\" class=\"alignnone size-medium wp-image-54981\" srcset=\"http:\/\/museumek.eu\/wp-content\/uploads\/2021\/03\/Edelstein-art-deco-Sch\u00fcssel-1-300x207.jpg 300w, http:\/\/museumek.eu\/wp-content\/uploads\/2021\/03\/Edelstein-art-deco-Sch\u00fcssel-1-150x103.jpg 150w, http:\/\/museumek.eu\/wp-content\/uploads\/2021\/03\/Edelstein-art-deco-Sch\u00fcssel-1-433x300.jpg 433w, http:\/\/museumek.eu\/wp-content\/uploads\/2021\/03\/Edelstein-art-deco-Sch\u00fcssel-1.jpg 640w\" sizes=\"(max-width: 300px) 100vw, 300px\" \/><\/a><\/p>\n<p><a href=\"http:\/\/museumek.eu\/?attachment_id=54982\" rel=\"attachment wp-att-54982\"><img loading=\"lazy\" src=\"http:\/\/museumek.eu\/wp-content\/uploads\/2021\/03\/Edelstein-art-deco-Sch\u00fcssel-2-300x201.jpg\" alt=\"\" title=\"Edelstein art deco Sch\u00fcssel 2\" width=\"300\" height=\"201\" class=\"alignnone size-medium wp-image-54982\" srcset=\"http:\/\/museumek.eu\/wp-content\/uploads\/2021\/03\/Edelstein-art-deco-Sch\u00fcssel-2-300x201.jpg 300w, http:\/\/museumek.eu\/wp-content\/uploads\/2021\/03\/Edelstein-art-deco-Sch\u00fcssel-2-150x100.jpg 150w, http:\/\/museumek.eu\/wp-content\/uploads\/2021\/03\/Edelstein-art-deco-Sch\u00fcssel-2-447x300.jpg 447w, http:\/\/museumek.eu\/wp-content\/uploads\/2021\/03\/Edelstein-art-deco-Sch\u00fcssel-2.jpg 640w\" sizes=\"(max-width: 300px) 100vw, 300px\" \/><\/a><\/p>\n<p><a href=\"http:\/\/museumek.eu\/?attachment_id=54985\" rel=\"attachment wp-att-54985\"><img loading=\"lazy\" src=\"http:\/\/museumek.eu\/wp-content\/uploads\/2021\/03\/Edelstein-art-deco-Sch\u00fcssel-3-300x251.jpg\" alt=\"\" title=\"Edelstein art deco Sch\u00fcssel 3\" width=\"300\" height=\"251\" class=\"alignnone size-medium wp-image-54985\" srcset=\"http:\/\/museumek.eu\/wp-content\/uploads\/2021\/03\/Edelstein-art-deco-Sch\u00fcssel-3-300x251.jpg 300w, http:\/\/museumek.eu\/wp-content\/uploads\/2021\/03\/Edelstein-art-deco-Sch\u00fcssel-3-150x125.jpg 150w, http:\/\/museumek.eu\/wp-content\/uploads\/2021\/03\/Edelstein-art-deco-Sch\u00fcssel-3-357x300.jpg 357w, http:\/\/museumek.eu\/wp-content\/uploads\/2021\/03\/Edelstein-art-deco-Sch\u00fcssel-3.jpg 572w\" sizes=\"(max-width: 300px) 100vw, 300px\" \/><\/a><\/p>\n<p><a href=\"http:\/\/museumek.eu\/?attachment_id=54986\" rel=\"attachment wp-att-54986\"><img loading=\"lazy\" src=\"http:\/\/museumek.eu\/wp-content\/uploads\/2021\/03\/Edelstein-art-deco-Sch\u00fcssel-4-157x300.jpg\" alt=\"\" title=\"Edelstein art deco Sch\u00fcssel 4\" width=\"157\" height=\"300\" class=\"alignnone size-medium wp-image-54986\" srcset=\"http:\/\/museumek.eu\/wp-content\/uploads\/2021\/03\/Edelstein-art-deco-Sch\u00fcssel-4-157x300.jpg 157w, http:\/\/museumek.eu\/wp-content\/uploads\/2021\/03\/Edelstein-art-deco-Sch\u00fcssel-4-78x150.jpg 78w\" sizes=\"(max-width: 157px) 100vw, 157px\" \/><\/a><\/p>\n<p><a href=\"http:\/\/museumek.eu\/?attachment_id=54987\" rel=\"attachment wp-att-54987\"><img loading=\"lazy\" src=\"http:\/\/museumek.eu\/wp-content\/uploads\/2021\/03\/Edelstein-art-deco-Sch\u00fcssel-5-195x300.jpg\" alt=\"\" title=\"Edelstein art deco Sch\u00fcssel 5\" width=\"195\" height=\"300\" class=\"alignnone size-medium wp-image-54987\" srcset=\"http:\/\/museumek.eu\/wp-content\/uploads\/2021\/03\/Edelstein-art-deco-Sch\u00fcssel-5-195x300.jpg 195w, http:\/\/museumek.eu\/wp-content\/uploads\/2021\/03\/Edelstein-art-deco-Sch\u00fcssel-5-97x150.jpg 97w, http:\/\/museumek.eu\/wp-content\/uploads\/2021\/03\/Edelstein-art-deco-Sch\u00fcssel-5.jpg 418w\" sizes=\"(max-width: 195px) 100vw, 195px\" \/><\/a><\/p>\n<p><a href=\"http:\/\/museumek.eu\/?attachment_id=54988\" rel=\"attachment wp-att-54988\"><img loading=\"lazy\" src=\"http:\/\/museumek.eu\/wp-content\/uploads\/2021\/03\/Edelstein-art-deco-Sch\u00fcssel-6-300x157.jpg\" alt=\"\" title=\"Edelstein art deco Sch\u00fcssel 6\" width=\"300\" height=\"157\" class=\"alignnone size-medium wp-image-54988\" srcset=\"http:\/\/museumek.eu\/wp-content\/uploads\/2021\/03\/Edelstein-art-deco-Sch\u00fcssel-6-300x157.jpg 300w, http:\/\/museumek.eu\/wp-content\/uploads\/2021\/03\/Edelstein-art-deco-Sch\u00fcssel-6-150x78.jpg 150w, http:\/\/museumek.eu\/wp-content\/uploads\/2021\/03\/Edelstein-art-deco-Sch\u00fcssel-6-500x263.jpg 500w, http:\/\/museumek.eu\/wp-content\/uploads\/2021\/03\/Edelstein-art-deco-Sch\u00fcssel-6.jpg 640w\" sizes=\"(max-width: 300px) 100vw, 300px\" \/><\/a><\/p>\n<p><a href=\"http:\/\/museumek.eu\/?attachment_id=54989\" rel=\"attachment wp-att-54989\"><img loading=\"lazy\" src=\"http:\/\/museumek.eu\/wp-content\/uploads\/2021\/03\/Edelstein-art-deco-Sch\u00fcssel-7-300x281.jpg\" alt=\"\" title=\"Edelstein art deco Sch\u00fcssel 7\" width=\"300\" height=\"281\" class=\"alignnone size-medium wp-image-54989\" srcset=\"http:\/\/museumek.eu\/wp-content\/uploads\/2021\/03\/Edelstein-art-deco-Sch\u00fcssel-7-300x281.jpg 300w, http:\/\/museumek.eu\/wp-content\/uploads\/2021\/03\/Edelstein-art-deco-Sch\u00fcssel-7-150x140.jpg 150w, http:\/\/museumek.eu\/wp-content\/uploads\/2021\/03\/Edelstein-art-deco-Sch\u00fcssel-7-320x300.jpg 320w, http:\/\/museumek.eu\/wp-content\/uploads\/2021\/03\/Edelstein-art-deco-Sch\u00fcssel-7.jpg 512w\" sizes=\"(max-width: 300px) 100vw, 300px\" \/><\/a> <\/p>\n","protected":false},"excerpt":{"rendered":"<p>Abteilung Deutschland, Keramik 1860 \u2013 1960, Inventarnummer D\/CXC\/1 Edelstein Porzellanfabrik AG, vormals Porzellanfabrik J. Edelstein AG, vormals Porzellanfabrik J. Edelstein GmbH, vormals Oberfr\u00e4nkische Porzellanfabrik Ohnem\u00fcller &#038; Ulrich, vormals Porzellanfabrik Wenk &#038; Zitzmann, vormals Porzellanfabrik und Porzellanmalerei Friedrich Wunder, Deutschland, K\u00fcps, &hellip; <a href=\"http:\/\/museumek.eu\/?page_id=55002\">Weiterlesen <span class=\"meta-nav\">&rarr;<\/span><\/a><\/p>\n","protected":false},"author":1,"featured_media":0,"parent":54936,"menu_order":1,"comment_status":"closed","ping_status":"open","template":"","meta":[],"_links":{"self":[{"href":"http:\/\/museumek.eu\/index.php?rest_route=\/wp\/v2\/pages\/55002"}],"collection":[{"href":"http:\/\/museumek.eu\/index.php?rest_route=\/wp\/v2\/pages"}],"about":[{"href":"http:\/\/museumek.eu\/index.php?rest_route=\/wp\/v2\/types\/page"}],"author":[{"embeddable":true,"href":"http:\/\/museumek.eu\/index.php?rest_route=\/wp\/v2\/users\/1"}],"replies":[{"embeddable":true,"href":"http:\/\/museumek.eu\/index.php?rest_route=%2Fwp%2Fv2%2Fcomments&post=55002"}],"version-history":[{"count":2,"href":"http:\/\/museumek.eu\/index.php?rest_route=\/wp\/v2\/pages\/55002\/revisions"}],"predecessor-version":[{"id":55004,"href":"http:\/\/museumek.eu\/index.php?rest_route=\/wp\/v2\/pages\/55002\/revisions\/55004"}],"up":[{"embeddable":true,"href":"http:\/\/museumek.eu\/index.php?rest_route=\/wp\/v2\/pages\/54936"}],"wp:attachment":[{"href":"http:\/\/museumek.eu\/index.php?rest_route=%2Fwp%2Fv2%2Fmedia&parent=55002"}],"curies":[{"name":"wp","href":"https:\/\/api.w.org\/{rel}","templated":true}]}}

<p><strong>Abteilung Deutschland, Keramik 1860 – 1960, Inventarnummer D/CXC/1</strong></p>
<p>Edelstein Porzellanfabrik AG, vormals Porzellanfabrik J. Edelstein AG, vormals Porzellanfabrik J. Edelstein GmbH, vormals Oberfränkische Porzellanfabrik Ohnemüller &#038; Ulrich, vormals Porzellanfabrik Wenk &#038; Zitzmann, vormals Porzellanfabrik und Porzellanmalerei Friedrich Wunder, Deutschland, Küps, um 1930, Deckelschüssel Serie Cosima, Künstler unbekannt, Werks.-Nr. ohne, Exemplar Nr. ohne, gemarkt Firmenmarke mit Edelstein, darunter ein waagerechter Strich, darunter BAVARIA (bei jüngeren Marken ist das BAVARIA kleiner und beginnt beim zweiten e), darunter COSIMA grüner Stempel unter Glasur, nicht signiert, Literatur: Ludwig Danckert, Handbuch des Europäischen Porzellans, 7. Auflage, Seite 299, dort Fabrikbeschreibung, weitere Literatur: Dieter Zühlsdorff, Markenlexikon Band I, Porzellan und Keramik Report 1885 &#8211; 1935, Seite 143, Werk-Teil Nr. 1., Gruppennummer des Werkteils 2., laufende Nummer innerhalb der Gruppe 536 identische Marke (dort für die Zeit von 1930 &#8211; 1938 sowie Seite 542, Werk-Teil 3., laufende Nummer des Werkteils 666 und 668, dort Fabrikbeschreibung, weitere Literatur: Robert E. Röntgen, Deutsche Porzellanmarken von 1710 bis heute, Seite 171, kurze Fabrikbeschreibung, 1879 errichtete der Porzellanmaler Friedrich Wunder eine kleine Porzellanfabrik in Küps, Firmierung wohl Porzellanfabrik und Porzellanmalerei Friedrich Wunder, Teilhaber war der aus Thüringen stammende Karl Döhler, 1882 wurde die Fabrik an Franz Wenk und dessen Schwager Albin Zitzmann verkauft, Firmierung Porzellanfabrik Wenk &#038; Zitzmann, Zitzmann trat wohl 1885 aus und Wenks Frau Emma trat als Mitbesitzerin ein, 1890 verkauften die Wenks die Fabrik an Friedrich Ohnemüller, Friedrich Ulrich und Emil Speiser, Speiser scheidet aber bereits nach kurzer Zeit wieder aus, die Firmierung änderte sich in Oberfränkische Porzellanfabrik Ohnemüller &#038; Ulrich, die Inhaber bauten die Fabrik aus, 1919 erwarb der Berliner Porzellan- und Glas Großhändler Julius Edelstein (geb. 1882, gest. 1941, Edelstein und seine Frau Margaretha wurden 1941 nach Riga deportiert und dort ermordet) zusammen mit seinem Kompagnon Isodor Grünebaum für 280.000 Mark die Fabrik, Firmierung Porzellanfabrik J. Edelstein GmbH mit Hauptsitz in Berlin, 1921 Großbrand, danach baut Edelstein die Fabrik wieder auf und wandelt sie 1923 in eine AG um, Firmierung Porzellanfabrik J. Edelstein AG, der Modelleur Theodor Gack (1894–1984) war mit dem Unternehmen viele Jahre verbunden (von 1923 bis 1940), auch Richard Riemerschmid, fertigte Entwürfe, wirtschaftliche Gründe zwingen Edelstein 1926 zu einer erheblichen Kapitalaufnahme bei der Steingutfarbik Colditz AG, ausserdem scheidet zu diesem Zeitpunkt Grünebaum aus der Fabrik aus, 1932 wird Edelstein von der Colditz AG in den Konkurs gezwungen, Neugründung der AG, Firmierung nun Edelstein Porzellanfabrik AG, die Fabrik arbeitete unter dem Eigentümer Colditz Ag noch weiter bis nach WK II, Höhe 15 cm, Breite 28,5 cm</p>
<p><a href="http://museumek.eu/?attachment_id=54981" rel="attachment wp-att-54981"><img loading="lazy" src="http://museumek.eu/wp-content/uploads/2021/03/Edelstein-art-deco-Schüssel-1-300x207.jpg" alt="" title="Edelstein art deco Schüssel 1" width="300" height="207" class="alignnone size-medium wp-image-54981" srcset="http://museumek.eu/wp-content/uploads/2021/03/Edelstein-art-deco-Schüssel-1-300x207.jpg 300w, http://museumek.eu/wp-content/uploads/2021/03/Edelstein-art-deco-Schüssel-1-150x103.jpg 150w, http://museumek.eu/wp-content/uploads/2021/03/Edelstein-art-deco-Schüssel-1-433x300.jpg 433w, http://museumek.eu/wp-content/uploads/2021/03/Edelstein-art-deco-Schüssel-1.jpg 640w" sizes="(max-width: 300px) 100vw, 300px" /></a></p>
<p><a href="http://museumek.eu/?attachment_id=54982" rel="attachment wp-att-54982"><img loading="lazy" src="http://museumek.eu/wp-content/uploads/2021/03/Edelstein-art-deco-Schüssel-2-300x201.jpg" alt="" title="Edelstein art deco Schüssel 2" width="300" height="201" class="alignnone size-medium wp-image-54982" srcset="http://museumek.eu/wp-content/uploads/2021/03/Edelstein-art-deco-Schüssel-2-300x201.jpg 300w, http://museumek.eu/wp-content/uploads/2021/03/Edelstein-art-deco-Schüssel-2-150x100.jpg 150w, http://museumek.eu/wp-content/uploads/2021/03/Edelstein-art-deco-Schüssel-2-447x300.jpg 447w, http://museumek.eu/wp-content/uploads/2021/03/Edelstein-art-deco-Schüssel-2.jpg 640w" sizes="(max-width: 300px) 100vw, 300px" /></a></p>
<p><a href="http://museumek.eu/?attachment_id=54985" rel="attachment wp-att-54985"><img loading="lazy" src="http://museumek.eu/wp-content/uploads/2021/03/Edelstein-art-deco-Schüssel-3-300x251.jpg" alt="" title="Edelstein art deco Schüssel 3" width="300" height="251" class="alignnone size-medium wp-image-54985" srcset="http://museumek.eu/wp-content/uploads/2021/03/Edelstein-art-deco-Schüssel-3-300x251.jpg 300w, http://museumek.eu/wp-content/uploads/2021/03/Edelstein-art-deco-Schüssel-3-150x125.jpg 150w, http://museumek.eu/wp-content/uploads/2021/03/Edelstein-art-deco-Schüssel-3-357x300.jpg 357w, http://museumek.eu/wp-content/uploads/2021/03/Edelstein-art-deco-Schüssel-3.jpg 572w" sizes="(max-width: 300px) 100vw, 300px" /></a></p>
<p><a href="http://museumek.eu/?attachment_id=54986" rel="attachment wp-att-54986"><img loading="lazy" src="http://museumek.eu/wp-content/uploads/2021/03/Edelstein-art-deco-Schüssel-4-157x300.jpg" alt="" title="Edelstein art deco Schüssel 4" width="157" height="300" class="alignnone size-medium wp-image-54986" srcset="http://museumek.eu/wp-content/uploads/2021/03/Edelstein-art-deco-Schüssel-4-157x300.jpg 157w, http://museumek.eu/wp-content/uploads/2021/03/Edelstein-art-deco-Schüssel-4-78x150.jpg 78w" sizes="(max-width: 157px) 100vw, 157px" /></a></p>
<p><a href="http://museumek.eu/?attachment_id=54987" rel="attachment wp-att-54987"><img loading="lazy" src="http://museumek.eu/wp-content/uploads/2021/03/Edelstein-art-deco-Schüssel-5-195x300.jpg" alt="" title="Edelstein art deco Schüssel 5" width="195" height="300" class="alignnone size-medium wp-image-54987" srcset="http://museumek.eu/wp-content/uploads/2021/03/Edelstein-art-deco-Schüssel-5-195x300.jpg 195w, http://museumek.eu/wp-content/uploads/2021/03/Edelstein-art-deco-Schüssel-5-97x150.jpg 97w, http://museumek.eu/wp-content/uploads/2021/03/Edelstein-art-deco-Schüssel-5.jpg 418w" sizes="(max-width: 195px) 100vw, 195px" /></a></p>
<p><a href="http://museumek.eu/?attachment_id=54988" rel="attachment wp-att-54988"><img loading="lazy" src="http://museumek.eu/wp-content/uploads/2021/03/Edelstein-art-deco-Schüssel-6-300x157.jpg" alt="" title="Edelstein art deco Schüssel 6" width="300" height="157" class="alignnone size-medium wp-image-54988" srcset="http://museumek.eu/wp-content/uploads/2021/03/Edelstein-art-deco-Schüssel-6-300x157.jpg 300w, http://museumek.eu/wp-content/uploads/2021/03/Edelstein-art-deco-Schüssel-6-150x78.jpg 150w, http://museumek.eu/wp-content/uploads/2021/03/Edelstein-art-deco-Schüssel-6-500x263.jpg 500w, http://museumek.eu/wp-content/uploads/2021/03/Edelstein-art-deco-Schüssel-6.jpg 640w" sizes="(max-width: 300px) 100vw, 300px" /></a></p>
<p><a href="http://museumek.eu/?attachment_id=54989" rel="attachment wp-att-54989"><img loading="lazy" src="http://museumek.eu/wp-content/uploads/2021/03/Edelstein-art-deco-Schüssel-7-300x281.jpg" alt="" title="Edelstein art deco Schüssel 7" width="300" height="281" class="alignnone size-medium wp-image-54989" srcset="http://museumek.eu/wp-content/uploads/2021/03/Edelstein-art-deco-Schüssel-7-300x281.jpg 300w, http://museumek.eu/wp-content/uploads/2021/03/Edelstein-art-deco-Schüssel-7-150x140.jpg 150w, http://museumek.eu/wp-content/uploads/2021/03/Edelstein-art-deco-Schüssel-7-320x300.jpg 320w, http://museumek.eu/wp-content/uploads/2021/03/Edelstein-art-deco-Schüssel-7.jpg 512w" sizes="(max-width: 300px) 100vw, 300px" /></a> </p>

<p>Abteilung Deutschland, Keramik 1860 – 1960, Inventarnummer D/CXC/1 Edelstein Porzellanfabrik AG, vormals Porzellanfabrik J. Edelstein AG, vormals Porzellanfabrik J. Edelstein GmbH, vormals Oberfränkische Porzellanfabrik Ohnemüller &#038; Ulrich, vormals Porzellanfabrik Wenk &#038; Zitzmann, vormals Porzellanfabrik und Porzellanmalerei Friedrich Wunder, Deutschland, Küps, &hellip; <a href="http://museumek.eu/?page_id=55002">Weiterlesen <span class="meta-nav">&rarr;</span></a></p>
