{"id":55319,"date":"2021-04-03T21:58:21","date_gmt":"2021-04-03T19:58:21","guid":{"rendered":"http:\/\/museumek.eu\/?page_id=55319"},"modified":"2021-04-03T21:58:21","modified_gmt":"2021-04-03T19:58:21","slug":"dcxcii4","status":"publish","type":"page","link":"http:\/\/museumek.eu\/?page_id=55319","title":{"rendered":"D\/CXCII\/4"},"content":{"rendered":"<p><strong>Abteilung Deutschland, Keramik 1860 \u2013 1960, Inventarnummer D\/CXCII\/4<\/strong><\/p>\n<p>Bayerische Metallwarenfabrik GmbH (BMF), Deutschland, N\u00fcrnberg, nach 1902, kleine runde Schale (Keramik in einem hochgezogenem Blechring, K\u00fcnstler unbekannt, Werks.-Nr. 9417 (Dekornummer ?), Exemplar Nr. ohne, gemarkt Firmenmarke mit Adler, zwischen den Schwingen BMF (f\u00fcr Bayerische Metallwarenfabrik), zwischen den F\u00fc\u00dfen des Adlers der Buchstabe N (f\u00fcr N\u00fcrnberg) sowie 9417 braune Stempel unter Glasur, nicht signiert, am 2. April 1902 gr\u00fcndeten die beiden Freunde Hans Wagner und Willy Gundel die Bayerische Metallwarenfabrik GmbH N\u00fcrnberg, kurz BMF, die im Stadtteil Johannis ans\u00e4ssige Firma produzierte \u201eLuxus- und Gebrauchsgegenst\u00e4nde\u201c und geh\u00f6rte jahrzehntelang zu den f\u00fchrenden Unternehmen der metallverarbeitenden Branche in N\u00fcrnberg, die Keramik der Schale, wurde evtl. von der Steingutfabrik Theodor Paetsch in Frankfurt \/O. bezogen, die Fabrik arbeitete nachweislich mit Paetsch zusammen, siehe dazu folgende Literatur: &#8222;Steingut? Nur von Paetsch!&#8220; Die Steingutfabrik Theodor Paetsch zu Frankfurt (Oder), 1840-1955. (Frankfurter Jahrbuch 2011). Hg. vom Museum Viadrina, Frankfurt (Oder)., Abschnitt 6. Die Zusammenarbeit der Firma Paetsch mit der Bayerischen Metallwarenfabrik N\u00fcrnberg (BMF N) \u2013 ein Privatsammler berichtet (Frank Budach), weitere dieser Schalen siehe MEK D\/CXCII\/1 bis D\/CXCII\/3, Durchmesser 7 cm (nur die Keramik)<\/p>\n<p><a href=\"http:\/\/museumek.eu\/?attachment_id=55288\" rel=\"attachment wp-att-55288\"><img loading=\"lazy\" src=\"http:\/\/museumek.eu\/wp-content\/uploads\/2021\/04\/BMF-Untersetzer-alle-4-300x293.jpg\" alt=\"\" title=\"BMF Untersetzer alle 4\" width=\"300\" height=\"293\" class=\"alignnone size-medium wp-image-55288\" srcset=\"http:\/\/museumek.eu\/wp-content\/uploads\/2021\/04\/BMF-Untersetzer-alle-4-300x293.jpg 300w, http:\/\/museumek.eu\/wp-content\/uploads\/2021\/04\/BMF-Untersetzer-alle-4-150x146.jpg 150w, http:\/\/museumek.eu\/wp-content\/uploads\/2021\/04\/BMF-Untersetzer-alle-4-306x300.jpg 306w, http:\/\/museumek.eu\/wp-content\/uploads\/2021\/04\/BMF-Untersetzer-alle-4.jpg 756w\" sizes=\"(max-width: 300px) 100vw, 300px\" \/><\/a><\/p>\n<p><a href=\"http:\/\/museumek.eu\/?attachment_id=55303\" rel=\"attachment wp-att-55303\"><img loading=\"lazy\" src=\"http:\/\/museumek.eu\/wp-content\/uploads\/2021\/04\/BMF-Untersetzer-Nr-4.-1-300x293.jpg\" alt=\"\" title=\"BMF Untersetzer Nr 4. 1\" width=\"300\" height=\"293\" class=\"alignnone size-medium wp-image-55303\" srcset=\"http:\/\/museumek.eu\/wp-content\/uploads\/2021\/04\/BMF-Untersetzer-Nr-4.-1-300x293.jpg 300w, http:\/\/museumek.eu\/wp-content\/uploads\/2021\/04\/BMF-Untersetzer-Nr-4.-1-150x146.jpg 150w, http:\/\/museumek.eu\/wp-content\/uploads\/2021\/04\/BMF-Untersetzer-Nr-4.-1-306x300.jpg 306w, http:\/\/museumek.eu\/wp-content\/uploads\/2021\/04\/BMF-Untersetzer-Nr-4.-1.jpg 490w\" sizes=\"(max-width: 300px) 100vw, 300px\" \/><\/a><\/p>\n<p><a href=\"http:\/\/museumek.eu\/?attachment_id=55304\" rel=\"attachment wp-att-55304\"><img loading=\"lazy\" src=\"http:\/\/museumek.eu\/wp-content\/uploads\/2021\/04\/BMF-Untersetzer-Nr-4.-2-286x300.jpg\" alt=\"\" title=\"BMF Untersetzer Nr 4. 2\" width=\"286\" height=\"300\" class=\"alignnone size-medium wp-image-55304\" srcset=\"http:\/\/museumek.eu\/wp-content\/uploads\/2021\/04\/BMF-Untersetzer-Nr-4.-2-286x300.jpg 286w, http:\/\/museumek.eu\/wp-content\/uploads\/2021\/04\/BMF-Untersetzer-Nr-4.-2-143x150.jpg 143w, http:\/\/museumek.eu\/wp-content\/uploads\/2021\/04\/BMF-Untersetzer-Nr-4.-2.jpg 480w\" sizes=\"(max-width: 286px) 100vw, 286px\" \/><\/a><\/p>\n<p><a href=\"http:\/\/museumek.eu\/?attachment_id=55305\" rel=\"attachment wp-att-55305\"><img loading=\"lazy\" src=\"http:\/\/museumek.eu\/wp-content\/uploads\/2021\/04\/BMF-Untersetzer-Nr-4.-3-259x300.jpg\" alt=\"\" title=\"BMF Untersetzer Nr 4. 3\" width=\"259\" height=\"300\" class=\"alignnone size-medium wp-image-55305\" srcset=\"http:\/\/museumek.eu\/wp-content\/uploads\/2021\/04\/BMF-Untersetzer-Nr-4.-3-259x300.jpg 259w, http:\/\/museumek.eu\/wp-content\/uploads\/2021\/04\/BMF-Untersetzer-Nr-4.-3-129x150.jpg 129w, http:\/\/museumek.eu\/wp-content\/uploads\/2021\/04\/BMF-Untersetzer-Nr-4.-3.jpg 480w\" sizes=\"(max-width: 259px) 100vw, 259px\" \/><\/a> <\/p>\n","protected":false},"excerpt":{"rendered":"<p>Abteilung Deutschland, Keramik 1860 \u2013 1960, Inventarnummer D\/CXCII\/4 Bayerische Metallwarenfabrik GmbH (BMF), Deutschland, N\u00fcrnberg, nach 1902, kleine runde Schale (Keramik in einem hochgezogenem Blechring, K\u00fcnstler unbekannt, Werks.-Nr. 9417 (Dekornummer ?), Exemplar Nr. ohne, gemarkt Firmenmarke mit Adler, zwischen den Schwingen &hellip; <a href=\"http:\/\/museumek.eu\/?page_id=55319\">Weiterlesen <span class=\"meta-nav\">&rarr;<\/span><\/a><\/p>\n","protected":false},"author":1,"featured_media":0,"parent":55263,"menu_order":4,"comment_status":"closed","ping_status":"open","template":"","meta":[],"_links":{"self":[{"href":"http:\/\/museumek.eu\/index.php?rest_route=\/wp\/v2\/pages\/55319"}],"collection":[{"href":"http:\/\/museumek.eu\/index.php?rest_route=\/wp\/v2\/pages"}],"about":[{"href":"http:\/\/museumek.eu\/index.php?rest_route=\/wp\/v2\/types\/page"}],"author":[{"embeddable":true,"href":"http:\/\/museumek.eu\/index.php?rest_route=\/wp\/v2\/users\/1"}],"replies":[{"embeddable":true,"href":"http:\/\/museumek.eu\/index.php?rest_route=%2Fwp%2Fv2%2Fcomments&post=55319"}],"version-history":[{"count":2,"href":"http:\/\/museumek.eu\/index.php?rest_route=\/wp\/v2\/pages\/55319\/revisions"}],"predecessor-version":[{"id":55321,"href":"http:\/\/museumek.eu\/index.php?rest_route=\/wp\/v2\/pages\/55319\/revisions\/55321"}],"up":[{"embeddable":true,"href":"http:\/\/museumek.eu\/index.php?rest_route=\/wp\/v2\/pages\/55263"}],"wp:attachment":[{"href":"http:\/\/museumek.eu\/index.php?rest_route=%2Fwp%2Fv2%2Fmedia&parent=55319"}],"curies":[{"name":"wp","href":"https:\/\/api.w.org\/{rel}","templated":true}]}}