{"id":56096,"date":"2021-04-24T17:15:48","date_gmt":"2021-04-24T15:15:48","guid":{"rendered":"http:\/\/museumek.eu\/?page_id=56096"},"modified":"2021-07-01T14:08:43","modified_gmt":"2021-07-01T12:08:43","slug":"fotos-und-beschreibung","status":"publish","type":"page","link":"http:\/\/museumek.eu\/?page_id=56096","title":{"rendered":"Fotos und Beschreibung"},"content":{"rendered":"<p><strong>Abteilung Deutschland\/B\u00f6hmen, Keramik 1860 \u2013 1960, Inventarnummer D\/CXCIV\/1<\/strong><\/p>\n<p>Steingutfabrik Thomsberger &#038; Hermann und Nachf. Steingutfabrik Thomsberger &#038; Hermann GmbH und Nachf. Steingutfabrik Thomsberger &#038; Hermann AG, Deutschland, Wermsdorf, dann Colditz, vor\/um 1900, Teller, K\u00fcnstler unbekannt, Werks.-Nr. ohne, Exemplar Nr. ohne, gemarkt Firmenmarke Kreis, dieser ringsum innen mit THOMSBERGER &#038; HERMANN COLDITZ IN SACHSEN beschriftet, in der Mitte im Kreis, Punkt, darunter STEINGUT MIT BLEIFREIER GLASUR, darunter wieder ein Punkt, schwarzer Stempel unter Glasur sowie 40 gepresst, nicht signiert, Literatur: Dieter Z\u00fchlsdorff, Markenlexikon Band 1, Porzellan und Keramik Report 1885 &#8211; 1935, Seite 216, Werk-Teil 1., Gruppennummer des Werkteils 2., laufende Nummer innerhalb der Gruppe 2359 identische Marke (dort f\u00fcr die Zeit von 1887 &#8211; (1930), dort geschrieben: Farbstempel in Schwarz unter Glasur) sowie Seite 485, Werk-Teil 3., laufende Nummer des Werkteils 218, dort kurze Beschreibung der Fabrik, weitere Literatur: Ludwig Danckert, Handbuch des Europ\u00e4ischen Porzellans, 7. Auflage, Seite 116, dort die Fabrik nur mit einem Satz erw\u00e4hnt, die Fabrik wurde 1804 von Thomsberger und Hermann, als erste Steingutfabrik, von insgesamt 3 Steingutfabriken (die anderen beiden Steingutfabriken waren die des Karl August Zschau und die Steingutfabrik Colditz AG.), in Wermsdorf, dann Umzug nach Colditz gegr\u00fcndet, Firmierung Steingutfabrik Thomsberger &#038; Hermann, nach 1900 wird die Fabrik GmbH, Firmierung Steingutfabrik Thomsberger &#038; Hermann GmbH, 1918 wird die Fabrik AG, Firmierung Steingutfabrik Thomsberger &#038; Hermann AG, als Inhaber ist nach 1900 Alfred Charles Handmann bekannt, die Fabrik unterhielt in Leipzig ein Musterlager, 1932 wird die Liquidation der Fabrik beschlossen aber bereits ein Jahr sp\u00e4ter nahm die Fabrik erneut die Produktion auf, 1937 wird ein Konkursantrag gestellt, doch nach einem Zwangsvergleich konnte die Fabrik weiter produzieren, wahrscheinlich fand eine sogenannte Arisierung der Fabrik statt, 1939 zahlte die Fabrik wieder Dividenden an die Aktion\u00e4re, letzte Dividenden Zahlung 1951, die Fabrik wird danach wohl enteignet und mit den anderen Steingutfabriken in Colditz zusammengef\u00fchrt, Durchmesser 21 cm<\/p>\n<p><a href=\"http:\/\/museumek.eu\/?attachment_id=56097\" rel=\"attachment wp-att-56097\"><img loading=\"lazy\" src=\"http:\/\/museumek.eu\/wp-content\/uploads\/2021\/04\/Thomsberger-Teller-eins-1-300x297.jpg\" alt=\"\" title=\"Thomsberger Teller eins 1\" width=\"300\" height=\"297\" class=\"alignnone size-medium wp-image-56097\" srcset=\"http:\/\/museumek.eu\/wp-content\/uploads\/2021\/04\/Thomsberger-Teller-eins-1-300x297.jpg 300w, http:\/\/museumek.eu\/wp-content\/uploads\/2021\/04\/Thomsberger-Teller-eins-1-150x148.jpg 150w, http:\/\/museumek.eu\/wp-content\/uploads\/2021\/04\/Thomsberger-Teller-eins-1-302x300.jpg 302w, http:\/\/museumek.eu\/wp-content\/uploads\/2021\/04\/Thomsberger-Teller-eins-1.jpg 484w\" sizes=\"(max-width: 300px) 100vw, 300px\" \/><\/a> <\/p>\n<p><a href=\"http:\/\/museumek.eu\/?attachment_id=56098\" rel=\"attachment wp-att-56098\"><img loading=\"lazy\" src=\"http:\/\/museumek.eu\/wp-content\/uploads\/2021\/04\/Thomsberger-Teller-eins-2-300x297.jpg\" alt=\"\" title=\"Thomsberger Teller eins 2\" width=\"300\" height=\"297\" class=\"alignnone size-medium wp-image-56098\" srcset=\"http:\/\/museumek.eu\/wp-content\/uploads\/2021\/04\/Thomsberger-Teller-eins-2-300x297.jpg 300w, http:\/\/museumek.eu\/wp-content\/uploads\/2021\/04\/Thomsberger-Teller-eins-2-150x148.jpg 150w, http:\/\/museumek.eu\/wp-content\/uploads\/2021\/04\/Thomsberger-Teller-eins-2-302x300.jpg 302w, http:\/\/museumek.eu\/wp-content\/uploads\/2021\/04\/Thomsberger-Teller-eins-2.jpg 484w\" sizes=\"(max-width: 300px) 100vw, 300px\" \/><\/a><\/p>\n<p><a href=\"http:\/\/museumek.eu\/?attachment_id=56099\" rel=\"attachment wp-att-56099\"><img loading=\"lazy\" src=\"http:\/\/museumek.eu\/wp-content\/uploads\/2021\/04\/Thomsberger-Teller-eins-3-300x209.jpg\" alt=\"\" title=\"Thomsberger Teller eins 3\" width=\"300\" height=\"209\" class=\"alignnone size-medium wp-image-56099\" srcset=\"http:\/\/museumek.eu\/wp-content\/uploads\/2021\/04\/Thomsberger-Teller-eins-3-300x209.jpg 300w, http:\/\/museumek.eu\/wp-content\/uploads\/2021\/04\/Thomsberger-Teller-eins-3-150x104.jpg 150w, http:\/\/museumek.eu\/wp-content\/uploads\/2021\/04\/Thomsberger-Teller-eins-3-429x300.jpg 429w, http:\/\/museumek.eu\/wp-content\/uploads\/2021\/04\/Thomsberger-Teller-eins-3.jpg 640w\" sizes=\"(max-width: 300px) 100vw, 300px\" \/><\/a><\/p>\n<p><a href=\"http:\/\/museumek.eu\/?attachment_id=56100\" rel=\"attachment wp-att-56100\"><img loading=\"lazy\" src=\"http:\/\/museumek.eu\/wp-content\/uploads\/2021\/04\/Thomsberger-Teller-eins-4-300x297.jpg\" alt=\"\" title=\"Thomsberger Teller eins 4\" width=\"300\" height=\"297\" class=\"alignnone size-medium wp-image-56100\" srcset=\"http:\/\/museumek.eu\/wp-content\/uploads\/2021\/04\/Thomsberger-Teller-eins-4-300x297.jpg 300w, http:\/\/museumek.eu\/wp-content\/uploads\/2021\/04\/Thomsberger-Teller-eins-4-150x148.jpg 150w, http:\/\/museumek.eu\/wp-content\/uploads\/2021\/04\/Thomsberger-Teller-eins-4-302x300.jpg 302w, http:\/\/museumek.eu\/wp-content\/uploads\/2021\/04\/Thomsberger-Teller-eins-4.jpg 484w\" sizes=\"(max-width: 300px) 100vw, 300px\" \/><\/a><\/p>\n<p><a href=\"http:\/\/museumek.eu\/?attachment_id=56101\" rel=\"attachment wp-att-56101\"><img loading=\"lazy\" src=\"http:\/\/museumek.eu\/wp-content\/uploads\/2021\/04\/Thomsberger-Teller-eins-5-300x251.jpg\" alt=\"\" title=\"Thomsberger Teller eins 5\" width=\"300\" height=\"251\" class=\"alignnone size-medium wp-image-56101\" srcset=\"http:\/\/museumek.eu\/wp-content\/uploads\/2021\/04\/Thomsberger-Teller-eins-5-300x251.jpg 300w, http:\/\/museumek.eu\/wp-content\/uploads\/2021\/04\/Thomsberger-Teller-eins-5-150x125.jpg 150w, http:\/\/museumek.eu\/wp-content\/uploads\/2021\/04\/Thomsberger-Teller-eins-5-357x300.jpg 357w, http:\/\/museumek.eu\/wp-content\/uploads\/2021\/04\/Thomsberger-Teller-eins-5.jpg 572w\" sizes=\"(max-width: 300px) 100vw, 300px\" \/><\/a><\/p>\n<p><strong>Abteilung Deutschland\/B\u00f6hmen, Keramik 1860 \u2013 1960, Inventarnummer D\/CXCIV\/2<\/strong><\/p>\n<p>Steingutfabrik Thomsberger &#038; Hermann und Nachf. Steingutfabrik Thomsberger &#038; Hermann GmbH und Nachf. Steingutfabrik Thomsberger &#038; Hermann AG, Deutschland, Wermsdorf, dann Colditz, vor\/um 1900, Teller, K\u00fcnstler unbekannt, Werks.-Nr. ohne, Exemplar Nr. ohne, gemarkt Firmenmarke Kreis, dieser ringsum innen mit THOMSBERGER &#038; HERMANN COLDITZ IN SACHSEN beschriftet, in der Mitte im Kreis, Punkt, darunter STEINGUT MIT BLEIFREIER GLASUR, darunter wieder ein Punkt, schwarzer Stempel unter Glasur sowie 4 und BV gepresst, nicht signiert, Literatur: Dieter Z\u00fchlsdorff, Markenlexikon Band 1, Porzellan und Keramik Report 1885 &#8211; 1935, Seite 216, Werk-Teil 1., Gruppennummer des Werkteils 2., laufende Nummer innerhalb der Gruppe 2359 identische Marke (dort f\u00fcr die Zeit von 1887 &#8211; (1930), dort geschrieben: Farbstempel in Schwarz unter Glasur) sowie Seite 485, Werk-Teil 3., laufende Nummer des Werkteils 218, dort kurze Beschreibung der Fabrik, weitere Literatur: Ludwig Danckert, Handbuch des Europ\u00e4ischen Porzellans, 7. Auflage, Seite 116, dort die Fabrik nur mit einem Satz erw\u00e4hnt, die Fabrik wurde 1804 von Thomsberger und Hermann, als erste Steingutfabrik, von insgesamt 3 Steingutfabriken (die anderen beiden Steingutfabriken waren die des Karl August Zschau und die Steingutfabrik Colditz AG.), in Wermsdorf, dann Umzug nach Colditz gegr\u00fcndet, Firmierung Steingutfabrik Thomsberger &#038; Hermann, nach 1900 wird die Fabrik GmbH, Firmierung Steingutfabrik Thomsberger &#038; Hermann GmbH, 1918 wird die Fabrik AG, Firmierung Steingutfabrik Thomsberger &#038; Hermann AG, als Inhaber ist nach 1900 Alfred Charles Handmann bekannt, die Fabrik unterhielt in Leipzig ein Musterlager, 1932 wird die Liquidation der Fabrik beschlossen aber bereits ein Jahr sp\u00e4ter nahm die Fabrik erneut die Produktion auf, 1937 wird ein Konkursantrag gestellt, doch nach einem Zwangsvergleich konnte die Fabrik weiter produzieren, wahrscheinlich fand eine sogenannte Arisierung der Fabrik statt, 1939 zahlte die Fabrik wieder Dividenden an die Aktion\u00e4re, letzte Dividenden Zahlung 1951, die Fabrik wird danach wohl enteignet und mit den anderen Steingutfabriken in Colditz zusammengef\u00fchrt, Durchmesser 21 cm<\/p>\n<p><a href=\"http:\/\/museumek.eu\/?attachment_id=56107\" rel=\"attachment wp-att-56107\"><img loading=\"lazy\" src=\"http:\/\/museumek.eu\/wp-content\/uploads\/2021\/04\/Thomsberger-Teller-zwei-1-296x300.jpg\" alt=\"\" title=\"Thomsberger Teller zwei 1\" width=\"296\" height=\"300\" class=\"alignnone size-medium wp-image-56107\" srcset=\"http:\/\/museumek.eu\/wp-content\/uploads\/2021\/04\/Thomsberger-Teller-zwei-1-296x300.jpg 296w, http:\/\/museumek.eu\/wp-content\/uploads\/2021\/04\/Thomsberger-Teller-zwei-1-148x150.jpg 148w, http:\/\/museumek.eu\/wp-content\/uploads\/2021\/04\/Thomsberger-Teller-zwei-1.jpg 480w\" sizes=\"(max-width: 296px) 100vw, 296px\" \/><\/a><\/p>\n<p><a href=\"http:\/\/museumek.eu\/?attachment_id=56108\" rel=\"attachment wp-att-56108\"><img loading=\"lazy\" src=\"http:\/\/museumek.eu\/wp-content\/uploads\/2021\/04\/Thomsberger-Teller-zwei-2-298x300.jpg\" alt=\"\" title=\"Thomsberger Teller zwei 2\" width=\"298\" height=\"300\" class=\"alignnone size-medium wp-image-56108\" srcset=\"http:\/\/museumek.eu\/wp-content\/uploads\/2021\/04\/Thomsberger-Teller-zwei-2-298x300.jpg 298w, http:\/\/museumek.eu\/wp-content\/uploads\/2021\/04\/Thomsberger-Teller-zwei-2-150x150.jpg 150w, http:\/\/museumek.eu\/wp-content\/uploads\/2021\/04\/Thomsberger-Teller-zwei-2.jpg 480w\" sizes=\"(max-width: 298px) 100vw, 298px\" \/><\/a><\/p>\n<p><a href=\"http:\/\/museumek.eu\/?attachment_id=56109\" rel=\"attachment wp-att-56109\"><img loading=\"lazy\" src=\"http:\/\/museumek.eu\/wp-content\/uploads\/2021\/04\/Thomsberger-Teller-zwei-3-300x249.jpg\" alt=\"\" title=\"Thomsberger Teller zwei 3\" width=\"300\" height=\"249\" class=\"alignnone size-medium wp-image-56109\" srcset=\"http:\/\/museumek.eu\/wp-content\/uploads\/2021\/04\/Thomsberger-Teller-zwei-3-300x249.jpg 300w, http:\/\/museumek.eu\/wp-content\/uploads\/2021\/04\/Thomsberger-Teller-zwei-3-150x124.jpg 150w, http:\/\/museumek.eu\/wp-content\/uploads\/2021\/04\/Thomsberger-Teller-zwei-3-361x300.jpg 361w, http:\/\/museumek.eu\/wp-content\/uploads\/2021\/04\/Thomsberger-Teller-zwei-3.jpg 578w\" sizes=\"(max-width: 300px) 100vw, 300px\" \/><\/a><\/p>\n<p><a href=\"http:\/\/museumek.eu\/?attachment_id=56110\" rel=\"attachment wp-att-56110\"><img loading=\"lazy\" src=\"http:\/\/museumek.eu\/wp-content\/uploads\/2021\/04\/Thomsberger-Teller-zwei-4-300x280.jpg\" alt=\"\" title=\"Thomsberger Teller zwei 4\" width=\"300\" height=\"280\" class=\"alignnone size-medium wp-image-56110\" srcset=\"http:\/\/museumek.eu\/wp-content\/uploads\/2021\/04\/Thomsberger-Teller-zwei-4-300x280.jpg 300w, http:\/\/museumek.eu\/wp-content\/uploads\/2021\/04\/Thomsberger-Teller-zwei-4-150x140.jpg 150w, http:\/\/museumek.eu\/wp-content\/uploads\/2021\/04\/Thomsberger-Teller-zwei-4-320x300.jpg 320w, http:\/\/museumek.eu\/wp-content\/uploads\/2021\/04\/Thomsberger-Teller-zwei-4.jpg 513w\" sizes=\"(max-width: 300px) 100vw, 300px\" \/><\/a><\/p>\n<p><a href=\"http:\/\/museumek.eu\/?attachment_id=56111\" rel=\"attachment wp-att-56111\"><img loading=\"lazy\" src=\"http:\/\/museumek.eu\/wp-content\/uploads\/2021\/04\/Thomsberger-Teller-zwei-5-197x300.jpg\" alt=\"\" title=\"Thomsberger Teller zwei 5\" width=\"197\" height=\"300\" class=\"alignnone size-medium wp-image-56111\" srcset=\"http:\/\/museumek.eu\/wp-content\/uploads\/2021\/04\/Thomsberger-Teller-zwei-5-197x300.jpg 197w, http:\/\/museumek.eu\/wp-content\/uploads\/2021\/04\/Thomsberger-Teller-zwei-5-98x150.jpg 98w, http:\/\/museumek.eu\/wp-content\/uploads\/2021\/04\/Thomsberger-Teller-zwei-5.jpg 421w\" sizes=\"(max-width: 197px) 100vw, 197px\" \/><\/a><\/p>\n<p><a href=\"http:\/\/museumek.eu\/?attachment_id=56112\" rel=\"attachment wp-att-56112\"><img loading=\"lazy\" src=\"http:\/\/museumek.eu\/wp-content\/uploads\/2021\/04\/Thomsberger-Teller-zwei-6-300x240.jpg\" alt=\"\" title=\"Thomsberger Teller zwei 6\" width=\"300\" height=\"240\" class=\"alignnone size-medium wp-image-56112\" srcset=\"http:\/\/museumek.eu\/wp-content\/uploads\/2021\/04\/Thomsberger-Teller-zwei-6-300x240.jpg 300w, http:\/\/museumek.eu\/wp-content\/uploads\/2021\/04\/Thomsberger-Teller-zwei-6-150x120.jpg 150w, http:\/\/museumek.eu\/wp-content\/uploads\/2021\/04\/Thomsberger-Teller-zwei-6-375x300.jpg 375w, http:\/\/museumek.eu\/wp-content\/uploads\/2021\/04\/Thomsberger-Teller-zwei-6.jpg 600w\" sizes=\"(max-width: 300px) 100vw, 300px\" \/><\/a><\/p>\n<p><strong>Abteilung Deutschland\/B\u00f6hmen, Keramik 1860 \u2013 1960, Inventarnummer D\/CXCIV\/3<\/strong><\/p>\n<p>Steingutfabrik Thomsberger &#038; Hermann und Nachf. Steingutfabrik Thomsberger &#038; Hermann GmbH und Nachf. Steingutfabrik Thomsberger &#038; Hermann AG, Deutschland, Wermsdorf, dann Colditz, um 1930, Vase, K\u00fcnstler unbekannt, Werks.-Nr. 1262\/2, Exemplar Nr. ohne, gemarkt Firmenmarke T &#038; H, darunter Colditz brauner Stempel unter Glasur sowie 1262\/2 gepresst, nicht signiert, Literatur: Dieter Z\u00fchlsdorff, Markenlexikon Band 1, Porzellan und Keramik Report 1885 &#8211; 1935, Seite 68, Werk-Teil 1., Gruppennummer des Werkteils 1., laufende Nummer innerhalb der Gruppe 1280 \u00e4hnliche Marke (dort T &#038; H in einem gro\u00dfen C (f\u00fcr Colditz), dort f\u00fcr die Zeit von 1910 &#8211; 1930) sowie Seite 485, Werk-Teil 3., laufende Nummer des Werkteils 218, dort kurze Beschreibung der Fabrik, weitere Literatur: Ludwig Danckert, Handbuch des Europ\u00e4ischen Porzellans, 7. Auflage, Seite 116, dort die Fabrik nur mit einem Satz erw\u00e4hnt, die Fabrik wurde 1804 von Thomsberger und Hermann, als erste Steingutfabrik, von insgesamt 3 Steingutfabriken (die anderen beiden Steingutfabriken waren die des Karl August Zschau und die Steingutfabrik Colditz AG.), in Wermsdorf, dann Umzug nach Colditz gegr\u00fcndet, Firmierung Steingutfabrik Thomsberger &#038; Hermann, nach 1900 wird die Fabrik GmbH, Firmierung Steingutfabrik Thomsberger &#038; Hermann GmbH, 1918 wird die Fabrik AG, Firmierung Steingutfabrik Thomsberger &#038; Hermann AG, als Inhaber ist nach 1900 Alfred Charles Handmann bekannt, die Fabrik unterhielt in Leipzig ein Musterlager, 1932 wird die Liquidation der Fabrik beschlossen aber bereits ein Jahr sp\u00e4ter nahm die Fabrik erneut die Produktion auf, 1937 wird ein Konkursantrag gestellt, doch nach einem Zwangsvergleich konnte die Fabrik weiter produzieren, wahrscheinlich fand eine sogenannte Arisierung der Fabrik statt, 1939 zahlte die Fabrik wieder Dividenden an die Aktion\u00e4re, letzte Dividenden Zahlung 1951, die Fabrik wird danach wohl enteignet und mit den anderen Steingutfabriken in Colditz zusammengef\u00fchrt, H\u00f6he 14 cm, Breite 16 cm<\/p>\n<p><a href=\"http:\/\/museumek.eu\/?attachment_id=57985\" rel=\"attachment wp-att-57985\"><img loading=\"lazy\" src=\"http:\/\/museumek.eu\/wp-content\/uploads\/2021\/04\/Thomsberger-blaue-Vase-art-deco-1-300x290.jpg\" alt=\"\" title=\"Thomsberger blaue Vase art deco 1\" width=\"300\" height=\"290\" class=\"alignnone size-medium wp-image-57985\" srcset=\"http:\/\/museumek.eu\/wp-content\/uploads\/2021\/04\/Thomsberger-blaue-Vase-art-deco-1-300x290.jpg 300w, http:\/\/museumek.eu\/wp-content\/uploads\/2021\/04\/Thomsberger-blaue-Vase-art-deco-1-150x145.jpg 150w, http:\/\/museumek.eu\/wp-content\/uploads\/2021\/04\/Thomsberger-blaue-Vase-art-deco-1-309x300.jpg 309w, http:\/\/museumek.eu\/wp-content\/uploads\/2021\/04\/Thomsberger-blaue-Vase-art-deco-1.jpg 495w\" sizes=\"(max-width: 300px) 100vw, 300px\" \/><\/a><\/p>\n<p><a href=\"http:\/\/museumek.eu\/?attachment_id=57986\" rel=\"attachment wp-att-57986\"><img loading=\"lazy\" src=\"http:\/\/museumek.eu\/wp-content\/uploads\/2021\/04\/Thomsberger-blaue-Vase-art-deco-2-293x300.jpg\" alt=\"\" title=\"Thomsberger blaue Vase art deco 2\" width=\"293\" height=\"300\" class=\"alignnone size-medium wp-image-57986\" srcset=\"http:\/\/museumek.eu\/wp-content\/uploads\/2021\/04\/Thomsberger-blaue-Vase-art-deco-2-293x300.jpg 293w, http:\/\/museumek.eu\/wp-content\/uploads\/2021\/04\/Thomsberger-blaue-Vase-art-deco-2-146x150.jpg 146w, http:\/\/museumek.eu\/wp-content\/uploads\/2021\/04\/Thomsberger-blaue-Vase-art-deco-2.jpg 480w\" sizes=\"(max-width: 293px) 100vw, 293px\" \/><\/a><\/p>\n<p><a href=\"http:\/\/museumek.eu\/?attachment_id=57987\" rel=\"attachment wp-att-57987\"><img loading=\"lazy\" src=\"http:\/\/museumek.eu\/wp-content\/uploads\/2021\/04\/Thomsberger-blaue-Vase-art-deco-3-300x300.jpg\" alt=\"\" title=\"Thomsberger blaue Vase art deco 3\" width=\"300\" height=\"300\" class=\"alignnone size-medium wp-image-57987\" srcset=\"http:\/\/museumek.eu\/wp-content\/uploads\/2021\/04\/Thomsberger-blaue-Vase-art-deco-3-300x300.jpg 300w, http:\/\/museumek.eu\/wp-content\/uploads\/2021\/04\/Thomsberger-blaue-Vase-art-deco-3-150x150.jpg 150w, http:\/\/museumek.eu\/wp-content\/uploads\/2021\/04\/Thomsberger-blaue-Vase-art-deco-3.jpg 481w\" sizes=\"(max-width: 300px) 100vw, 300px\" \/><\/a><\/p>\n<p><a href=\"http:\/\/museumek.eu\/?attachment_id=57988\" rel=\"attachment wp-att-57988\"><img loading=\"lazy\" src=\"http:\/\/museumek.eu\/wp-content\/uploads\/2021\/04\/Thomsberger-blaue-Vase-art-deco-4-283x300.jpg\" alt=\"\" title=\"Thomsberger blaue Vase art deco 4\" width=\"283\" height=\"300\" class=\"alignnone size-medium wp-image-57988\" srcset=\"http:\/\/museumek.eu\/wp-content\/uploads\/2021\/04\/Thomsberger-blaue-Vase-art-deco-4-283x300.jpg 283w, http:\/\/museumek.eu\/wp-content\/uploads\/2021\/04\/Thomsberger-blaue-Vase-art-deco-4-141x150.jpg 141w, http:\/\/museumek.eu\/wp-content\/uploads\/2021\/04\/Thomsberger-blaue-Vase-art-deco-4.jpg 480w\" sizes=\"(max-width: 283px) 100vw, 283px\" \/><\/a><\/p>\n<p><a href=\"http:\/\/museumek.eu\/?attachment_id=57989\" rel=\"attachment wp-att-57989\"><img loading=\"lazy\" src=\"http:\/\/museumek.eu\/wp-content\/uploads\/2021\/04\/Thomsberger-blaue-Vase-art-deco-5-298x300.jpg\" alt=\"\" title=\"Thomsberger blaue Vase art deco 5\" width=\"298\" height=\"300\" class=\"alignnone size-medium wp-image-57989\" srcset=\"http:\/\/museumek.eu\/wp-content\/uploads\/2021\/04\/Thomsberger-blaue-Vase-art-deco-5-298x300.jpg 298w, http:\/\/museumek.eu\/wp-content\/uploads\/2021\/04\/Thomsberger-blaue-Vase-art-deco-5-150x150.jpg 150w, http:\/\/museumek.eu\/wp-content\/uploads\/2021\/04\/Thomsberger-blaue-Vase-art-deco-5.jpg 480w\" sizes=\"(max-width: 298px) 100vw, 298px\" \/><\/a><\/p>\n<p><a href=\"http:\/\/museumek.eu\/?attachment_id=57990\" rel=\"attachment wp-att-57990\"><img loading=\"lazy\" src=\"http:\/\/museumek.eu\/wp-content\/uploads\/2021\/04\/Thomsberger-blaue-Vase-art-deco-6-275x300.jpg\" alt=\"\" title=\"Thomsberger blaue Vase art deco 6\" width=\"275\" height=\"300\" class=\"alignnone size-medium wp-image-57990\" srcset=\"http:\/\/museumek.eu\/wp-content\/uploads\/2021\/04\/Thomsberger-blaue-Vase-art-deco-6-275x300.jpg 275w, http:\/\/museumek.eu\/wp-content\/uploads\/2021\/04\/Thomsberger-blaue-Vase-art-deco-6-137x150.jpg 137w, http:\/\/museumek.eu\/wp-content\/uploads\/2021\/04\/Thomsberger-blaue-Vase-art-deco-6.jpg 480w\" sizes=\"(max-width: 275px) 100vw, 275px\" \/><\/a><\/p>\n<p><a href=\"http:\/\/museumek.eu\/?attachment_id=57991\" rel=\"attachment wp-att-57991\"><img loading=\"lazy\" src=\"http:\/\/museumek.eu\/wp-content\/uploads\/2021\/04\/Thomsberger-blaue-Vase-art-deco-7-300x234.jpg\" alt=\"\" title=\"Thomsberger blaue Vase art deco 7\" width=\"300\" height=\"234\" class=\"alignnone size-medium wp-image-57991\" srcset=\"http:\/\/museumek.eu\/wp-content\/uploads\/2021\/04\/Thomsberger-blaue-Vase-art-deco-7-300x234.jpg 300w, http:\/\/museumek.eu\/wp-content\/uploads\/2021\/04\/Thomsberger-blaue-Vase-art-deco-7-150x117.jpg 150w, http:\/\/museumek.eu\/wp-content\/uploads\/2021\/04\/Thomsberger-blaue-Vase-art-deco-7-383x300.jpg 383w, http:\/\/museumek.eu\/wp-content\/uploads\/2021\/04\/Thomsberger-blaue-Vase-art-deco-7.jpg 614w\" sizes=\"(max-width: 300px) 100vw, 300px\" \/><\/a><\/p>\n<p><a href=\"http:\/\/museumek.eu\/?attachment_id=57992\" rel=\"attachment wp-att-57992\"><img loading=\"lazy\" src=\"http:\/\/museumek.eu\/wp-content\/uploads\/2021\/04\/Thomsberger-blaue-Vase-art-deco-8-300x175.jpg\" alt=\"\" title=\"Thomsberger blaue Vase art deco 8\" width=\"300\" height=\"175\" class=\"alignnone size-medium wp-image-57992\" srcset=\"http:\/\/museumek.eu\/wp-content\/uploads\/2021\/04\/Thomsberger-blaue-Vase-art-deco-8-300x175.jpg 300w, http:\/\/museumek.eu\/wp-content\/uploads\/2021\/04\/Thomsberger-blaue-Vase-art-deco-8-150x87.jpg 150w, http:\/\/museumek.eu\/wp-content\/uploads\/2021\/04\/Thomsberger-blaue-Vase-art-deco-8-500x292.jpg 500w, http:\/\/museumek.eu\/wp-content\/uploads\/2021\/04\/Thomsberger-blaue-Vase-art-deco-8.jpg 640w\" sizes=\"(max-width: 300px) 100vw, 300px\" \/><\/a><\/p>\n","protected":false},"excerpt":{"rendered":"<p>Abteilung Deutschland\/B\u00f6hmen, Keramik 1860 \u2013 1960, Inventarnummer D\/CXCIV\/1 Steingutfabrik Thomsberger &#038; Hermann und Nachf. Steingutfabrik Thomsberger &#038; Hermann GmbH und Nachf. Steingutfabrik Thomsberger &#038; Hermann AG, Deutschland, Wermsdorf, dann Colditz, vor\/um 1900, Teller, K\u00fcnstler unbekannt, Werks.-Nr. ohne, Exemplar Nr. ohne, &hellip; <a href=\"http:\/\/museumek.eu\/?page_id=56096\">Weiterlesen <span class=\"meta-nav\">&rarr;<\/span><\/a><\/p>\n","protected":false},"author":1,"featured_media":0,"parent":56039,"menu_order":1,"comment_status":"closed","ping_status":"open","template":"","meta":[],"_links":{"self":[{"href":"http:\/\/museumek.eu\/index.php?rest_route=\/wp\/v2\/pages\/56096"}],"collection":[{"href":"http:\/\/museumek.eu\/index.php?rest_route=\/wp\/v2\/pages"}],"about":[{"href":"http:\/\/museumek.eu\/index.php?rest_route=\/wp\/v2\/types\/page"}],"author":[{"embeddable":true,"href":"http:\/\/museumek.eu\/index.php?rest_route=\/wp\/v2\/users\/1"}],"replies":[{"embeddable":true,"href":"http:\/\/museumek.eu\/index.php?rest_route=%2Fwp%2Fv2%2Fcomments&post=56096"}],"version-history":[{"count":13,"href":"http:\/\/museumek.eu\/index.php?rest_route=\/wp\/v2\/pages\/56096\/revisions"}],"predecessor-version":[{"id":57998,"href":"http:\/\/museumek.eu\/index.php?rest_route=\/wp\/v2\/pages\/56096\/revisions\/57998"}],"up":[{"embeddable":true,"href":"http:\/\/museumek.eu\/index.php?rest_route=\/wp\/v2\/pages\/56039"}],"wp:attachment":[{"href":"http:\/\/museumek.eu\/index.php?rest_route=%2Fwp%2Fv2%2Fmedia&parent=56096"}],"curies":[{"name":"wp","href":"https:\/\/api.w.org\/{rel}","templated":true}]}}