{"id":56162,"date":"2021-04-24T21:04:01","date_gmt":"2021-04-24T19:04:01","guid":{"rendered":"http:\/\/museumek.eu\/?page_id=56162"},"modified":"2021-04-24T21:04:01","modified_gmt":"2021-04-24T19:04:01","slug":"dcxcv1","status":"publish","type":"page","link":"http:\/\/museumek.eu\/?page_id=56162","title":{"rendered":"D\/CXCV\/1"},"content":{"rendered":"<p><strong>Abteilung Deutschland, Keramik 1860 \u2013 1960, Inventarnummer D\/CXCV\/1<\/strong><\/p>\n<p>Porzellanfabrik Freiberg\/Zweigniederlassung der Porzellanfabrik Kahla AG und Nachf. Hermsdorf-Schomburg-Isolatoren GmbH, Deutschland, Freiberg, 1924 &#8211; 1929, Ziertasse mit Unterteller, K\u00fcnstler unbekannt, Werks.-Nr. ohne, Exemplar Nr. ohne, gemarkt Tasse: Firmenmarke drei miteinander verbundene, unten offene Dreiecke (\u00e4hnlich 3 Hausd\u00e4chern), darunter FREIBERG, darunter zwei waagerechte Linien, darunter GERMANY gr\u00fcner Stempel unter Glasur, Teller: gleiche Firmenmarke gr\u00fcn unter Glasur und zus\u00e4tzlich eine weitere Marke ein Isolator, darunter M\u00c4RTZ, darunter CHEMNITZ (alle Worte mit dem Isolator verbunden) gr\u00fcner Stempel unter Glasur sowie 6 gr\u00fcner Stempel unter Glasur, nicht signiert, Literatur: Dieter Z\u00fchlsdorff, Markenlexikon Band 1, Porzellan und Keramik Report 1885 &#8211; 1935, Seite 150, Werk-Teil 1., Gruppennummer des Werkteils 2., laufende Nummer innerhalb der Gruppe 710, identische Marke (dort g\u00fcltig f\u00fcr die Zeit 1926 &#8211; 1932) sowie Seite 503, Werk-Teil 3., laufende Nummer des Werkteils 377, dort kurze und unvollst\u00e4ndige Beschreibung der Fabrik, weitere Literatur, Ludwig Danckert, Handbuch des Europ\u00e4ischen Porzellans, 7. Auflage, Seite 186, kurze etwas falsche und unvollst\u00e4ndige Beschreibung der Fabrik sowie Marke 319 identische (die Marke wurde am 20.10.1926 ins RWZR eingetragen), weitere Literatur: Robert E. R\u00f6ntgen, Deutsche Porzellanmarken von 1710 bis heute, Seite 93\/94, kurze unvollst\u00e4ndige Beschreibung der Fabrik und Seite 94, Marken 571 bis 573 \u00e4hnlich (dort g\u00fcltig f\u00fcr die Zeit 1926 &#8211; ca. 1932), die Porzellanfabrik Freiberg wurde 1904 als Zweigniederlassung der Porzellanfabrik Kahla AG gegr\u00fcndet, Firmierung Porzellanfabrik Freiberg, Zweigniederlassung der Porzellanfabrik Kahla AG, F\u00f6rderung durch die Stadtverwaltung als Ausgleichsma\u00dfnahme gegen den in Einstellung begriffenen Bergbau, Aufnahme von freien Arbeitskr\u00e4ften aus dem Bergbau, 1904-06 Errichtung eines modernen, architektonisch bemerkenswerten Industrieneubaus an der Frauensteiner Stra\u00dfe mit sechs Rund\u00f6fen und eigenem Dampfkraftwerk, 1906 im August erster Porzellanbrand, rasche Ausweitung der Produktion, 1911 Inbetriebnahme des 4-Ofenbaus, 1914 das Unternehmen z\u00e4hlt 400 Besch\u00e4ftigte, 1921 Inbetriebnahme eines modernen, hochproduktiven Tunnelofens eigener Konstruktion, Fertigstellung der Arbeiterwohnsiedlung am Bertholdsweg, 1922 Vereinigung mit anderen Porzellanfabriken zur Hermsdorf-Schomburg-Isolatoren GmbH, weltweiter Export von elektrotechnischem Porzellan, Errichtung des Verwaltungsgeb\u00e4udes durch Architekt Hans Wiesinger aus Dresden, 715 Besch\u00e4ftigte, 1923 die erste \u00bb1 Mio.-Volt-Wechselspannungs-Pr\u00fcfanlage\u00ab Europas wird in Betrieb genommen, 1924 Beginn der Produktion von Haushaltporzellan (Fertigung bis 1929), 1925\/26 Errichtung eines Malereigeb\u00e4udes, vor 1929 Einstellung der Produktion von Hochspannungsporzellan und Konzentration auf Niederspannungsporzellan, 1930 das Keramische Zentrallabor wird nach Hermsdorf verlegt und 1936 die Hochspannungspr\u00fcfanlage nach Gro\u00df-Dubrau, 1931 sind 14 Rund\u00f6fen und ein Tunnelofen mit einem Bruttoofenraum von 925 m in Betrieb, die Belegschaftszahl betr\u00e4gt 770, 1932 Stilllegung des Unternehmens infolge der Weltwirtschaftskrise,<br \/>\nH\u00f6he Tasse 3,5 cm, Breite Tasse 8,3, Durchmesser Teller 12,4 cm<\/p>\n<p><a href=\"http:\/\/museumek.eu\/?attachment_id=56138\" rel=\"attachment wp-att-56138\"><img loading=\"lazy\" src=\"http:\/\/museumek.eu\/wp-content\/uploads\/2021\/04\/Freiberg-Tasse-und-Unterteller-1-300x175.jpg\" alt=\"\" title=\"Freiberg Tasse und Unterteller 1\" width=\"300\" height=\"175\" class=\"alignnone size-medium wp-image-56138\" srcset=\"http:\/\/museumek.eu\/wp-content\/uploads\/2021\/04\/Freiberg-Tasse-und-Unterteller-1-300x175.jpg 300w, http:\/\/museumek.eu\/wp-content\/uploads\/2021\/04\/Freiberg-Tasse-und-Unterteller-1-150x87.jpg 150w, http:\/\/museumek.eu\/wp-content\/uploads\/2021\/04\/Freiberg-Tasse-und-Unterteller-1-500x292.jpg 500w, http:\/\/museumek.eu\/wp-content\/uploads\/2021\/04\/Freiberg-Tasse-und-Unterteller-1.jpg 640w\" sizes=\"(max-width: 300px) 100vw, 300px\" \/><\/a><\/p>\n<p><a href=\"http:\/\/museumek.eu\/?attachment_id=56139\" rel=\"attachment wp-att-56139\"><img loading=\"lazy\" src=\"http:\/\/museumek.eu\/wp-content\/uploads\/2021\/04\/Freiberg-Tasse-und-Unterteller-2-300x217.jpg\" alt=\"\" title=\"Freiberg Tasse und Unterteller 2\" width=\"300\" height=\"217\" class=\"alignnone size-medium wp-image-56139\" srcset=\"http:\/\/museumek.eu\/wp-content\/uploads\/2021\/04\/Freiberg-Tasse-und-Unterteller-2-300x217.jpg 300w, http:\/\/museumek.eu\/wp-content\/uploads\/2021\/04\/Freiberg-Tasse-und-Unterteller-2-150x108.jpg 150w, http:\/\/museumek.eu\/wp-content\/uploads\/2021\/04\/Freiberg-Tasse-und-Unterteller-2-412x300.jpg 412w, http:\/\/museumek.eu\/wp-content\/uploads\/2021\/04\/Freiberg-Tasse-und-Unterteller-2.jpg 640w\" sizes=\"(max-width: 300px) 100vw, 300px\" \/><\/a><\/p>\n<p><a href=\"http:\/\/museumek.eu\/?attachment_id=56140\" rel=\"attachment wp-att-56140\"><img loading=\"lazy\" src=\"http:\/\/museumek.eu\/wp-content\/uploads\/2021\/04\/Freiberg-Tasse-und-Unterteller-3-300x256.jpg\" alt=\"\" title=\"Freiberg Tasse und Unterteller 3\" width=\"300\" height=\"256\" class=\"alignnone size-medium wp-image-56140\" srcset=\"http:\/\/museumek.eu\/wp-content\/uploads\/2021\/04\/Freiberg-Tasse-und-Unterteller-3-300x256.jpg 300w, http:\/\/museumek.eu\/wp-content\/uploads\/2021\/04\/Freiberg-Tasse-und-Unterteller-3-150x128.jpg 150w, http:\/\/museumek.eu\/wp-content\/uploads\/2021\/04\/Freiberg-Tasse-und-Unterteller-3-351x300.jpg 351w, http:\/\/museumek.eu\/wp-content\/uploads\/2021\/04\/Freiberg-Tasse-und-Unterteller-3.jpg 562w\" sizes=\"(max-width: 300px) 100vw, 300px\" \/><\/a><\/p>\n<p><a href=\"http:\/\/museumek.eu\/?attachment_id=56141\" rel=\"attachment wp-att-56141\"><img loading=\"lazy\" src=\"http:\/\/museumek.eu\/wp-content\/uploads\/2021\/04\/Freiberg-Tasse-und-Unterteller-4-300x222.jpg\" alt=\"\" title=\"Freiberg Tasse und Unterteller 4\" width=\"300\" height=\"222\" class=\"alignnone size-medium wp-image-56141\" srcset=\"http:\/\/museumek.eu\/wp-content\/uploads\/2021\/04\/Freiberg-Tasse-und-Unterteller-4-300x222.jpg 300w, http:\/\/museumek.eu\/wp-content\/uploads\/2021\/04\/Freiberg-Tasse-und-Unterteller-4-150x111.jpg 150w, http:\/\/museumek.eu\/wp-content\/uploads\/2021\/04\/Freiberg-Tasse-und-Unterteller-4-405x300.jpg 405w, http:\/\/museumek.eu\/wp-content\/uploads\/2021\/04\/Freiberg-Tasse-und-Unterteller-4.jpg 640w\" sizes=\"(max-width: 300px) 100vw, 300px\" \/><\/a><\/p>\n<p><a href=\"http:\/\/museumek.eu\/?attachment_id=56142\" rel=\"attachment wp-att-56142\"><img loading=\"lazy\" src=\"http:\/\/museumek.eu\/wp-content\/uploads\/2021\/04\/Freiberg-Tasse-und-Unterteller-5-291x300.jpg\" alt=\"\" title=\"Freiberg Tasse und Unterteller 5\" width=\"291\" height=\"300\" class=\"alignnone size-medium wp-image-56142\" srcset=\"http:\/\/museumek.eu\/wp-content\/uploads\/2021\/04\/Freiberg-Tasse-und-Unterteller-5-291x300.jpg 291w, http:\/\/museumek.eu\/wp-content\/uploads\/2021\/04\/Freiberg-Tasse-und-Unterteller-5-145x150.jpg 145w, http:\/\/museumek.eu\/wp-content\/uploads\/2021\/04\/Freiberg-Tasse-und-Unterteller-5.jpg 480w\" sizes=\"(max-width: 291px) 100vw, 291px\" \/><\/a><\/p>\n<p><a href=\"http:\/\/museumek.eu\/?attachment_id=56143\" rel=\"attachment wp-att-56143\"><img loading=\"lazy\" src=\"http:\/\/museumek.eu\/wp-content\/uploads\/2021\/04\/Freiberg-Tasse-und-Unterteller-6-295x300.jpg\" alt=\"\" title=\"Freiberg Tasse und Unterteller 6\" width=\"295\" height=\"300\" class=\"alignnone size-medium wp-image-56143\" srcset=\"http:\/\/museumek.eu\/wp-content\/uploads\/2021\/04\/Freiberg-Tasse-und-Unterteller-6-295x300.jpg 295w, http:\/\/museumek.eu\/wp-content\/uploads\/2021\/04\/Freiberg-Tasse-und-Unterteller-6-147x150.jpg 147w, http:\/\/museumek.eu\/wp-content\/uploads\/2021\/04\/Freiberg-Tasse-und-Unterteller-6.jpg 480w\" sizes=\"(max-width: 295px) 100vw, 295px\" \/><\/a><\/p>\n<p><a href=\"http:\/\/museumek.eu\/?attachment_id=56144\" rel=\"attachment wp-att-56144\"><img loading=\"lazy\" src=\"http:\/\/museumek.eu\/wp-content\/uploads\/2021\/04\/Freiberg-Tasse-und-Unterteller-7-300x272.jpg\" alt=\"\" title=\"Freiberg Tasse und Unterteller 7\" width=\"300\" height=\"272\" class=\"alignnone size-medium wp-image-56144\" srcset=\"http:\/\/museumek.eu\/wp-content\/uploads\/2021\/04\/Freiberg-Tasse-und-Unterteller-7-300x272.jpg 300w, http:\/\/museumek.eu\/wp-content\/uploads\/2021\/04\/Freiberg-Tasse-und-Unterteller-7-150x136.jpg 150w, http:\/\/museumek.eu\/wp-content\/uploads\/2021\/04\/Freiberg-Tasse-und-Unterteller-7-330x300.jpg 330w, http:\/\/museumek.eu\/wp-content\/uploads\/2021\/04\/Freiberg-Tasse-und-Unterteller-7.jpg 529w\" sizes=\"(max-width: 300px) 100vw, 300px\" \/><\/a><\/p>\n<p><a href=\"http:\/\/museumek.eu\/?attachment_id=56145\" rel=\"attachment wp-att-56145\"><img loading=\"lazy\" src=\"http:\/\/museumek.eu\/wp-content\/uploads\/2021\/04\/Freiberg-Tasse-und-Unterteller-8-170x300.jpg\" alt=\"\" title=\"Freiberg Tasse und Unterteller 8\" width=\"170\" height=\"300\" class=\"alignnone size-medium wp-image-56145\" srcset=\"http:\/\/museumek.eu\/wp-content\/uploads\/2021\/04\/Freiberg-Tasse-und-Unterteller-8-170x300.jpg 170w, http:\/\/museumek.eu\/wp-content\/uploads\/2021\/04\/Freiberg-Tasse-und-Unterteller-8-85x150.jpg 85w, http:\/\/museumek.eu\/wp-content\/uploads\/2021\/04\/Freiberg-Tasse-und-Unterteller-8.jpg 364w\" sizes=\"(max-width: 170px) 100vw, 170px\" \/><\/a><\/p>\n<p><a href=\"http:\/\/museumek.eu\/?attachment_id=56146\" rel=\"attachment wp-att-56146\"><img loading=\"lazy\" src=\"http:\/\/museumek.eu\/wp-content\/uploads\/2021\/04\/Freiberg-Tasse-und-Unterteller-9-254x300.jpg\" alt=\"\" title=\"Freiberg Tasse und Unterteller 9\" width=\"254\" height=\"300\" class=\"alignnone size-medium wp-image-56146\" srcset=\"http:\/\/museumek.eu\/wp-content\/uploads\/2021\/04\/Freiberg-Tasse-und-Unterteller-9-254x300.jpg 254w, http:\/\/museumek.eu\/wp-content\/uploads\/2021\/04\/Freiberg-Tasse-und-Unterteller-9-127x150.jpg 127w, http:\/\/museumek.eu\/wp-content\/uploads\/2021\/04\/Freiberg-Tasse-und-Unterteller-9.jpg 480w\" sizes=\"(max-width: 254px) 100vw, 254px\" \/><\/a><\/p>\n","protected":false},"excerpt":{"rendered":"<p>Abteilung Deutschland, Keramik 1860 \u2013 1960, Inventarnummer D\/CXCV\/1 Porzellanfabrik Freiberg\/Zweigniederlassung der Porzellanfabrik Kahla AG und Nachf. Hermsdorf-Schomburg-Isolatoren GmbH, Deutschland, Freiberg, 1924 &#8211; 1929, Ziertasse mit Unterteller, K\u00fcnstler unbekannt, Werks.-Nr. ohne, Exemplar Nr. ohne, gemarkt Tasse: Firmenmarke drei miteinander verbundene, unten &hellip; <a href=\"http:\/\/museumek.eu\/?page_id=56162\">Weiterlesen <span class=\"meta-nav\">&rarr;<\/span><\/a><\/p>\n","protected":false},"author":1,"featured_media":0,"parent":56160,"menu_order":1,"comment_status":"closed","ping_status":"open","template":"","meta":[],"_links":{"self":[{"href":"http:\/\/museumek.eu\/index.php?rest_route=\/wp\/v2\/pages\/56162"}],"collection":[{"href":"http:\/\/museumek.eu\/index.php?rest_route=\/wp\/v2\/pages"}],"about":[{"href":"http:\/\/museumek.eu\/index.php?rest_route=\/wp\/v2\/types\/page"}],"author":[{"embeddable":true,"href":"http:\/\/museumek.eu\/index.php?rest_route=\/wp\/v2\/users\/1"}],"replies":[{"embeddable":true,"href":"http:\/\/museumek.eu\/index.php?rest_route=%2Fwp%2Fv2%2Fcomments&post=56162"}],"version-history":[{"count":2,"href":"http:\/\/museumek.eu\/index.php?rest_route=\/wp\/v2\/pages\/56162\/revisions"}],"predecessor-version":[{"id":56164,"href":"http:\/\/museumek.eu\/index.php?rest_route=\/wp\/v2\/pages\/56162\/revisions\/56164"}],"up":[{"embeddable":true,"href":"http:\/\/museumek.eu\/index.php?rest_route=\/wp\/v2\/pages\/56160"}],"wp:attachment":[{"href":"http:\/\/museumek.eu\/index.php?rest_route=%2Fwp%2Fv2%2Fmedia&parent=56162"}],"curies":[{"name":"wp","href":"https:\/\/api.w.org\/{rel}","templated":true}]}}