{"id":57125,"date":"2021-05-22T21:14:42","date_gmt":"2021-05-22T19:14:42","guid":{"rendered":"http:\/\/museumek.eu\/?page_id=57125"},"modified":"2021-05-22T21:22:13","modified_gmt":"2021-05-22T19:22:13","slug":"57125-2","status":"publish","type":"page","link":"http:\/\/museumek.eu\/?page_id=57125","title":{"rendered":"D\/CLXIX\/3"},"content":{"rendered":"<p><strong>Abteilung Deutschland, Keramik 1860 \u2013 1960, Inventarnummer D\/CLXIX\/3<\/strong><\/p>\n<p>Porzellanfabrik Gebr\u00fcder Schoenau und Nachf. Porzellanfabrik Gebr. Schoenau, Swaine &#038; Co. GmbH, Deutschland, H\u00fcttensteinach, um 1934, Schale mit zwei Handhaben, K\u00fcnstler unbekannt, Werks.-Nr. ohne, Exemplar Nr. ohne, gemarkt Firmenmarke eine Krone (?), die oben mittig in einem Kreis ist, w\u00e4hrend sich unten mittig im Kreis ein waagerechter Strich befindet, unter diesem Strich SCHOENAU, darunter wieder ein waagerechter Strich, in dem Kreis der Buchstabe S (f\u00fcr Schoenau) in einer H\u00fctten \u00e4hnlichen Umrahmung dunkelgr\u00fcner Stempel unter Glasur, Handmalerei sowie 2102 in Gold auf Glasur gemalt, nicht signiert, Robert E. R\u00f6ntgen, Deutsche Porzellanmarken von 1710 bis heute, Seite 139, Marke Nr. 1009 identisch (dort beschrieben f\u00fcr die Zeit von 1933 bis 1956), weitere Literatur: Dieter Z\u00fchlsdorff, Markenlexikon Band 1, Porzellan und Keramik Report 1885 &#8211; 1935, Seite 267, Werkteil 1., Gruppennummer 4., laufende Nummer der Gruppe 548, dort identische Marke (f\u00fcr die Zeit ab 1930) sowie Seite 525, Werkteil Nr. 3., laufende Nummer des Werkteils 553, dort Beschreibung der Fabrik, weitere Literatur: Ludwig Danckert, Handbuch des Europ\u00e4ischen Porzellans, 7. Auflage, Seite 249, Beschreibung der Fabrik sowie Seite 250, Marke 428 identisch (die Marke wurde am 22.02.1934 ins RWZR eingetragen), die Firmengeschichte der Fabrik hat enge historische Verbindungen zur Porzellanfabrik Swaine &#038; Co., mit der sie sich letztlich 1920 vereinigte, insofern greift das MEK bei der Fabrikbeschreibung auch auf die Historie der Porzellanfabrik Swaine &#038; Co. zur\u00fcck, 1854 gr\u00fcndete Robert Swaine die Porzellanfabrik in H\u00fcttensteinach, Firmierung Porzellanfabrik Swaine &#038; Co., zuvor war Robert Swaine Mitgesellschafter einer anderen Porzellanfabrik in H\u00fcttensteinach, deren Teilhaber er durch Abkauf der Anteile des Herrn August Arnoldi wurde, gegr\u00fcndet wurde diese Porzellanfabrik 1817 durch den Kommerzienrat Greiner aus Meiningen und den Hofkammerrat K\u00fcnzel, das ist insofern interessant, weil diese Porzellanfabrik 1859 durch die Br\u00fcder Carl und Eduard Schoenau ersteigert und an die Porzellanfabrik Swaine und Co. verpachtet wurde, insofern ist anzunehmen, dass die Porzellanfabrik Swaine und Co. seit 1859 an zwei Standorten in H\u00fcttensteinach Porzellan produzierte, zumindest bis 1864, als die Br\u00fcder Schoenau selbst in dieser Fabrik die Porzellan Produktion aufnahmen, die Firmierung der Porzellanfabrik ist von 1817 bis 1864 nicht gekl\u00e4rt aber ab 1864 sicher Porzellanfabrik Gebr\u00fcder Schoenau, 1856 tritt der Bruder von Robert Swaine, William Swaine in die Porzellanfabrik Swaine &#038; Co. ein, von 1869 bis 1907 ist William der Gesch\u00e4ftsf\u00fchrer der Fabrik, um 1900 f\u00fchrt Theodor Schmuz-Baudiss in der Fabrik Versuche im Unterglasurdekor aus, dies im Auftrag der Vereinigten Werkst\u00e4tten f\u00fcr Kunst im Handwerk, M\u00fcnchen, ab 1907 ist der Schwiegersohn von William Swaine, Georg Conta Inhaber der Fabrik, 1917 wird die Fabrik von Kommerzienrat Albert Schoenau, wahrscheinlich ein Sohn einer der Br\u00fcder Carl oder Eduard Schoenau, \u00fcbernommen und 1920 erfolgt der Zusammenschluss der Porzellanfabrik Gebr\u00fcder Schoenau und der Porzellanfabrik Swaine &#038; Co. zur Porzellanfabrik Gebr. Schoenau, Swaine &#038; Co. GmbH, ab 1920 wird auch so firmiert, 1932 sind Inhaber: Frau Geheimrat Schoenau, Adolf G\u00fcnther Schoenau und Horst Schoenau, ab 1935 werden die beiden Fabriken in die Produktion von Gebrauchs- Laboratorium- und Elektrotechnische Porzellan aufgeteilt und wahrscheinlich ab da kein Kunstporzellan mehr produziert, nach WK II werden die Fabriken verstaatlicht, H\u00f6he 6,7 cm, Breite 25,5 cm<\/p>\n<p><a href=\"http:\/\/museumek.eu\/?attachment_id=57110\" rel=\"attachment wp-att-57110\"><img loading=\"lazy\" src=\"http:\/\/museumek.eu\/wp-content\/uploads\/2020\/12\/Gebr\u00fcder-Sch\u00f6nau-Schale-mit-zwei-Handhaben-1-300x255.jpg\" alt=\"\" title=\"Gebr\u00fcder Sch\u00f6nau Schale mit zwei Handhaben 1\" width=\"300\" height=\"255\" class=\"alignnone size-medium wp-image-57110\" srcset=\"http:\/\/museumek.eu\/wp-content\/uploads\/2020\/12\/Gebr\u00fcder-Sch\u00f6nau-Schale-mit-zwei-Handhaben-1-300x255.jpg 300w, http:\/\/museumek.eu\/wp-content\/uploads\/2020\/12\/Gebr\u00fcder-Sch\u00f6nau-Schale-mit-zwei-Handhaben-1-150x127.jpg 150w, http:\/\/museumek.eu\/wp-content\/uploads\/2020\/12\/Gebr\u00fcder-Sch\u00f6nau-Schale-mit-zwei-Handhaben-1-352x300.jpg 352w, http:\/\/museumek.eu\/wp-content\/uploads\/2020\/12\/Gebr\u00fcder-Sch\u00f6nau-Schale-mit-zwei-Handhaben-1.jpg 564w\" sizes=\"(max-width: 300px) 100vw, 300px\" \/><\/a><\/p>\n<p><a href=\"http:\/\/museumek.eu\/?attachment_id=57111\" rel=\"attachment wp-att-57111\"><img loading=\"lazy\" src=\"http:\/\/museumek.eu\/wp-content\/uploads\/2020\/12\/Gebr\u00fcder-Sch\u00f6nau-Schale-mit-zwei-Handhaben-2-268x300.jpg\" alt=\"\" title=\"Gebr\u00fcder Sch\u00f6nau Schale mit zwei Handhaben 2\" width=\"268\" height=\"300\" class=\"alignnone size-medium wp-image-57111\" srcset=\"http:\/\/museumek.eu\/wp-content\/uploads\/2020\/12\/Gebr\u00fcder-Sch\u00f6nau-Schale-mit-zwei-Handhaben-2-268x300.jpg 268w, http:\/\/museumek.eu\/wp-content\/uploads\/2020\/12\/Gebr\u00fcder-Sch\u00f6nau-Schale-mit-zwei-Handhaben-2-134x150.jpg 134w, http:\/\/museumek.eu\/wp-content\/uploads\/2020\/12\/Gebr\u00fcder-Sch\u00f6nau-Schale-mit-zwei-Handhaben-2.jpg 480w\" sizes=\"(max-width: 268px) 100vw, 268px\" \/><\/a><\/p>\n<p><a href=\"http:\/\/museumek.eu\/?attachment_id=57112\" rel=\"attachment wp-att-57112\"><img loading=\"lazy\" src=\"http:\/\/museumek.eu\/wp-content\/uploads\/2020\/12\/Gebr\u00fcder-Sch\u00f6nau-Schale-mit-zwei-Handhaben-3-300x112.jpg\" alt=\"\" title=\"Gebr\u00fcder Sch\u00f6nau Schale mit zwei Handhaben 3\" width=\"300\" height=\"112\" class=\"alignnone size-medium wp-image-57112\" srcset=\"http:\/\/museumek.eu\/wp-content\/uploads\/2020\/12\/Gebr\u00fcder-Sch\u00f6nau-Schale-mit-zwei-Handhaben-3-300x112.jpg 300w, http:\/\/museumek.eu\/wp-content\/uploads\/2020\/12\/Gebr\u00fcder-Sch\u00f6nau-Schale-mit-zwei-Handhaben-3-150x56.jpg 150w, http:\/\/museumek.eu\/wp-content\/uploads\/2020\/12\/Gebr\u00fcder-Sch\u00f6nau-Schale-mit-zwei-Handhaben-3-500x187.jpg 500w, http:\/\/museumek.eu\/wp-content\/uploads\/2020\/12\/Gebr\u00fcder-Sch\u00f6nau-Schale-mit-zwei-Handhaben-3.jpg 640w\" sizes=\"(max-width: 300px) 100vw, 300px\" \/><\/a><\/p>\n<p><a href=\"http:\/\/museumek.eu\/?attachment_id=57113\" rel=\"attachment wp-att-57113\"><img loading=\"lazy\" src=\"http:\/\/museumek.eu\/wp-content\/uploads\/2020\/12\/Gebr\u00fcder-Sch\u00f6nau-Schale-mit-zwei-Handhaben-4-300x285.jpg\" alt=\"\" title=\"Gebr\u00fcder Sch\u00f6nau Schale mit zwei Handhaben 4\" width=\"300\" height=\"285\" class=\"alignnone size-medium wp-image-57113\" srcset=\"http:\/\/museumek.eu\/wp-content\/uploads\/2020\/12\/Gebr\u00fcder-Sch\u00f6nau-Schale-mit-zwei-Handhaben-4-300x285.jpg 300w, http:\/\/museumek.eu\/wp-content\/uploads\/2020\/12\/Gebr\u00fcder-Sch\u00f6nau-Schale-mit-zwei-Handhaben-4-150x142.jpg 150w, http:\/\/museumek.eu\/wp-content\/uploads\/2020\/12\/Gebr\u00fcder-Sch\u00f6nau-Schale-mit-zwei-Handhaben-4-315x300.jpg 315w, http:\/\/museumek.eu\/wp-content\/uploads\/2020\/12\/Gebr\u00fcder-Sch\u00f6nau-Schale-mit-zwei-Handhaben-4.jpg 504w\" sizes=\"(max-width: 300px) 100vw, 300px\" \/><\/a><\/p>\n<p><a href=\"http:\/\/museumek.eu\/?attachment_id=57114\" rel=\"attachment wp-att-57114\"><img loading=\"lazy\" src=\"http:\/\/museumek.eu\/wp-content\/uploads\/2020\/12\/Gebr\u00fcder-Sch\u00f6nau-Schale-mit-zwei-Handhaben-5-265x300.jpg\" alt=\"\" title=\"Gebr\u00fcder Sch\u00f6nau Schale mit zwei Handhaben 5\" width=\"265\" height=\"300\" class=\"alignnone size-medium wp-image-57114\" srcset=\"http:\/\/museumek.eu\/wp-content\/uploads\/2020\/12\/Gebr\u00fcder-Sch\u00f6nau-Schale-mit-zwei-Handhaben-5-265x300.jpg 265w, http:\/\/museumek.eu\/wp-content\/uploads\/2020\/12\/Gebr\u00fcder-Sch\u00f6nau-Schale-mit-zwei-Handhaben-5-132x150.jpg 132w, http:\/\/museumek.eu\/wp-content\/uploads\/2020\/12\/Gebr\u00fcder-Sch\u00f6nau-Schale-mit-zwei-Handhaben-5.jpg 480w\" sizes=\"(max-width: 265px) 100vw, 265px\" \/><\/a><\/p>\n<p><a href=\"http:\/\/museumek.eu\/?attachment_id=57115\" rel=\"attachment wp-att-57115\"><img loading=\"lazy\" src=\"http:\/\/museumek.eu\/wp-content\/uploads\/2020\/12\/Gebr\u00fcder-Sch\u00f6nau-Schale-mit-zwei-Handhaben-6-251x300.jpg\" alt=\"\" title=\"Gebr\u00fcder Sch\u00f6nau Schale mit zwei Handhaben 6\" width=\"251\" height=\"300\" class=\"alignnone size-medium wp-image-57115\" srcset=\"http:\/\/museumek.eu\/wp-content\/uploads\/2020\/12\/Gebr\u00fcder-Sch\u00f6nau-Schale-mit-zwei-Handhaben-6-251x300.jpg 251w, http:\/\/museumek.eu\/wp-content\/uploads\/2020\/12\/Gebr\u00fcder-Sch\u00f6nau-Schale-mit-zwei-Handhaben-6-125x150.jpg 125w, http:\/\/museumek.eu\/wp-content\/uploads\/2020\/12\/Gebr\u00fcder-Sch\u00f6nau-Schale-mit-zwei-Handhaben-6.jpg 480w\" sizes=\"(max-width: 251px) 100vw, 251px\" \/><\/a><\/p>\n","protected":false},"excerpt":{"rendered":"<p>Abteilung Deutschland, Keramik 1860 \u2013 1960, Inventarnummer D\/CLXIX\/3 Porzellanfabrik Gebr\u00fcder Schoenau und Nachf. Porzellanfabrik Gebr. Schoenau, Swaine &#038; Co. GmbH, Deutschland, H\u00fcttensteinach, um 1934, Schale mit zwei Handhaben, K\u00fcnstler unbekannt, Werks.-Nr. ohne, Exemplar Nr. ohne, gemarkt Firmenmarke eine Krone (?), &hellip; <a href=\"http:\/\/museumek.eu\/?page_id=57125\">Weiterlesen <span class=\"meta-nav\">&rarr;<\/span><\/a><\/p>\n","protected":false},"author":1,"featured_media":0,"parent":51166,"menu_order":3,"comment_status":"closed","ping_status":"open","template":"","meta":[],"_links":{"self":[{"href":"http:\/\/museumek.eu\/index.php?rest_route=\/wp\/v2\/pages\/57125"}],"collection":[{"href":"http:\/\/museumek.eu\/index.php?rest_route=\/wp\/v2\/pages"}],"about":[{"href":"http:\/\/museumek.eu\/index.php?rest_route=\/wp\/v2\/types\/page"}],"author":[{"embeddable":true,"href":"http:\/\/museumek.eu\/index.php?rest_route=\/wp\/v2\/users\/1"}],"replies":[{"embeddable":true,"href":"http:\/\/museumek.eu\/index.php?rest_route=%2Fwp%2Fv2%2Fcomments&post=57125"}],"version-history":[{"count":6,"href":"http:\/\/museumek.eu\/index.php?rest_route=\/wp\/v2\/pages\/57125\/revisions"}],"predecessor-version":[{"id":57135,"href":"http:\/\/museumek.eu\/index.php?rest_route=\/wp\/v2\/pages\/57125\/revisions\/57135"}],"up":[{"embeddable":true,"href":"http:\/\/museumek.eu\/index.php?rest_route=\/wp\/v2\/pages\/51166"}],"wp:attachment":[{"href":"http:\/\/museumek.eu\/index.php?rest_route=%2Fwp%2Fv2%2Fmedia&parent=57125"}],"curies":[{"name":"wp","href":"https:\/\/api.w.org\/{rel}","templated":true}]}}