{"id":57637,"date":"2021-06-05T20:08:31","date_gmt":"2021-06-05T18:08:31","guid":{"rendered":"http:\/\/museumek.eu\/?page_id=57637"},"modified":"2021-06-05T20:08:31","modified_gmt":"2021-06-05T18:08:31","slug":"alxx10","status":"publish","type":"page","link":"http:\/\/museumek.eu\/?page_id=57637","title":{"rendered":"A\/LXX\/10"},"content":{"rendered":"<p><strong>Abteilung Austria, Keramik 1860 \u2013 1960, Inventarnummer A\/LXX\/10<\/strong><\/p>\n<p>Gr\u00e4flich Thun\u2018 sche Porzellan-Fabrik in Kl\u00f6sterle und Nachf. Thun\u2018 sche Porzellanfabrik, Austria\/B\u00f6hmen, Kl\u00f6sterle\/Klasterec, um 1920, dritter von 14 Speisetellern eines Speiseservice, K\u00fcnstler unbekannt, Werks.-Nr. ohne, Exemplar Nr. ohne, gemarkt Firmenmarke eine Krone, darunter TK (f\u00fcr Thun Kl\u00f6sterle), darunter Thun, wobei der Querstrich des T nach rechts verl\u00e4ngert ist und mit nach unten auslaufendem Buchstabe n, darunter Czechoslovakia gr\u00fcner Stempel unter Glasur, nicht signiert, Literatur: Dieter Z\u00fchlsdorff, Markenlexikon Band 1, Porzellan und Keramik Report 1885 &#8211; 1935, Seite 255, Werk-Teil 1., Gruppennummer des Werkteils 4., laufende Nummer innerhalb der Gruppe 234 identische Marke (dort f\u00fcr die Zeit ab 1918) sowie Seite 534, Werk-Teil 3., laufende Nummer des Werkteils 607, dort kurze Beschreibung der Fabrik, weitere Literatur: Ludwig Danckert, Handbuch des Europ\u00e4ischen Porzellans, 7. Auflage, Seite 277, kurze Beschreibung der Fabrik, 1794 gr\u00fcndete der Oberforstmeister und Oberdirektor der Graf Thun\u00b4schen Herrschaft Johann Nicolaus Weber unter Mithilfe von Th\u00fcringer Fachleuten, insbesondere dem Arkanisten J. G. Sonntag, im Auftrag des Grafen F. J. Thun in Kl\u00f6sterle an der Eger eine Porzellanfabrik, Firmierung ist nicht bekannt, die Fabrik wird 1797 an Christian Nonne (geb. 1733, gest. 1813) verpachtet, Nonne war u. a. der Gr\u00fcnder der Porzellanfabrik Gie\u00dfh\u00fcbel bei Luditz, Firmierung unter Nonne ist nicht bekannt, Nonne, stellte so sch\u00f6nes Porzellan, dekoriert u. a. von dem Porzellanmaler Anton Nabichl her, dass es in der ganzen Habsburgermonarchie bekannt wurde, in der Zeit von 1803 bis 1820, war ein Herr Habertitzel P\u00e4chter, ab 1820 \u00fcbernahm Graf Mathias Thun selbst die Fabrik, Firmierung wohl ab da Gr\u00e4flich Thun\u2018 sche Porzellan-Fabrik in Kl\u00f6sterle, ab 1848 ist Karl Venier Direktor der Fabrik, er f\u00fchrte die Fabrik zu wirtschaftlicher Bl\u00fcte, 1901 schied Venier aus und gr\u00fcndete zusammen mit einem oder mehreren Br\u00fcdern die Porzellanfabrik Gebr. Venier in Kl\u00f6sterle, seit 1907 ist Dr. Graf Oswald Thun-Hohenstein-Salm-Reifferscheid Inhaber der Thun\u2018 schen Fabrik, die Firmierung \u00e4ndert sich in Thun\u2018 sche Porzellanfabrik, nach WK II wird die Fabrik verstaatlicht, laut Verk\u00e4uferangaben war das Service im hessischen Adelsbesitz derer von Baumbach, Durchmesser 24,5 cm<\/p>\n<p><a href=\"http:\/\/museumek.eu\/?attachment_id=57459\" rel=\"attachment wp-att-57459\"><img loading=\"lazy\" src=\"http:\/\/museumek.eu\/wp-content\/uploads\/2021\/06\/Thun-Service-Sch\u00fcssel-mit-Deckel-1-300x231.jpg\" alt=\"\" title=\"Thun Service Sch\u00fcssel mit Deckel 1\" width=\"300\" height=\"231\" class=\"alignnone size-medium wp-image-57459\" srcset=\"http:\/\/museumek.eu\/wp-content\/uploads\/2021\/06\/Thun-Service-Sch\u00fcssel-mit-Deckel-1-300x231.jpg 300w, http:\/\/museumek.eu\/wp-content\/uploads\/2021\/06\/Thun-Service-Sch\u00fcssel-mit-Deckel-1-150x115.jpg 150w, http:\/\/museumek.eu\/wp-content\/uploads\/2021\/06\/Thun-Service-Sch\u00fcssel-mit-Deckel-1-389x300.jpg 389w, http:\/\/museumek.eu\/wp-content\/uploads\/2021\/06\/Thun-Service-Sch\u00fcssel-mit-Deckel-1.jpg 623w\" sizes=\"(max-width: 300px) 100vw, 300px\" \/><\/a><\/p>\n<p><a href=\"http:\/\/museumek.eu\/?attachment_id=57534\" rel=\"attachment wp-att-57534\"><img loading=\"lazy\" src=\"http:\/\/museumek.eu\/wp-content\/uploads\/2021\/06\/Thun-Service-erster-Speiseteller-1-300x282.jpg\" alt=\"\" title=\"Thun Service erster Speiseteller 1\" width=\"300\" height=\"282\" class=\"alignnone size-medium wp-image-57534\" srcset=\"http:\/\/museumek.eu\/wp-content\/uploads\/2021\/06\/Thun-Service-erster-Speiseteller-1-300x282.jpg 300w, http:\/\/museumek.eu\/wp-content\/uploads\/2021\/06\/Thun-Service-erster-Speiseteller-1-150x141.jpg 150w, http:\/\/museumek.eu\/wp-content\/uploads\/2021\/06\/Thun-Service-erster-Speiseteller-1-318x300.jpg 318w, http:\/\/museumek.eu\/wp-content\/uploads\/2021\/06\/Thun-Service-erster-Speiseteller-1.jpg 509w\" sizes=\"(max-width: 300px) 100vw, 300px\" \/><\/a><\/p>\n<p><a href=\"http:\/\/museumek.eu\/?attachment_id=57548\" rel=\"attachment wp-att-57548\"><img loading=\"lazy\" src=\"http:\/\/museumek.eu\/wp-content\/uploads\/2021\/06\/Thun-Service-dritter-Speiseteller-1-300x300.jpg\" alt=\"\" title=\"Thun Service dritter Speiseteller 1\" width=\"300\" height=\"300\" class=\"alignnone size-medium wp-image-57548\" srcset=\"http:\/\/museumek.eu\/wp-content\/uploads\/2021\/06\/Thun-Service-dritter-Speiseteller-1-300x300.jpg 300w, http:\/\/museumek.eu\/wp-content\/uploads\/2021\/06\/Thun-Service-dritter-Speiseteller-1-150x150.jpg 150w, http:\/\/museumek.eu\/wp-content\/uploads\/2021\/06\/Thun-Service-dritter-Speiseteller-1.jpg 481w\" sizes=\"(max-width: 300px) 100vw, 300px\" \/><\/a><\/p>\n<p><a href=\"http:\/\/museumek.eu\/?attachment_id=57549\" rel=\"attachment wp-att-57549\"><img loading=\"lazy\" src=\"http:\/\/museumek.eu\/wp-content\/uploads\/2021\/06\/Thun-Service-dritter-Speiseteller-2-288x300.jpg\" alt=\"\" title=\"Thun Service dritter Speiseteller 2\" width=\"288\" height=\"300\" class=\"alignnone size-medium wp-image-57549\" srcset=\"http:\/\/museumek.eu\/wp-content\/uploads\/2021\/06\/Thun-Service-dritter-Speiseteller-2-288x300.jpg 288w, http:\/\/museumek.eu\/wp-content\/uploads\/2021\/06\/Thun-Service-dritter-Speiseteller-2-144x150.jpg 144w, http:\/\/museumek.eu\/wp-content\/uploads\/2021\/06\/Thun-Service-dritter-Speiseteller-2.jpg 480w\" sizes=\"(max-width: 288px) 100vw, 288px\" \/><\/a><\/p>\n<p><a href=\"http:\/\/museumek.eu\/?attachment_id=57550\" rel=\"attachment wp-att-57550\"><img loading=\"lazy\" src=\"http:\/\/museumek.eu\/wp-content\/uploads\/2021\/06\/Thun-Service-dritter-Speiseteller-3-287x300.jpg\" alt=\"\" title=\"Thun Service dritter Speiseteller 3\" width=\"287\" height=\"300\" class=\"alignnone size-medium wp-image-57550\" srcset=\"http:\/\/museumek.eu\/wp-content\/uploads\/2021\/06\/Thun-Service-dritter-Speiseteller-3-287x300.jpg 287w, http:\/\/museumek.eu\/wp-content\/uploads\/2021\/06\/Thun-Service-dritter-Speiseteller-3-143x150.jpg 143w, http:\/\/museumek.eu\/wp-content\/uploads\/2021\/06\/Thun-Service-dritter-Speiseteller-3.jpg 480w\" sizes=\"(max-width: 287px) 100vw, 287px\" \/><\/a><\/p>\n","protected":false},"excerpt":{"rendered":"<p>Abteilung Austria, Keramik 1860 \u2013 1960, Inventarnummer A\/LXX\/10 Gr\u00e4flich Thun\u2018 sche Porzellan-Fabrik in Kl\u00f6sterle und Nachf. Thun\u2018 sche Porzellanfabrik, Austria\/B\u00f6hmen, Kl\u00f6sterle\/Klasterec, um 1920, dritter von 14 Speisetellern eines Speiseservice, K\u00fcnstler unbekannt, Werks.-Nr. ohne, Exemplar Nr. ohne, gemarkt Firmenmarke eine Krone, &hellip; <a href=\"http:\/\/museumek.eu\/?page_id=57637\">Weiterlesen <span class=\"meta-nav\">&rarr;<\/span><\/a><\/p>\n","protected":false},"author":1,"featured_media":0,"parent":57608,"menu_order":10,"comment_status":"closed","ping_status":"open","template":"","meta":[],"_links":{"self":[{"href":"http:\/\/museumek.eu\/index.php?rest_route=\/wp\/v2\/pages\/57637"}],"collection":[{"href":"http:\/\/museumek.eu\/index.php?rest_route=\/wp\/v2\/pages"}],"about":[{"href":"http:\/\/museumek.eu\/index.php?rest_route=\/wp\/v2\/types\/page"}],"author":[{"embeddable":true,"href":"http:\/\/museumek.eu\/index.php?rest_route=\/wp\/v2\/users\/1"}],"replies":[{"embeddable":true,"href":"http:\/\/museumek.eu\/index.php?rest_route=%2Fwp%2Fv2%2Fcomments&post=57637"}],"version-history":[{"count":2,"href":"http:\/\/museumek.eu\/index.php?rest_route=\/wp\/v2\/pages\/57637\/revisions"}],"predecessor-version":[{"id":57639,"href":"http:\/\/museumek.eu\/index.php?rest_route=\/wp\/v2\/pages\/57637\/revisions\/57639"}],"up":[{"embeddable":true,"href":"http:\/\/museumek.eu\/index.php?rest_route=\/wp\/v2\/pages\/57608"}],"wp:attachment":[{"href":"http:\/\/museumek.eu\/index.php?rest_route=%2Fwp%2Fv2%2Fmedia&parent=57637"}],"curies":[{"name":"wp","href":"https:\/\/api.w.org\/{rel}","templated":true}]}}