{"id":58194,"date":"2021-07-04T22:00:44","date_gmt":"2021-07-04T20:00:44","guid":{"rendered":"http:\/\/museumek.eu\/?page_id=58194"},"modified":"2021-07-04T22:00:44","modified_gmt":"2021-07-04T20:00:44","slug":"alxxiii6","status":"publish","type":"page","link":"http:\/\/museumek.eu\/?page_id=58194","title":{"rendered":"A\/LXXIII\/6"},"content":{"rendered":"<p><strong>Abteilung Austria\/Ungarn\/B\u00f6hmen, Keramik 1860 \u2013 1960, Inventarnummer A\/LXXIII\/6<\/strong><\/p>\n<p>Steingutfabrik Benedikt Ha\u00dflacher &#038; Co. und Nachf. Steingutfabrik August Nowotny &#038; Co. und Nachf. Steingut- und Porzellanfabrik August Nowotny &#038; Co. und Nachf. Porzellanfabrik Moritz Zdekauer und Nachf. Altrohlauer Porzellanfabriken Moritz Zdekauer und Nachf. Altrohlauer Porzellanfabriken Moritz Zdekauer Nachfolgerin C.M. Hutschenreuther A.-G. und Nachf. Altrohlauer Porzellanfabriken Moritz Zdekauer GmbH Nachfolgerin C.M. Hutschenreuther A.-G. und Nachf. Altrohlauer Porzellanfabriken A.-G., vormals Moritz Zdekauer und Nachf. Altrohlauer Porzellanfabriken, Abteilung der Porzellanfabrik C.M. Hutschenreuther Aktiengesellschaft, Austria\/B\u00f6hmen, Altrohlau\/Stara Role, um 1920, Untertasse eines Service, K\u00fcnstler unbekannt, Werksnummer 119, Exemplar-Nr. ohne, Firmenmarke MZ (f\u00fcr Moritz Zdekauer), darunter Altrohlau, darunter CMHR (f\u00fcr Carl Magnus Hutschenreuther), darunter CZECHOSLOVAKIA gr\u00fcner Stempel unter Glasur, nicht signiert, Literatur: Ludwig Danckert, Handbuch des Europ\u00e4ischen Porzellans, 7. Auflage, Seite 29, dort unvollst\u00e4ndige Beschreibung der Fabrik sowie Seite 30, Marke 21 identisch (dort f\u00fcr die Zeit 1920 bis 1938, dort als Hutschenreuther Marken beschrieben), weitere Literatur: Dieter Z\u00fchlsdorff, Markenlexikon, Porzellan und Keramik Report 1885 &#8211; 1935, Band 1, Seite 51, Werk-Teil 1., Gruppennummer des Werkteils 1., laufende Nummer innerhalb der Gruppe 865 identische Marke (dort f\u00fcr die Zeit 1920 bis 1935), sowie Seite 465, Werk-Teil 3., laufende Nummer innerhalb des Werkteils 35, dort unvollst\u00e4ndige Beschreibung der Fabrik, die Steingutfabrik wurde 1810 von Benedikt Ha\u00dflacher mit Bewilligung vom 16.12.1811 in Altrohlau gegr\u00fcndet, Firmierung Steingutfabrik Benedikt Ha\u00dflacher &#038; Co., bis 1814 Besitzer: Benedikt Ha\u00dflacher und Johann N\u00e4dherny&#8216; aus Chotoviny, Besitzer 1815-1818 Benedikt Ha\u00dflacher, im Jahre 1820 verpachtete er die Fabrik an Andreas Schwengsbier, 1824 oder 1828 Besitzer August Franz Nowotny, Gesch\u00e4ftsmann aus Prag und sein Bruder Emanuel Nowotny (wohl als Teilhaber) aus Wien, Firmierung Steingutfabrik August Nowotny &#038; Co., die Br\u00fcder erweiterten die Produktion so dass bald 100 Angestellte besch\u00e4ftigt wurden, die Fabrik unterhielt Lager\/Verkaufsstellen in Prag, Wien und (Buda)Pest, Nowotn\u00fd konnte in der Zeit richtig absch\u00e4tzen, dass die Prosperit\u00e4t nicht im Steingut zu sehen ist, am 8.11.1838 erhielt August Nowotny die Bewilligung zur Porzellanerzeugung mit f\u00f6rmlicher Landesfabriksbefugnis, 1866-1871 Bau der &#8222;Neuen Fabrik&#8220; f\u00fcr Porzellanerzeugung, evtl. \u00e4ndert sich dadurch die Firmierung in Steingut- und Porzellanfabrik August Nowotny &#038; Co., Besitzer 1834-1841 August Franz Nowotny und Johann Stirba mit Gewinnanteil 5%, Besitzer 1841-1858 August Franz Nowotny, Besitzer 1858-1860 August Franz Nowotny und die Neffen Emanuel Nowotny jun. und Viktor Schiffner, Besitzer 1860-1868 August Franz Nowotny und Emanuel Nowotny jun., Besitzer 1868-1884 Emanuel Nowotny jun., Emanuel Nowotny baute die Fabrik weiter aus, so dass sie im Jahre 1870 800 Angestellte besch\u00e4ftigte, in den 80\u2018ziger Jahren des 19. Jahrhunderts fiel die Porzellanfabrik der Krise zum Opfer und 1884 kaufte sie in einer Auktion das Bankhaus von Moritz Zdekauer aus Prag, Firmierungen ab da Porzellanfabrik Moritz Zdekauer und Nachf. Altrohlauer Porzellanfabriken Moritz Zdekauer, Zdekauer gelang es, unter dem Warenzeichen MZ Krone, \u00f6sterreichischer Doppeladler, die Exportf\u00e4higkeiten der Porzellanfabrik zu erweitern und die Ware nach Nord- und S\u00fcdamerika, auf den Holl\u00e4ndischen Markt und in die Holl\u00e4ndischen Kolonien zu exportieren, Besitzer 1899-1909 Bankhaus Moritz Zdekauer und  Gabriele Zdekauer, diese trat 1899 mit 529.200 fl. als Kommanditistin ein, im Jahre 1909 \u00fcbernahm der deutsche Porzellankonzern C. M. Hutschenreuter  die Fabrik, Firmierungen ab da Altrohlauer Porzellanfabriken Moritz Zdekauer Nachfolgerin C.M. Hutschenreuther A.-G. und Nachf. Altrohlauer Porzellanfabriken Moritz Zdekauer GmbH Nachfolgerin C.M. Hutschenreuther A.-G. und Nachf. Altrohlauer Porzellanfabriken A.-G., vormals Moritz Zdekauer und Nachf. Altrohlauer Porzellanfabriken, Abteilung der Porzellanfabrik C.M. Hutschenreuther Aktiengesellschaft, der Hutschenreuther Konzern hat schlau ausgenutzt, dass das Warenzeichen \u201eMZ\u201c schon am Markt bekannt war und so wurde auch in den Folgejahren die Kontinuit\u00e4t eingehalten, das Zeichen Doppeladler mit Krone und die Initialen MZ werden heute noch verwendet, Durchmesser Teller 15 cm<\/p>\n<p><a href=\"http:\/\/museumek.eu\/?attachment_id=58123\" rel=\"attachment wp-att-58123\"><img loading=\"lazy\" src=\"http:\/\/museumek.eu\/wp-content\/uploads\/2021\/07\/Moritz-Zdekauer-und-Carl-Magnus-Hutschenreuther-Service-Kanne-1-300x268.jpg\" alt=\"\" title=\"Moritz Zdekauer und Carl Magnus Hutschenreuther Service Kanne 1\" width=\"300\" height=\"268\" class=\"alignnone size-medium wp-image-58123\" srcset=\"http:\/\/museumek.eu\/wp-content\/uploads\/2021\/07\/Moritz-Zdekauer-und-Carl-Magnus-Hutschenreuther-Service-Kanne-1-300x268.jpg 300w, http:\/\/museumek.eu\/wp-content\/uploads\/2021\/07\/Moritz-Zdekauer-und-Carl-Magnus-Hutschenreuther-Service-Kanne-1-150x134.jpg 150w, http:\/\/museumek.eu\/wp-content\/uploads\/2021\/07\/Moritz-Zdekauer-und-Carl-Magnus-Hutschenreuther-Service-Kanne-1-335x300.jpg 335w, http:\/\/museumek.eu\/wp-content\/uploads\/2021\/07\/Moritz-Zdekauer-und-Carl-Magnus-Hutschenreuther-Service-Kanne-1.jpg 537w\" sizes=\"(max-width: 300px) 100vw, 300px\" \/><\/a><\/p>\n<p><a href=\"http:\/\/museumek.eu\/?attachment_id=58154\" rel=\"attachment wp-att-58154\"><img loading=\"lazy\" src=\"http:\/\/museumek.eu\/wp-content\/uploads\/2021\/07\/Moritz-Zdekauer-und-Carl-Magnus-Hutschenreuther-Service-dritte-Tasse-5-298x300.jpg\" alt=\"\" title=\"Moritz Zdekauer und Carl Magnus Hutschenreuther Service dritte Tasse 5\" width=\"298\" height=\"300\" class=\"alignnone size-medium wp-image-58154\" srcset=\"http:\/\/museumek.eu\/wp-content\/uploads\/2021\/07\/Moritz-Zdekauer-und-Carl-Magnus-Hutschenreuther-Service-dritte-Tasse-5-298x300.jpg 298w, http:\/\/museumek.eu\/wp-content\/uploads\/2021\/07\/Moritz-Zdekauer-und-Carl-Magnus-Hutschenreuther-Service-dritte-Tasse-5-150x150.jpg 150w, http:\/\/museumek.eu\/wp-content\/uploads\/2021\/07\/Moritz-Zdekauer-und-Carl-Magnus-Hutschenreuther-Service-dritte-Tasse-5.jpg 480w\" sizes=\"(max-width: 298px) 100vw, 298px\" \/><\/a><\/p>\n<p><a href=\"http:\/\/museumek.eu\/?attachment_id=58155\" rel=\"attachment wp-att-58155\"><img loading=\"lazy\" src=\"http:\/\/museumek.eu\/wp-content\/uploads\/2021\/07\/Moritz-Zdekauer-und-Carl-Magnus-Hutschenreuther-Service-dritte-Tasse-6-297x300.jpg\" alt=\"\" title=\"Moritz Zdekauer und Carl Magnus Hutschenreuther Service dritte Tasse 6\" width=\"297\" height=\"300\" class=\"alignnone size-medium wp-image-58155\" srcset=\"http:\/\/museumek.eu\/wp-content\/uploads\/2021\/07\/Moritz-Zdekauer-und-Carl-Magnus-Hutschenreuther-Service-dritte-Tasse-6-297x300.jpg 297w, http:\/\/museumek.eu\/wp-content\/uploads\/2021\/07\/Moritz-Zdekauer-und-Carl-Magnus-Hutschenreuther-Service-dritte-Tasse-6-148x150.jpg 148w, http:\/\/museumek.eu\/wp-content\/uploads\/2021\/07\/Moritz-Zdekauer-und-Carl-Magnus-Hutschenreuther-Service-dritte-Tasse-6.jpg 480w\" sizes=\"(max-width: 297px) 100vw, 297px\" \/><\/a><\/p>\n<p><a href=\"http:\/\/museumek.eu\/?attachment_id=58156\" rel=\"attachment wp-att-58156\"><img loading=\"lazy\" src=\"http:\/\/museumek.eu\/wp-content\/uploads\/2021\/07\/Moritz-Zdekauer-und-Carl-Magnus-Hutschenreuther-Service-dritte-Tasse-7-300x275.jpg\" alt=\"\" title=\"Moritz Zdekauer und Carl Magnus Hutschenreuther Service dritte Tasse 7\" width=\"300\" height=\"275\" class=\"alignnone size-medium wp-image-58156\" srcset=\"http:\/\/museumek.eu\/wp-content\/uploads\/2021\/07\/Moritz-Zdekauer-und-Carl-Magnus-Hutschenreuther-Service-dritte-Tasse-7-300x275.jpg 300w, http:\/\/museumek.eu\/wp-content\/uploads\/2021\/07\/Moritz-Zdekauer-und-Carl-Magnus-Hutschenreuther-Service-dritte-Tasse-7-150x137.jpg 150w, http:\/\/museumek.eu\/wp-content\/uploads\/2021\/07\/Moritz-Zdekauer-und-Carl-Magnus-Hutschenreuther-Service-dritte-Tasse-7-326x300.jpg 326w, http:\/\/museumek.eu\/wp-content\/uploads\/2021\/07\/Moritz-Zdekauer-und-Carl-Magnus-Hutschenreuther-Service-dritte-Tasse-7.jpg 522w\" sizes=\"(max-width: 300px) 100vw, 300px\" \/><\/a><\/p>\n","protected":false},"excerpt":{"rendered":"<p>Abteilung Austria\/Ungarn\/B\u00f6hmen, Keramik 1860 \u2013 1960, Inventarnummer A\/LXXIII\/6 Steingutfabrik Benedikt Ha\u00dflacher &#038; Co. und Nachf. Steingutfabrik August Nowotny &#038; Co. und Nachf. Steingut- und Porzellanfabrik August Nowotny &#038; Co. und Nachf. Porzellanfabrik Moritz Zdekauer und Nachf. Altrohlauer Porzellanfabriken Moritz Zdekauer &hellip; <a href=\"http:\/\/museumek.eu\/?page_id=58194\">Weiterlesen <span class=\"meta-nav\">&rarr;<\/span><\/a><\/p>\n","protected":false},"author":1,"featured_media":0,"parent":58084,"menu_order":6,"comment_status":"closed","ping_status":"open","template":"","meta":[],"_links":{"self":[{"href":"http:\/\/museumek.eu\/index.php?rest_route=\/wp\/v2\/pages\/58194"}],"collection":[{"href":"http:\/\/museumek.eu\/index.php?rest_route=\/wp\/v2\/pages"}],"about":[{"href":"http:\/\/museumek.eu\/index.php?rest_route=\/wp\/v2\/types\/page"}],"author":[{"embeddable":true,"href":"http:\/\/museumek.eu\/index.php?rest_route=\/wp\/v2\/users\/1"}],"replies":[{"embeddable":true,"href":"http:\/\/museumek.eu\/index.php?rest_route=%2Fwp%2Fv2%2Fcomments&post=58194"}],"version-history":[{"count":2,"href":"http:\/\/museumek.eu\/index.php?rest_route=\/wp\/v2\/pages\/58194\/revisions"}],"predecessor-version":[{"id":58196,"href":"http:\/\/museumek.eu\/index.php?rest_route=\/wp\/v2\/pages\/58194\/revisions\/58196"}],"up":[{"embeddable":true,"href":"http:\/\/museumek.eu\/index.php?rest_route=\/wp\/v2\/pages\/58084"}],"wp:attachment":[{"href":"http:\/\/museumek.eu\/index.php?rest_route=%2Fwp%2Fv2%2Fmedia&parent=58194"}],"curies":[{"name":"wp","href":"https:\/\/api.w.org\/{rel}","templated":true}]}}