{"id":58360,"date":"2021-07-13T21:57:36","date_gmt":"2021-07-13T19:57:36","guid":{"rendered":"http:\/\/museumek.eu\/?page_id=58360"},"modified":"2021-07-13T21:57:36","modified_gmt":"2021-07-13T19:57:36","slug":"alvi5","status":"publish","type":"page","link":"http:\/\/museumek.eu\/?page_id=58360","title":{"rendered":"A\/LVI\/5"},"content":{"rendered":"<p><strong>Abteilung Austria, Keramik 1860 \u2013 1960, Inventarnummer A\/LVI\/5<\/strong><\/p>\n<p>K.k. priv. Carlsbader Porzellan- und Keramische Specialit\u00e4ten-Fabrik Carl Knoll, Austria, Fischern (Ryb\u00e1\u0159e) bei Carlsbad (Karlovy Vary), um 1930, Unterteller, K\u00fcnstler unbekannt, Werks.-Nr. 684 (?), Exemplar Nr. ohne, gemarkt Firmenmarke mit Krone darunter KARLOVY VARY, darunter in einem C der Buchstabe K (f\u00fcr Carl Knoll), darunter MADE IN CZECHOSLOVAKIA gr\u00fcner Stempel unter Glasur, nicht signiert, Literatur: Dieter Z\u00fchlsdorff, Markenlexikon Band 1, Porzellan und Keramik Report 1885 &#8211; 1935, Seite 500, Werk-Teil 3. laufende Nummer des Werkteils 357, dort kurze Beschreibung der Fabrik, weitere Literatur: Ludwig Danckert, Handbuch des Europ\u00e4ischen Porzellans, 7. Auflage, Seiten 174\/175, kurze Beschreibung der Fabrik, 1842 gr\u00fcndete der Carlsbader Gesch\u00e4ftsmann Carl Knoll ein Kaolinschlemmwerk in Carlsbad, um damit Carlsbader Porzellanfabriken zu beliefern, die Fabrik entwickelte sich gut und so beschloss Knoll 1846 auch noch eine kleine Porzellanfabrik mit 2 Brenn\u00f6fen auf seinem Fabrikgel\u00e4nde zu bauen, am 17.08.1948 erhielt er das Privileg zur Porzellanproduktion, die Porzellanfabrik entwickelte sich auch gut und Knoll baute weitere 4 Rund\u00f6fen, 1868 verstarb Carl Knoll und seine S\u00f6hne Adolf Knoll, Carl Knoll jun. und Ludwig Knoll f\u00fchrten die Fabrik fort, die Hauptniederlage war in Wien, in Marienbach befand sich eine Sommersaison Niederlage, ab 1903 f\u00fchrte Carl Knoll jun. die Fabrik allein, wahrscheinlich waren seine Br\u00fcder gestorben, Carl Knoll jun. suchte sich drei weitere Partner, Anton Weber und die Br\u00fcder Wilhelm und Alfred Lorenz, um 1925 waren Ernst Mayer und Heinrich Enders Eigent\u00fcmer der Fabrik, am 01.01.1946 wurde die Fabrik verstaatlicht und 1949 wurde der Betrieb der Fabrik eingestellt, Durchmesser 12,5 cm<\/p>\n<p><a href=\"http:\/\/museumek.eu\/?attachment_id=58348\" rel=\"attachment wp-att-58348\"><img loading=\"lazy\" src=\"http:\/\/museumek.eu\/wp-content\/uploads\/2020\/06\/Carl-Knoll-kleiner-Unterteller-1-297x300.jpg\" alt=\"\" title=\"Carl Knoll kleiner Unterteller 1\" width=\"297\" height=\"300\" class=\"alignnone size-medium wp-image-58348\" srcset=\"http:\/\/museumek.eu\/wp-content\/uploads\/2020\/06\/Carl-Knoll-kleiner-Unterteller-1-297x300.jpg 297w, http:\/\/museumek.eu\/wp-content\/uploads\/2020\/06\/Carl-Knoll-kleiner-Unterteller-1-148x150.jpg 148w, http:\/\/museumek.eu\/wp-content\/uploads\/2020\/06\/Carl-Knoll-kleiner-Unterteller-1.jpg 480w\" sizes=\"(max-width: 297px) 100vw, 297px\" \/><\/a><\/p>\n<p><a href=\"http:\/\/museumek.eu\/?attachment_id=58349\" rel=\"attachment wp-att-58349\"><img loading=\"lazy\" src=\"http:\/\/museumek.eu\/wp-content\/uploads\/2020\/06\/Carl-Knoll-kleiner-Unterteller-2-300x295.jpg\" alt=\"\" title=\"Carl Knoll kleiner Unterteller 2\" width=\"300\" height=\"295\" class=\"alignnone size-medium wp-image-58349\" srcset=\"http:\/\/museumek.eu\/wp-content\/uploads\/2020\/06\/Carl-Knoll-kleiner-Unterteller-2-300x295.jpg 300w, http:\/\/museumek.eu\/wp-content\/uploads\/2020\/06\/Carl-Knoll-kleiner-Unterteller-2-150x147.jpg 150w, http:\/\/museumek.eu\/wp-content\/uploads\/2020\/06\/Carl-Knoll-kleiner-Unterteller-2-305x300.jpg 305w, http:\/\/museumek.eu\/wp-content\/uploads\/2020\/06\/Carl-Knoll-kleiner-Unterteller-2.jpg 488w\" sizes=\"(max-width: 300px) 100vw, 300px\" \/><\/a><\/p>\n<p><a href=\"http:\/\/museumek.eu\/?attachment_id=58350\" rel=\"attachment wp-att-58350\"><img loading=\"lazy\" src=\"http:\/\/museumek.eu\/wp-content\/uploads\/2020\/06\/Carl-Knoll-kleiner-Unterteller-3-300x257.jpg\" alt=\"\" title=\"Carl Knoll kleiner Unterteller 3\" width=\"300\" height=\"257\" class=\"alignnone size-medium wp-image-58350\" srcset=\"http:\/\/museumek.eu\/wp-content\/uploads\/2020\/06\/Carl-Knoll-kleiner-Unterteller-3-300x257.jpg 300w, http:\/\/museumek.eu\/wp-content\/uploads\/2020\/06\/Carl-Knoll-kleiner-Unterteller-3-150x128.jpg 150w, http:\/\/museumek.eu\/wp-content\/uploads\/2020\/06\/Carl-Knoll-kleiner-Unterteller-3-349x300.jpg 349w, http:\/\/museumek.eu\/wp-content\/uploads\/2020\/06\/Carl-Knoll-kleiner-Unterteller-3.jpg 559w\" sizes=\"(max-width: 300px) 100vw, 300px\" \/><\/a><\/p>\n","protected":false},"excerpt":{"rendered":"<p>Abteilung Austria, Keramik 1860 \u2013 1960, Inventarnummer A\/LVI\/5 K.k. priv. Carlsbader Porzellan- und Keramische Specialit\u00e4ten-Fabrik Carl Knoll, Austria, Fischern (Ryb\u00e1\u0159e) bei Carlsbad (Karlovy Vary), um 1930, Unterteller, K\u00fcnstler unbekannt, Werks.-Nr. 684 (?), Exemplar Nr. ohne, gemarkt Firmenmarke mit Krone darunter &hellip; <a href=\"http:\/\/museumek.eu\/?page_id=58360\">Weiterlesen <span class=\"meta-nav\">&rarr;<\/span><\/a><\/p>\n","protected":false},"author":1,"featured_media":0,"parent":47524,"menu_order":5,"comment_status":"closed","ping_status":"open","template":"","meta":[],"_links":{"self":[{"href":"http:\/\/museumek.eu\/index.php?rest_route=\/wp\/v2\/pages\/58360"}],"collection":[{"href":"http:\/\/museumek.eu\/index.php?rest_route=\/wp\/v2\/pages"}],"about":[{"href":"http:\/\/museumek.eu\/index.php?rest_route=\/wp\/v2\/types\/page"}],"author":[{"embeddable":true,"href":"http:\/\/museumek.eu\/index.php?rest_route=\/wp\/v2\/users\/1"}],"replies":[{"embeddable":true,"href":"http:\/\/museumek.eu\/index.php?rest_route=%2Fwp%2Fv2%2Fcomments&post=58360"}],"version-history":[{"count":2,"href":"http:\/\/museumek.eu\/index.php?rest_route=\/wp\/v2\/pages\/58360\/revisions"}],"predecessor-version":[{"id":58362,"href":"http:\/\/museumek.eu\/index.php?rest_route=\/wp\/v2\/pages\/58360\/revisions\/58362"}],"up":[{"embeddable":true,"href":"http:\/\/museumek.eu\/index.php?rest_route=\/wp\/v2\/pages\/47524"}],"wp:attachment":[{"href":"http:\/\/museumek.eu\/index.php?rest_route=%2Fwp%2Fv2%2Fmedia&parent=58360"}],"curies":[{"name":"wp","href":"https:\/\/api.w.org\/{rel}","templated":true}]}}

<p><strong>Abteilung Austria, Keramik 1860 – 1960, Inventarnummer A/LVI/5</strong></p>
<p>K.k. priv. Carlsbader Porzellan- und Keramische Specialitäten-Fabrik Carl Knoll, Austria, Fischern (Rybáře) bei Carlsbad (Karlovy Vary), um 1930, Unterteller, Künstler unbekannt, Werks.-Nr. 684 (?), Exemplar Nr. ohne, gemarkt Firmenmarke mit Krone darunter KARLOVY VARY, darunter in einem C der Buchstabe K (für Carl Knoll), darunter MADE IN CZECHOSLOVAKIA grüner Stempel unter Glasur, nicht signiert, Literatur: Dieter Zühlsdorff, Markenlexikon Band 1, Porzellan und Keramik Report 1885 &#8211; 1935, Seite 500, Werk-Teil 3. laufende Nummer des Werkteils 357, dort kurze Beschreibung der Fabrik, weitere Literatur: Ludwig Danckert, Handbuch des Europäischen Porzellans, 7. Auflage, Seiten 174/175, kurze Beschreibung der Fabrik, 1842 gründete der Carlsbader Geschäftsmann Carl Knoll ein Kaolinschlemmwerk in Carlsbad, um damit Carlsbader Porzellanfabriken zu beliefern, die Fabrik entwickelte sich gut und so beschloss Knoll 1846 auch noch eine kleine Porzellanfabrik mit 2 Brennöfen auf seinem Fabrikgelände zu bauen, am 17.08.1948 erhielt er das Privileg zur Porzellanproduktion, die Porzellanfabrik entwickelte sich auch gut und Knoll baute weitere 4 Rundöfen, 1868 verstarb Carl Knoll und seine Söhne Adolf Knoll, Carl Knoll jun. und Ludwig Knoll führten die Fabrik fort, die Hauptniederlage war in Wien, in Marienbach befand sich eine Sommersaison Niederlage, ab 1903 führte Carl Knoll jun. die Fabrik allein, wahrscheinlich waren seine Brüder gestorben, Carl Knoll jun. suchte sich drei weitere Partner, Anton Weber und die Brüder Wilhelm und Alfred Lorenz, um 1925 waren Ernst Mayer und Heinrich Enders Eigentümer der Fabrik, am 01.01.1946 wurde die Fabrik verstaatlicht und 1949 wurde der Betrieb der Fabrik eingestellt, Durchmesser 12,5 cm</p>
<p><a href="http://museumek.eu/?attachment_id=58348" rel="attachment wp-att-58348"><img loading="lazy" src="http://museumek.eu/wp-content/uploads/2020/06/Carl-Knoll-kleiner-Unterteller-1-297x300.jpg" alt="" title="Carl Knoll kleiner Unterteller 1" width="297" height="300" class="alignnone size-medium wp-image-58348" srcset="http://museumek.eu/wp-content/uploads/2020/06/Carl-Knoll-kleiner-Unterteller-1-297x300.jpg 297w, http://museumek.eu/wp-content/uploads/2020/06/Carl-Knoll-kleiner-Unterteller-1-148x150.jpg 148w, http://museumek.eu/wp-content/uploads/2020/06/Carl-Knoll-kleiner-Unterteller-1.jpg 480w" sizes="(max-width: 297px) 100vw, 297px" /></a></p>
<p><a href="http://museumek.eu/?attachment_id=58349" rel="attachment wp-att-58349"><img loading="lazy" src="http://museumek.eu/wp-content/uploads/2020/06/Carl-Knoll-kleiner-Unterteller-2-300x295.jpg" alt="" title="Carl Knoll kleiner Unterteller 2" width="300" height="295" class="alignnone size-medium wp-image-58349" srcset="http://museumek.eu/wp-content/uploads/2020/06/Carl-Knoll-kleiner-Unterteller-2-300x295.jpg 300w, http://museumek.eu/wp-content/uploads/2020/06/Carl-Knoll-kleiner-Unterteller-2-150x147.jpg 150w, http://museumek.eu/wp-content/uploads/2020/06/Carl-Knoll-kleiner-Unterteller-2-305x300.jpg 305w, http://museumek.eu/wp-content/uploads/2020/06/Carl-Knoll-kleiner-Unterteller-2.jpg 488w" sizes="(max-width: 300px) 100vw, 300px" /></a></p>
<p><a href="http://museumek.eu/?attachment_id=58350" rel="attachment wp-att-58350"><img loading="lazy" src="http://museumek.eu/wp-content/uploads/2020/06/Carl-Knoll-kleiner-Unterteller-3-300x257.jpg" alt="" title="Carl Knoll kleiner Unterteller 3" width="300" height="257" class="alignnone size-medium wp-image-58350" srcset="http://museumek.eu/wp-content/uploads/2020/06/Carl-Knoll-kleiner-Unterteller-3-300x257.jpg 300w, http://museumek.eu/wp-content/uploads/2020/06/Carl-Knoll-kleiner-Unterteller-3-150x128.jpg 150w, http://museumek.eu/wp-content/uploads/2020/06/Carl-Knoll-kleiner-Unterteller-3-349x300.jpg 349w, http://museumek.eu/wp-content/uploads/2020/06/Carl-Knoll-kleiner-Unterteller-3.jpg 559w" sizes="(max-width: 300px) 100vw, 300px" /></a></p>

<p>Abteilung Austria, Keramik 1860 – 1960, Inventarnummer A/LVI/5 K.k. priv. Carlsbader Porzellan- und Keramische Specialitäten-Fabrik Carl Knoll, Austria, Fischern (Rybáře) bei Carlsbad (Karlovy Vary), um 1930, Unterteller, Künstler unbekannt, Werks.-Nr. 684 (?), Exemplar Nr. ohne, gemarkt Firmenmarke mit Krone darunter &hellip; <a href="http://museumek.eu/?page_id=58360">Weiterlesen <span class="meta-nav">&rarr;</span></a></p>
