{"id":58514,"date":"2021-07-18T13:51:00","date_gmt":"2021-07-18T11:51:00","guid":{"rendered":"http:\/\/museumek.eu\/?page_id=58514"},"modified":"2021-07-18T13:52:08","modified_gmt":"2021-07-18T11:52:08","slug":"dcci2","status":"publish","type":"page","link":"http:\/\/museumek.eu\/?page_id=58514","title":{"rendered":"D\/CCI\/2"},"content":{"rendered":"<p><strong>Abteilung Deutschland, Keramik 1860 \u2013 1960, Inventarnummer D\/CCI\/2<\/strong><\/p>\n<p>Porzellanfabrik Oscar Schaller &#038; Co., Deutschland, Schwarzenbach, um 1910, Teller mit Dekor Nordland, K\u00fcnstler unbekannt, Werks.-Nr. ohne, Exemplar Nr. ohne, gemarkt Firmenmarke in einem mit Vorh\u00e4ngen verzierten Rahmen die gekreuzten Buchstaben S (f\u00fcr Schaller) und C (f\u00fcr Co.), darunter Schaller, darunter ELFENBEIN dunkelgr\u00fcne Stempel unter Glasur, nicht signiert, Literatur: Robert E. R\u00f6ntgen, Deutsche Porzellanmarken von 1710 bis heute, Seite 306, kurze unvollst\u00e4ndige Beschreibung der Fabrik sowie Marke 2395 identisch (dort f\u00fcr die Zeit 1909 bis 1917), weitere Literatur: Dieter Z\u00fchlsdorff, Markenlexikon, Band 1, Porzellan und Keramik Report 1885 &#8211; 1935, Seite 272, Werk-Teil 1., Gruppennummer des Werkteils 4., laufende Nummer innerhalb der Gruppe 653 identische Marke (dort f\u00fcr die Zeit vor und nach 1907) sowie Seite 607, Werk-Teil 3., fortlaufende Nummer des Werkteils 1161, dort kurze Beschreibung der Fabrik, weitere Literatur: Ludwig Danckert, Handbuch des Europ\u00e4ischen Porzellans, 7. Auflage, Seite 638\/639, dort sehr kurze unvollst\u00e4ndige Beschreibung der Fabrik sowie Marke 149 identisch (die Marke wurde am 28.05.1909 ins RWZR eingetragen, 1882 gr\u00fcndete der Kaufmann Oscar Schaller eine Porzellanfabrik in Schwarzenbach, Firmierung Porzellanfabrik Oscar Schaller &#038; Co., Inhaber waren auch sein Bruder Fritz Schaller und der Kaufmann Johann G\u00f6tz aus Eger, 1906 wurden rund 160 Arbeiter besch\u00e4ftigt, 1917 wurde das Unternehmen von der Gebr\u00fcder Winterling OHG in R\u00f6slau  \u00fcbernommen und in Oscar Schaller &#038; Co. Nachfolger umbenannt,<br \/>\nH\u00f6he 16 cm, Breite 13 cm<\/p>\n<p><a href=\"http:\/\/museumek.eu\/?attachment_id=58492\" rel=\"attachment wp-att-58492\"><img loading=\"lazy\" src=\"http:\/\/museumek.eu\/wp-content\/uploads\/2021\/07\/Schaller-Vase-um-1900-1-225x300.jpg\" alt=\"\" title=\"Schaller Vase um 1900 1\" width=\"225\" height=\"300\" class=\"alignnone size-medium wp-image-58492\" srcset=\"http:\/\/museumek.eu\/wp-content\/uploads\/2021\/07\/Schaller-Vase-um-1900-1-225x300.jpg 225w, http:\/\/museumek.eu\/wp-content\/uploads\/2021\/07\/Schaller-Vase-um-1900-1-112x150.jpg 112w, http:\/\/museumek.eu\/wp-content\/uploads\/2021\/07\/Schaller-Vase-um-1900-1.jpg 480w\" sizes=\"(max-width: 225px) 100vw, 225px\" \/><\/a><\/p>\n<p><a href=\"http:\/\/museumek.eu\/?attachment_id=58493\" rel=\"attachment wp-att-58493\"><img loading=\"lazy\" src=\"http:\/\/museumek.eu\/wp-content\/uploads\/2021\/07\/Schaller-Vase-um-1900-2-212x300.jpg\" alt=\"\" title=\"Schaller Vase um 1900 2\" width=\"212\" height=\"300\" class=\"alignnone size-medium wp-image-58493\" srcset=\"http:\/\/museumek.eu\/wp-content\/uploads\/2021\/07\/Schaller-Vase-um-1900-2-212x300.jpg 212w, http:\/\/museumek.eu\/wp-content\/uploads\/2021\/07\/Schaller-Vase-um-1900-2-106x150.jpg 106w, http:\/\/museumek.eu\/wp-content\/uploads\/2021\/07\/Schaller-Vase-um-1900-2.jpg 453w\" sizes=\"(max-width: 212px) 100vw, 212px\" \/><\/a><\/p>\n<p><a href=\"http:\/\/museumek.eu\/?attachment_id=58494\" rel=\"attachment wp-att-58494\"><img loading=\"lazy\" src=\"http:\/\/museumek.eu\/wp-content\/uploads\/2021\/07\/Schaller-Vase-um-1900-3-236x300.jpg\" alt=\"\" title=\"Schaller Vase um 1900 3\" width=\"236\" height=\"300\" class=\"alignnone size-medium wp-image-58494\" srcset=\"http:\/\/museumek.eu\/wp-content\/uploads\/2021\/07\/Schaller-Vase-um-1900-3-236x300.jpg 236w, http:\/\/museumek.eu\/wp-content\/uploads\/2021\/07\/Schaller-Vase-um-1900-3-118x150.jpg 118w, http:\/\/museumek.eu\/wp-content\/uploads\/2021\/07\/Schaller-Vase-um-1900-3.jpg 480w\" sizes=\"(max-width: 236px) 100vw, 236px\" \/><\/a><\/p>\n<p><a href=\"http:\/\/museumek.eu\/?attachment_id=58495\" rel=\"attachment wp-att-58495\"><img loading=\"lazy\" src=\"http:\/\/museumek.eu\/wp-content\/uploads\/2021\/07\/Schaller-Vase-um-1900-4-218x300.jpg\" alt=\"\" title=\"Schaller Vase um 1900 4\" width=\"218\" height=\"300\" class=\"alignnone size-medium wp-image-58495\" srcset=\"http:\/\/museumek.eu\/wp-content\/uploads\/2021\/07\/Schaller-Vase-um-1900-4-218x300.jpg 218w, http:\/\/museumek.eu\/wp-content\/uploads\/2021\/07\/Schaller-Vase-um-1900-4-109x150.jpg 109w, http:\/\/museumek.eu\/wp-content\/uploads\/2021\/07\/Schaller-Vase-um-1900-4.jpg 467w\" sizes=\"(max-width: 218px) 100vw, 218px\" \/><\/a><\/p>\n<p><a href=\"http:\/\/museumek.eu\/?attachment_id=58496\" rel=\"attachment wp-att-58496\"><img loading=\"lazy\" src=\"http:\/\/museumek.eu\/wp-content\/uploads\/2021\/07\/Schaller-Vase-um-1900-5-218x300.jpg\" alt=\"\" title=\"Schaller Vase um 1900 5\" width=\"218\" height=\"300\" class=\"alignnone size-medium wp-image-58496\" srcset=\"http:\/\/museumek.eu\/wp-content\/uploads\/2021\/07\/Schaller-Vase-um-1900-5-218x300.jpg 218w, http:\/\/museumek.eu\/wp-content\/uploads\/2021\/07\/Schaller-Vase-um-1900-5-109x150.jpg 109w, http:\/\/museumek.eu\/wp-content\/uploads\/2021\/07\/Schaller-Vase-um-1900-5.jpg 466w\" sizes=\"(max-width: 218px) 100vw, 218px\" \/><\/a><\/p>\n<p><a href=\"http:\/\/museumek.eu\/?attachment_id=58497\" rel=\"attachment wp-att-58497\"><img loading=\"lazy\" src=\"http:\/\/museumek.eu\/wp-content\/uploads\/2021\/07\/Schaller-Vase-um-1900-6-300x289.jpg\" alt=\"\" title=\"Schaller Vase um 1900 6\" width=\"300\" height=\"289\" class=\"alignnone size-medium wp-image-58497\" srcset=\"http:\/\/museumek.eu\/wp-content\/uploads\/2021\/07\/Schaller-Vase-um-1900-6-300x289.jpg 300w, http:\/\/museumek.eu\/wp-content\/uploads\/2021\/07\/Schaller-Vase-um-1900-6-150x144.jpg 150w, http:\/\/museumek.eu\/wp-content\/uploads\/2021\/07\/Schaller-Vase-um-1900-6-311x300.jpg 311w, http:\/\/museumek.eu\/wp-content\/uploads\/2021\/07\/Schaller-Vase-um-1900-6.jpg 498w\" sizes=\"(max-width: 300px) 100vw, 300px\" \/><\/a><\/p>\n","protected":false},"excerpt":{"rendered":"<p>Abteilung Deutschland, Keramik 1860 \u2013 1960, Inventarnummer D\/CCI\/2 Porzellanfabrik Oscar Schaller &#038; Co., Deutschland, Schwarzenbach, um 1910, Teller mit Dekor Nordland, K\u00fcnstler unbekannt, Werks.-Nr. ohne, Exemplar Nr. ohne, gemarkt Firmenmarke in einem mit Vorh\u00e4ngen verzierten Rahmen die gekreuzten Buchstaben S &hellip; <a href=\"http:\/\/museumek.eu\/?page_id=58514\">Weiterlesen <span class=\"meta-nav\">&rarr;<\/span><\/a><\/p>\n","protected":false},"author":1,"featured_media":0,"parent":58482,"menu_order":2,"comment_status":"closed","ping_status":"open","template":"","meta":[],"_links":{"self":[{"href":"http:\/\/museumek.eu\/index.php?rest_route=\/wp\/v2\/pages\/58514"}],"collection":[{"href":"http:\/\/museumek.eu\/index.php?rest_route=\/wp\/v2\/pages"}],"about":[{"href":"http:\/\/museumek.eu\/index.php?rest_route=\/wp\/v2\/types\/page"}],"author":[{"embeddable":true,"href":"http:\/\/museumek.eu\/index.php?rest_route=\/wp\/v2\/users\/1"}],"replies":[{"embeddable":true,"href":"http:\/\/museumek.eu\/index.php?rest_route=%2Fwp%2Fv2%2Fcomments&post=58514"}],"version-history":[{"count":5,"href":"http:\/\/museumek.eu\/index.php?rest_route=\/wp\/v2\/pages\/58514\/revisions"}],"predecessor-version":[{"id":58519,"href":"http:\/\/museumek.eu\/index.php?rest_route=\/wp\/v2\/pages\/58514\/revisions\/58519"}],"up":[{"embeddable":true,"href":"http:\/\/museumek.eu\/index.php?rest_route=\/wp\/v2\/pages\/58482"}],"wp:attachment":[{"href":"http:\/\/museumek.eu\/index.php?rest_route=%2Fwp%2Fv2%2Fmedia&parent=58514"}],"curies":[{"name":"wp","href":"https:\/\/api.w.org\/{rel}","templated":true}]}}