{"id":58547,"date":"2021-07-18T17:21:54","date_gmt":"2021-07-18T15:21:54","guid":{"rendered":"http:\/\/museumek.eu\/?page_id=58547"},"modified":"2021-07-18T17:49:44","modified_gmt":"2021-07-18T15:49:44","slug":"dclxxxii2","status":"publish","type":"page","link":"http:\/\/museumek.eu\/?page_id=58547","title":{"rendered":"D\/CLXXXII\/2"},"content":{"rendered":"<p><strong>Abteilung Deutschland, Keramik 1860 \u2013 1960, Inventarnummer D\/CLXXXII\/2<\/strong><\/p>\n<p>Porzellanfabrik Erdmann Schlegelmilch und Nachf. Porzellanfabrik Erdmann Schlegelmilch AG, Deutschland, Suhl, um 1910, Vase, K\u00fcnstler unbekannt, Werks.-Nr. ohne, Exemplar Nr. ohne, gemarkt Firmenmarke in einer Art Klammer PROV. SAXE, darunter E.S. (f\u00fcr Erdmann Schlegelmilch), darunter Germany (Anm. MEK: beim MEK Stempel ist das Wort Germany auf Grund von Abnutzung der Stempelfarbe nicht mehr zu erkennen, Stempel ist auf Glasur) gr\u00fcner Stempel auf Glasur, nicht signiert, Literatur: Robert E. R\u00f6ntgen, Deutsche Porzellanmarken von 1710 bis heute, Seite 331, Marke Nr. 2611 unterer Teil der Doppelmarke identisch (dort f\u00fcr die Zeit nach 1891), weitere Literatur: Dieter Z\u00fchlsdorff, Markenlexikon, Porzellan und Keramik Report 1885 &#8211; 1935, Seite 221, Werk-Teil 1., Gruppennummer des Werkteils 2., laufende Nummer innerhalb der Gruppe 2477, identische Marke (dort f\u00fcr die Zeit von 1902 bis 1927) sowie Seite 619, Werk-Teil 3., laufende Nummer des Werkteils 1225, dort kurze Beschreibung der Fabrik, weitere Literatur: Otto Pelka, Keramik der Neuzeit, Markentafel IX, Marke 144 identisch, weitere Literatur: Ludwig Danckert, Handbuch des Europ\u00e4ischen Porzellans, 7. Auflage, Seite 684, kurze Beschreibung der Fabrik sowie Marke 105 identisch (die Marke wurde am 16.05.1902 ins RWZR eingetragen), 1861 wurde in Suhl die erste Porzellanfabrik von Erdmann Schlegelmilch, der Besitzer von einem Eisenbergwerk, Eisenh\u00e4mmern und Walzwerken war, er\u00f6ffnet, die Fabrik produzierte fast ausschlie\u00dflich f\u00fcr den Export in die USA, die Qualit\u00e4t des Porzellans war hervorragend, 1902 wurde die Fabrik AG, 1910 ist Julius Schlegelmilch Gesch\u00e4ftsf\u00fchrer, 1936 wird die Fabrik stillgelegt und aufgel\u00f6st, H\u00f6he 16,8 cm, Breite 8,5 cm<\/p>\n<p><a href=\"http:\/\/museumek.eu\/?attachment_id=58529\" rel=\"attachment wp-att-58529\"><img loading=\"lazy\" src=\"http:\/\/museumek.eu\/wp-content\/uploads\/2021\/01\/Erdmann-Schlegelmilch-Vase-1-167x300.jpg\" alt=\"\" title=\"Erdmann Schlegelmilch Vase 1\" width=\"167\" height=\"300\" class=\"alignnone size-medium wp-image-58529\" srcset=\"http:\/\/museumek.eu\/wp-content\/uploads\/2021\/01\/Erdmann-Schlegelmilch-Vase-1-167x300.jpg 167w, http:\/\/museumek.eu\/wp-content\/uploads\/2021\/01\/Erdmann-Schlegelmilch-Vase-1-83x150.jpg 83w, http:\/\/museumek.eu\/wp-content\/uploads\/2021\/01\/Erdmann-Schlegelmilch-Vase-1.jpg 358w\" sizes=\"(max-width: 167px) 100vw, 167px\" \/><\/a><\/p>\n<p><a href=\"http:\/\/museumek.eu\/?attachment_id=58530\" rel=\"attachment wp-att-58530\"><img loading=\"lazy\" src=\"http:\/\/museumek.eu\/wp-content\/uploads\/2021\/01\/Erdmann-Schlegelmilch-Vase-4-196x300.jpg\" alt=\"\" title=\"Erdmann Schlegelmilch Vase 4\" width=\"196\" height=\"300\" class=\"alignnone size-medium wp-image-58530\" srcset=\"http:\/\/museumek.eu\/wp-content\/uploads\/2021\/01\/Erdmann-Schlegelmilch-Vase-4-196x300.jpg 196w, http:\/\/museumek.eu\/wp-content\/uploads\/2021\/01\/Erdmann-Schlegelmilch-Vase-4-98x150.jpg 98w, http:\/\/museumek.eu\/wp-content\/uploads\/2021\/01\/Erdmann-Schlegelmilch-Vase-4.jpg 419w\" sizes=\"(max-width: 196px) 100vw, 196px\" \/><\/a><\/p>\n<p><a href=\"http:\/\/museumek.eu\/?attachment_id=58531\" rel=\"attachment wp-att-58531\"><img loading=\"lazy\" src=\"http:\/\/museumek.eu\/wp-content\/uploads\/2021\/01\/Erdmann-Schlegelmilch-Vase-2-300x282.jpg\" alt=\"\" title=\"Erdmann Schlegelmilch Vase 2\" width=\"300\" height=\"282\" class=\"alignnone size-medium wp-image-58531\" srcset=\"http:\/\/museumek.eu\/wp-content\/uploads\/2021\/01\/Erdmann-Schlegelmilch-Vase-2-300x282.jpg 300w, http:\/\/museumek.eu\/wp-content\/uploads\/2021\/01\/Erdmann-Schlegelmilch-Vase-2-150x141.jpg 150w, http:\/\/museumek.eu\/wp-content\/uploads\/2021\/01\/Erdmann-Schlegelmilch-Vase-2-318x300.jpg 318w, http:\/\/museumek.eu\/wp-content\/uploads\/2021\/01\/Erdmann-Schlegelmilch-Vase-2.jpg 510w\" sizes=\"(max-width: 300px) 100vw, 300px\" \/><\/a><\/p>\n<p><a href=\"http:\/\/museumek.eu\/?attachment_id=58532\" rel=\"attachment wp-att-58532\"><img loading=\"lazy\" src=\"http:\/\/museumek.eu\/wp-content\/uploads\/2021\/01\/Erdmann-Schlegelmilch-Vase-3-145x300.jpg\" alt=\"\" title=\"Erdmann Schlegelmilch Vase 3\" width=\"145\" height=\"300\" class=\"alignnone size-medium wp-image-58532\" srcset=\"http:\/\/museumek.eu\/wp-content\/uploads\/2021\/01\/Erdmann-Schlegelmilch-Vase-3-145x300.jpg 145w, http:\/\/museumek.eu\/wp-content\/uploads\/2021\/01\/Erdmann-Schlegelmilch-Vase-3-72x150.jpg 72w\" sizes=\"(max-width: 145px) 100vw, 145px\" \/><\/a><\/p>\n<p><a href=\"http:\/\/museumek.eu\/?attachment_id=58533\" rel=\"attachment wp-att-58533\"><img loading=\"lazy\" src=\"http:\/\/museumek.eu\/wp-content\/uploads\/2021\/01\/Erdmann-Schlegelmilch-Vase-5-152x300.jpg\" alt=\"\" title=\"Erdmann Schlegelmilch Vase 5\" width=\"152\" height=\"300\" class=\"alignnone size-medium wp-image-58533\" srcset=\"http:\/\/museumek.eu\/wp-content\/uploads\/2021\/01\/Erdmann-Schlegelmilch-Vase-5-152x300.jpg 152w, http:\/\/museumek.eu\/wp-content\/uploads\/2021\/01\/Erdmann-Schlegelmilch-Vase-5-76x150.jpg 76w\" sizes=\"(max-width: 152px) 100vw, 152px\" \/><\/a><\/p>\n<p><a href=\"http:\/\/museumek.eu\/?attachment_id=58534\" rel=\"attachment wp-att-58534\"><img loading=\"lazy\" src=\"http:\/\/museumek.eu\/wp-content\/uploads\/2021\/01\/Erdmann-Schlegelmilch-Vase-6-300x257.jpg\" alt=\"\" title=\"Erdmann Schlegelmilch Vase 6\" width=\"300\" height=\"257\" class=\"alignnone size-medium wp-image-58534\" srcset=\"http:\/\/museumek.eu\/wp-content\/uploads\/2021\/01\/Erdmann-Schlegelmilch-Vase-6-300x257.jpg 300w, http:\/\/museumek.eu\/wp-content\/uploads\/2021\/01\/Erdmann-Schlegelmilch-Vase-6-150x128.jpg 150w, http:\/\/museumek.eu\/wp-content\/uploads\/2021\/01\/Erdmann-Schlegelmilch-Vase-6-350x300.jpg 350w, http:\/\/museumek.eu\/wp-content\/uploads\/2021\/01\/Erdmann-Schlegelmilch-Vase-6.jpg 560w\" sizes=\"(max-width: 300px) 100vw, 300px\" \/><\/a> <\/p>\n","protected":false},"excerpt":{"rendered":"<p>Abteilung Deutschland, Keramik 1860 \u2013 1960, Inventarnummer D\/CLXXXII\/2 Porzellanfabrik Erdmann Schlegelmilch und Nachf. Porzellanfabrik Erdmann Schlegelmilch AG, Deutschland, Suhl, um 1910, Vase, K\u00fcnstler unbekannt, Werks.-Nr. ohne, Exemplar Nr. ohne, gemarkt Firmenmarke in einer Art Klammer PROV. SAXE, darunter E.S. (f\u00fcr &hellip; <a href=\"http:\/\/museumek.eu\/?page_id=58547\">Weiterlesen <span class=\"meta-nav\">&rarr;<\/span><\/a><\/p>\n","protected":false},"author":1,"featured_media":0,"parent":52813,"menu_order":2,"comment_status":"closed","ping_status":"open","template":"","meta":[],"_links":{"self":[{"href":"http:\/\/museumek.eu\/index.php?rest_route=\/wp\/v2\/pages\/58547"}],"collection":[{"href":"http:\/\/museumek.eu\/index.php?rest_route=\/wp\/v2\/pages"}],"about":[{"href":"http:\/\/museumek.eu\/index.php?rest_route=\/wp\/v2\/types\/page"}],"author":[{"embeddable":true,"href":"http:\/\/museumek.eu\/index.php?rest_route=\/wp\/v2\/users\/1"}],"replies":[{"embeddable":true,"href":"http:\/\/museumek.eu\/index.php?rest_route=%2Fwp%2Fv2%2Fcomments&post=58547"}],"version-history":[{"count":7,"href":"http:\/\/museumek.eu\/index.php?rest_route=\/wp\/v2\/pages\/58547\/revisions"}],"predecessor-version":[{"id":58568,"href":"http:\/\/museumek.eu\/index.php?rest_route=\/wp\/v2\/pages\/58547\/revisions\/58568"}],"up":[{"embeddable":true,"href":"http:\/\/museumek.eu\/index.php?rest_route=\/wp\/v2\/pages\/52813"}],"wp:attachment":[{"href":"http:\/\/museumek.eu\/index.php?rest_route=%2Fwp%2Fv2%2Fmedia&parent=58547"}],"curies":[{"name":"wp","href":"https:\/\/api.w.org\/{rel}","templated":true}]}}