{"id":58633,"date":"2021-07-19T21:03:38","date_gmt":"2021-07-19T19:03:38","guid":{"rendered":"http:\/\/museumek.eu\/?page_id=58633"},"modified":"2021-07-19T21:03:38","modified_gmt":"2021-07-19T19:03:38","slug":"dccii1","status":"publish","type":"page","link":"http:\/\/museumek.eu\/?page_id=58633","title":{"rendered":"D\/CCII\/1"},"content":{"rendered":"<p><strong>Abteilung Deutschland, Keramik 1860 \u2013 1960, Inventarnummer D\/CCII\/1<\/strong><\/p>\n<p>Porzellanfabrik Tirschenreuth, Zweigwerk der Porzellanfabrik Bremer &#038; Liebermann und Nachf. Porzellanfabrik Tirschenreuth Muther &#038; Mezger OHG und Nachf. Porzellanfabrik Tirschenreuth AG und Nachf. Porzellanfabrik Tirschenreuth, Zweigniederlassung der Lorenz Hutschenreuther AG, Deutschland, Tirschenreuth, um 1910, Kanne, K\u00fcnstler unbekannt, Werks.-Nr. ohne, Exemplar Nr. ohne, gemarkt Firmenmarke mit Krone, darunter ein Wappen, links neben dem Wappen der Buchstabe P (f\u00fcr Porzellanfabrik), rechts neben dem Wappen der Buchstabe T (f\u00fcr Tirschenreuth), unter dem Wappen BAVARIA. gr\u00fcner Stempel unter Glasur sowie 7671, darunter 45 braun auf Glasur gemalt, nicht signiert, Literatur: J. G. Th. Graesse und E. Jaenicke, F\u00fchrer f\u00fcr Sammler von Porzellan und Fayence, Steinzeug, Steingut usw., Seite 510, Marke Nr. 15 identisch (dort ohne BAVARIA), weitere Literatur: Dieter Z\u00fchlsdorff, Markenlexikon, Porzellan und Keramik Report 1885 &#8211; 1935, Band 1, Seite 271, Werk-Teil 1., Gruppennummer des Werkteils 4., laufende Nummer innerhalb der Gruppe 646, identische Marke (dort f\u00fcr die Zeit vor 1900 bis 1930 sowie Seite 624, Werk-Teil 3., laufende Nummer des Werkteils 1255, dort kurze unvollst\u00e4ndige Beschreibung der Fabrik, weitere Literatur: Ludwig Danckert, Handbuch des Europ\u00e4ischen Porzellans, 7. Auflage, Seite 698, kurze Beschreibung der Fabrik sowie Seite 699 eine der abgebildeten Marken identisch (dort ohne BAVARIA), weitere Literatur: Robert E. R\u00f6ntgen, Deutsche Porzellanmarken 1710 bis heute, Seite 342, dort kurze und unvollst\u00e4ndige Beschreibung der Fabrik sowie Marke 2703 identisch (dort f\u00fcr die Zeit ab 1903, dort ohne BAVARIA, am 8.11.1832 reichte der Porzellan-Fabrikant Heinrich Eichhorn aus Schney, Mitinhaber der dortigen Porzellanfabrik Bremer &#038; Liebermann, die Genehmigung zur Gr\u00fcndung einer Porzellanfabrik in Tirschenreuth ein, diese wurde am 22.11.1832 durch die Organe der Stadt Tirschenreuth, unter anderem da eine Porzellanfabrik eine Konkurrenz gegen die Steinguterzeuger darstellte, zu viel Holz ben\u00f6tigte und die Fabrikgeb\u00e4ude nicht sicher genug seien, abgelehnt, nach Einspruch gegen den Bescheid 1833 und Widerlegung der Begr\u00fcndung f\u00fcr die Ablehnung wurde der Betrieb einer Porzellanfabrik durch die k\u00f6nigliche Regierung des Obermainkreises stattgegeben, 1838 waren die Bauma\u00dfnahmen abgeschlossen und die Aufnahme der Produktion mit einem Brennofen begann, aller Wahrscheinlichkeit nach, war die Fabrik  Zweigwerk der Porzellanfabrik in Schney, vermutliche Firmierung Porzellanfabrik Tirschenreuth, Zweigwerk der Porzellanfabrik Bremer &#038; Liebermann, die Produktionspalette umfasste Pfeifenk\u00f6pfe, Tassen und zahlreiche Einzelartikel, Anfangsschwierigkeiten erforderten eine Bezuschussung des Betriebes durch die Porzellanfabrik Bremer &#038; Liebermann oder nur durch Eichhorn, im Jahre 1846 wurde eine zweiter Brennofen in Betrieb genommen und eine Sortimentserweiterung um Andenkentassen f\u00fcr die b\u00f6hmischen Badeorte sowie komplizierte Artikel wie Uhrengeh\u00e4use im Bestand aufgenommen, 1880 verstarb der Firmengr\u00fcnder Heinrich Eichhorn und seine Anteile erwarben Edmund Tittel, Friedrich Muther und August Bauscher, im selben Jahr verkaufte August Bauscher seine Besitztitel an Karl Gotthold Mezger, Textilkaufmann aus N\u00fcrtingen, mit dem Erl\u00f6s finanzierte August Bauscher die Errichtung seiner Porzellanfabrik in Weiden, die Firmierung \u00e4nderte sich wohl auf Porzellanfabrik Tirschenreuth Muther &#038; Mezger OHG, 1886 wurde ein neuer Brennofen und eine Massenm\u00fchle gebaut, desweiteren wurden die ersten kompletten Serviceformen entworfen, 1891 erfolgte die Umwandlung in eine AG, Firmierung ab da Porzellanfabrik Tirschenreuth AG, bis 1900 wurden die Produktionsanlagen so erweitert, dass die Produktion auf \u00fcber 1100 verschiedene Artikel anstieg, darunter neben Schnauzbarttassen, Serviceformen wie Carmen und Aurora, die den floralen Jugendstil zugeordnet sind, im Jahre 1902 erfolgte der Aufbau einer eigenen Rohstoffversorgung durch die Errichtung eines Pegmatitwerkes und einer Kaolinschlemmerei auf der Schmelitzh\u00f6he, 1908 verstarb Gotthold Mezger, seine Anteile wurden an Johann Schlipphack \u00fcbertragen, w\u00e4hrend des I. Weltkrieges brachen die Absatzm\u00e4rkte vor allem in \u00dcbersee ein, angesichts des gleichzeitig zur\u00fcckgehenden Bedarfs an luxuri\u00f6sen Erzeugnissen erfolgte, nach 1918, Wiederankn\u00fcpfung der ehemaligen Exportverbindungen bei nahezu unver\u00e4ndertem Charakter der Produktionspalette, insbesondere repr\u00e4sentativer Porzellanservice, mit der Barockform M\u00fcnchen oder den Klassizismus Service Empire und Hohenzollern erfolgt eine Hinwendung zu historisierenden Aktualisierung vergangener Stilepochen in Porzellan, pr\u00e4gend f\u00fcr die Formgestaltung ist der Modelleur Johann B\u00f6hm, dessen T\u00e4tigkeit \u00fcber 30 Jahre andauert, Kobalt\u00e4tzkanten, in hervorragender Qualit\u00e4t in Tirschenreuth fabriziert erlangen Ber\u00fchmtheit, im Jahre 1926 verstarb der Direktor Johannes Schlipphack, 1927 \u00fcbernahm der Porzellanhersteller Lorenz Hutschenreuther die Porzellanfabrik Tirschenreuth, Firmierung ab da Porzellanfabrik Tirschenreuth, Zweigniederlassung der Lorenz Hutschenreuther AG, eine durchgreifende Erneuerung und Modernisierung der Brennanlagen waren die Folge, aus Anlass des 100 J\u00e4hrigem Betriebsjubil\u00e4ums 1938 erfolgte die Vorstellung einer auf das Jubil\u00e4um ausgerichtete Serviceform 100 mit entsprechend sachlich gehaltenen Randliniendekoren, Einf\u00fchrung zeitgen\u00f6ssischer glatter, klar gestalteter Serviceformen wie Helena oder Astoria neben neuen Historismusentw\u00fcrfen wie z. B. Elli 1937, im September 1945 erfolgte die Wiederaufnahme der w\u00e4hrend des II. Weltkrieges eingestellten Produktion dank weitestgehender Verschonung der Fabrikanlagen von Zerst\u00f6rungen und Demontage, H\u00f6he 19 cm, Breite 19,5 cm<\/p>\n<p><a href=\"http:\/\/museumek.eu\/?attachment_id=58594\" rel=\"attachment wp-att-58594\"><img loading=\"lazy\" src=\"http:\/\/museumek.eu\/wp-content\/uploads\/2021\/07\/Tirschenreuth-Kanne-1-295x300.jpg\" alt=\"\" title=\"Tirschenreuth Kanne 1\" width=\"295\" height=\"300\" class=\"alignnone size-medium wp-image-58594\" srcset=\"http:\/\/museumek.eu\/wp-content\/uploads\/2021\/07\/Tirschenreuth-Kanne-1-295x300.jpg 295w, http:\/\/museumek.eu\/wp-content\/uploads\/2021\/07\/Tirschenreuth-Kanne-1-147x150.jpg 147w, http:\/\/museumek.eu\/wp-content\/uploads\/2021\/07\/Tirschenreuth-Kanne-1.jpg 480w\" sizes=\"(max-width: 295px) 100vw, 295px\" \/><\/a><\/p>\n<p><a href=\"http:\/\/museumek.eu\/?attachment_id=58595\" rel=\"attachment wp-att-58595\"><img loading=\"lazy\" src=\"http:\/\/museumek.eu\/wp-content\/uploads\/2021\/07\/Tirschenreuth-Kanne-2-168x300.jpg\" alt=\"\" title=\"Tirschenreuth Kanne 2\" width=\"168\" height=\"300\" class=\"alignnone size-medium wp-image-58595\" srcset=\"http:\/\/museumek.eu\/wp-content\/uploads\/2021\/07\/Tirschenreuth-Kanne-2-168x300.jpg 168w, http:\/\/museumek.eu\/wp-content\/uploads\/2021\/07\/Tirschenreuth-Kanne-2-84x150.jpg 84w, http:\/\/museumek.eu\/wp-content\/uploads\/2021\/07\/Tirschenreuth-Kanne-2.jpg 359w\" sizes=\"(max-width: 168px) 100vw, 168px\" \/><\/a><\/p>\n<p><a href=\"http:\/\/museumek.eu\/?attachment_id=58596\" rel=\"attachment wp-att-58596\"><img loading=\"lazy\" src=\"http:\/\/museumek.eu\/wp-content\/uploads\/2021\/07\/Tirschenreuth-Kanne-3-271x300.jpg\" alt=\"\" title=\"Tirschenreuth Kanne 3\" width=\"271\" height=\"300\" class=\"alignnone size-medium wp-image-58596\" srcset=\"http:\/\/museumek.eu\/wp-content\/uploads\/2021\/07\/Tirschenreuth-Kanne-3-271x300.jpg 271w, http:\/\/museumek.eu\/wp-content\/uploads\/2021\/07\/Tirschenreuth-Kanne-3-135x150.jpg 135w, http:\/\/museumek.eu\/wp-content\/uploads\/2021\/07\/Tirschenreuth-Kanne-3.jpg 480w\" sizes=\"(max-width: 271px) 100vw, 271px\" \/><\/a><\/p>\n<p><a href=\"http:\/\/museumek.eu\/?attachment_id=58597\" rel=\"attachment wp-att-58597\"><img loading=\"lazy\" src=\"http:\/\/museumek.eu\/wp-content\/uploads\/2021\/07\/Tirschenreuth-Kanne-4-173x300.jpg\" alt=\"\" title=\"Tirschenreuth Kanne 4\" width=\"173\" height=\"300\" class=\"alignnone size-medium wp-image-58597\" srcset=\"http:\/\/museumek.eu\/wp-content\/uploads\/2021\/07\/Tirschenreuth-Kanne-4-173x300.jpg 173w, http:\/\/museumek.eu\/wp-content\/uploads\/2021\/07\/Tirschenreuth-Kanne-4-86x150.jpg 86w\" sizes=\"(max-width: 173px) 100vw, 173px\" \/><\/a><\/p>\n<p><a href=\"http:\/\/museumek.eu\/?attachment_id=58598\" rel=\"attachment wp-att-58598\"><img loading=\"lazy\" src=\"http:\/\/museumek.eu\/wp-content\/uploads\/2021\/07\/Tirschenreuth-Kanne-5-146x300.jpg\" alt=\"\" title=\"Tirschenreuth Kanne 5\" width=\"146\" height=\"300\" class=\"alignnone size-medium wp-image-58598\" srcset=\"http:\/\/museumek.eu\/wp-content\/uploads\/2021\/07\/Tirschenreuth-Kanne-5-146x300.jpg 146w, http:\/\/museumek.eu\/wp-content\/uploads\/2021\/07\/Tirschenreuth-Kanne-5-73x150.jpg 73w, http:\/\/museumek.eu\/wp-content\/uploads\/2021\/07\/Tirschenreuth-Kanne-5.jpg 313w\" sizes=\"(max-width: 146px) 100vw, 146px\" \/><\/a><\/p>\n<p><a href=\"http:\/\/museumek.eu\/?attachment_id=58599\" rel=\"attachment wp-att-58599\"><img loading=\"lazy\" src=\"http:\/\/museumek.eu\/wp-content\/uploads\/2021\/07\/Tirschenreuth-Kanne-6-253x300.jpg\" alt=\"\" title=\"Tirschenreuth Kanne 6\" width=\"253\" height=\"300\" class=\"alignnone size-medium wp-image-58599\" srcset=\"http:\/\/museumek.eu\/wp-content\/uploads\/2021\/07\/Tirschenreuth-Kanne-6-253x300.jpg 253w, http:\/\/museumek.eu\/wp-content\/uploads\/2021\/07\/Tirschenreuth-Kanne-6-126x150.jpg 126w, http:\/\/museumek.eu\/wp-content\/uploads\/2021\/07\/Tirschenreuth-Kanne-6.jpg 480w\" sizes=\"(max-width: 253px) 100vw, 253px\" \/><\/a><\/p>\n<p><a href=\"http:\/\/museumek.eu\/?attachment_id=58600\" rel=\"attachment wp-att-58600\"><img loading=\"lazy\" src=\"http:\/\/museumek.eu\/wp-content\/uploads\/2021\/07\/Tirschenreuth-Kanne-7-300x287.jpg\" alt=\"\" title=\"Tirschenreuth Kanne 7\" width=\"300\" height=\"287\" class=\"alignnone size-medium wp-image-58600\" srcset=\"http:\/\/museumek.eu\/wp-content\/uploads\/2021\/07\/Tirschenreuth-Kanne-7-300x287.jpg 300w, http:\/\/museumek.eu\/wp-content\/uploads\/2021\/07\/Tirschenreuth-Kanne-7-150x143.jpg 150w, http:\/\/museumek.eu\/wp-content\/uploads\/2021\/07\/Tirschenreuth-Kanne-7-313x300.jpg 313w, http:\/\/museumek.eu\/wp-content\/uploads\/2021\/07\/Tirschenreuth-Kanne-7.jpg 501w\" sizes=\"(max-width: 300px) 100vw, 300px\" \/><\/a><\/p>\n<p><a href=\"http:\/\/museumek.eu\/?attachment_id=58601\" rel=\"attachment wp-att-58601\"><img loading=\"lazy\" src=\"http:\/\/museumek.eu\/wp-content\/uploads\/2021\/07\/Tirschenreuth-Kanne-8-300x266.jpg\" alt=\"\" title=\"Tirschenreuth Kanne 8\" width=\"300\" height=\"266\" class=\"alignnone size-medium wp-image-58601\" srcset=\"http:\/\/museumek.eu\/wp-content\/uploads\/2021\/07\/Tirschenreuth-Kanne-8-300x266.jpg 300w, http:\/\/museumek.eu\/wp-content\/uploads\/2021\/07\/Tirschenreuth-Kanne-8-150x133.jpg 150w, http:\/\/museumek.eu\/wp-content\/uploads\/2021\/07\/Tirschenreuth-Kanne-8-338x300.jpg 338w, http:\/\/museumek.eu\/wp-content\/uploads\/2021\/07\/Tirschenreuth-Kanne-8.jpg 541w\" sizes=\"(max-width: 300px) 100vw, 300px\" \/><\/a><\/p>\n<p><a href=\"http:\/\/museumek.eu\/?attachment_id=58602\" rel=\"attachment wp-att-58602\"><img loading=\"lazy\" src=\"http:\/\/museumek.eu\/wp-content\/uploads\/2021\/07\/Tirschenreuth-Kanne-9-221x300.jpg\" alt=\"\" title=\"Tirschenreuth Kanne 9\" width=\"221\" height=\"300\" class=\"alignnone size-medium wp-image-58602\" srcset=\"http:\/\/museumek.eu\/wp-content\/uploads\/2021\/07\/Tirschenreuth-Kanne-9-221x300.jpg 221w, http:\/\/museumek.eu\/wp-content\/uploads\/2021\/07\/Tirschenreuth-Kanne-9-110x150.jpg 110w, http:\/\/museumek.eu\/wp-content\/uploads\/2021\/07\/Tirschenreuth-Kanne-9.jpg 473w\" sizes=\"(max-width: 221px) 100vw, 221px\" \/><\/a><\/p>\n<p><a href=\"http:\/\/museumek.eu\/?attachment_id=58603\" rel=\"attachment wp-att-58603\"><img loading=\"lazy\" src=\"http:\/\/museumek.eu\/wp-content\/uploads\/2021\/07\/Tirschenreuth-Kanne-10-300x274.jpg\" alt=\"\" title=\"Tirschenreuth Kanne 10\" width=\"300\" height=\"274\" class=\"alignnone size-medium wp-image-58603\" srcset=\"http:\/\/museumek.eu\/wp-content\/uploads\/2021\/07\/Tirschenreuth-Kanne-10-300x274.jpg 300w, http:\/\/museumek.eu\/wp-content\/uploads\/2021\/07\/Tirschenreuth-Kanne-10-150x137.jpg 150w, http:\/\/museumek.eu\/wp-content\/uploads\/2021\/07\/Tirschenreuth-Kanne-10-328x300.jpg 328w, http:\/\/museumek.eu\/wp-content\/uploads\/2021\/07\/Tirschenreuth-Kanne-10.jpg 525w\" sizes=\"(max-width: 300px) 100vw, 300px\" \/><\/a><\/p>\n","protected":false},"excerpt":{"rendered":"<p>Abteilung Deutschland, Keramik 1860 \u2013 1960, Inventarnummer D\/CCII\/1 Porzellanfabrik Tirschenreuth, Zweigwerk der Porzellanfabrik Bremer &#038; Liebermann und Nachf. Porzellanfabrik Tirschenreuth Muther &#038; Mezger OHG und Nachf. Porzellanfabrik Tirschenreuth AG und Nachf. Porzellanfabrik Tirschenreuth, Zweigniederlassung der Lorenz Hutschenreuther AG, Deutschland, Tirschenreuth, &hellip; <a href=\"http:\/\/museumek.eu\/?page_id=58633\">Weiterlesen <span class=\"meta-nav\">&rarr;<\/span><\/a><\/p>\n","protected":false},"author":1,"featured_media":0,"parent":58585,"menu_order":1,"comment_status":"closed","ping_status":"open","template":"","meta":[],"_links":{"self":[{"href":"http:\/\/museumek.eu\/index.php?rest_route=\/wp\/v2\/pages\/58633"}],"collection":[{"href":"http:\/\/museumek.eu\/index.php?rest_route=\/wp\/v2\/pages"}],"about":[{"href":"http:\/\/museumek.eu\/index.php?rest_route=\/wp\/v2\/types\/page"}],"author":[{"embeddable":true,"href":"http:\/\/museumek.eu\/index.php?rest_route=\/wp\/v2\/users\/1"}],"replies":[{"embeddable":true,"href":"http:\/\/museumek.eu\/index.php?rest_route=%2Fwp%2Fv2%2Fcomments&post=58633"}],"version-history":[{"count":2,"href":"http:\/\/museumek.eu\/index.php?rest_route=\/wp\/v2\/pages\/58633\/revisions"}],"predecessor-version":[{"id":58635,"href":"http:\/\/museumek.eu\/index.php?rest_route=\/wp\/v2\/pages\/58633\/revisions\/58635"}],"up":[{"embeddable":true,"href":"http:\/\/museumek.eu\/index.php?rest_route=\/wp\/v2\/pages\/58585"}],"wp:attachment":[{"href":"http:\/\/museumek.eu\/index.php?rest_route=%2Fwp%2Fv2%2Fmedia&parent=58633"}],"curies":[{"name":"wp","href":"https:\/\/api.w.org\/{rel}","templated":true}]}}