{"id":58958,"date":"2021-07-24T19:55:15","date_gmt":"2021-07-24T17:55:15","guid":{"rendered":"http:\/\/museumek.eu\/?page_id=58958"},"modified":"2021-07-24T19:55:44","modified_gmt":"2021-07-24T17:55:44","slug":"dviii48","status":"publish","type":"page","link":"http:\/\/museumek.eu\/?page_id=58958","title":{"rendered":"D\/VIII\/48"},"content":{"rendered":"<p><strong>Abteilung Deutschland, Keramik 1860 \u2013 1960, Inventarnummer D\/VIII\/48<\/strong><\/p>\n<p>Manufaktur Villeroy &#038; Boch, Deutschland, Mettlach, vor 1920, Kanne aus einer Waschgarnitur, K\u00fcnstler Adelbert Niemeyer, Werks.-Nr. 1422 (Formnummer), Exemplar Nr. ohne, gemarkt Firmenmarke mit Merkur, VILLEROY &#038; BOCH, METTLACH, dunkelgr\u00fcner Stempel unter Glasur, in einem Oval Niemayer dunkelgr\u00fcner Stempel unter Glasur, sowie 1422 dunkelgr\u00fcner Stempel unter Glasur, signiert durch Niemeyer Stempel, siehe auch MEK D\/VIII\/37, gleiche Kanne, sp\u00e4tere Ausf\u00fchrung, da mit Zusatz Saar-Basin fehlt, H\u00f6he 26 cm, Breite 25 cm<\/p>\n<p><a href=\"http:\/\/museumek.eu\/?attachment_id=58944\" rel=\"attachment wp-att-58944\"><img loading=\"lazy\" src=\"http:\/\/museumek.eu\/wp-content\/uploads\/2011\/09\/Kanne-V-B-Niemayer-11-230x300.jpg\" alt=\"\" title=\"Kanne V &amp; B Niemayer 1\" width=\"230\" height=\"300\" class=\"alignnone size-medium wp-image-58944\" srcset=\"http:\/\/museumek.eu\/wp-content\/uploads\/2011\/09\/Kanne-V-B-Niemayer-11-230x300.jpg 230w, http:\/\/museumek.eu\/wp-content\/uploads\/2011\/09\/Kanne-V-B-Niemayer-11-115x150.jpg 115w, http:\/\/museumek.eu\/wp-content\/uploads\/2011\/09\/Kanne-V-B-Niemayer-11.jpg 480w\" sizes=\"(max-width: 230px) 100vw, 230px\" \/><\/a><\/p>\n<p><a href=\"http:\/\/museumek.eu\/?attachment_id=58945\" rel=\"attachment wp-att-58945\"><img loading=\"lazy\" src=\"http:\/\/museumek.eu\/wp-content\/uploads\/2011\/09\/Kanne-V-B-Niemayer-21-253x300.jpg\" alt=\"\" title=\"Kanne V &amp; B Niemayer 2\" width=\"253\" height=\"300\" class=\"alignnone size-medium wp-image-58945\" srcset=\"http:\/\/museumek.eu\/wp-content\/uploads\/2011\/09\/Kanne-V-B-Niemayer-21-253x300.jpg 253w, http:\/\/museumek.eu\/wp-content\/uploads\/2011\/09\/Kanne-V-B-Niemayer-21-126x150.jpg 126w, http:\/\/museumek.eu\/wp-content\/uploads\/2011\/09\/Kanne-V-B-Niemayer-21.jpg 480w\" sizes=\"(max-width: 253px) 100vw, 253px\" \/><\/a><\/p>\n<p><a href=\"http:\/\/museumek.eu\/?attachment_id=58946\" rel=\"attachment wp-att-58946\"><img loading=\"lazy\" src=\"http:\/\/museumek.eu\/wp-content\/uploads\/2011\/09\/Kanne-V-B-Niemayer-31-246x300.jpg\" alt=\"\" title=\"Kanne V &amp; B Niemayer 3\" width=\"246\" height=\"300\" class=\"alignnone size-medium wp-image-58946\" srcset=\"http:\/\/museumek.eu\/wp-content\/uploads\/2011\/09\/Kanne-V-B-Niemayer-31-246x300.jpg 246w, http:\/\/museumek.eu\/wp-content\/uploads\/2011\/09\/Kanne-V-B-Niemayer-31-123x150.jpg 123w, http:\/\/museumek.eu\/wp-content\/uploads\/2011\/09\/Kanne-V-B-Niemayer-31.jpg 480w\" sizes=\"(max-width: 246px) 100vw, 246px\" \/><\/a><\/p>\n<p><a href=\"http:\/\/museumek.eu\/?attachment_id=58947\" rel=\"attachment wp-att-58947\"><img loading=\"lazy\" src=\"http:\/\/museumek.eu\/wp-content\/uploads\/2011\/09\/Kanne-V-B-Niemayer-41-237x300.jpg\" alt=\"\" title=\"Kanne V &amp; B Niemayer 4\" width=\"237\" height=\"300\" class=\"alignnone size-medium wp-image-58947\" srcset=\"http:\/\/museumek.eu\/wp-content\/uploads\/2011\/09\/Kanne-V-B-Niemayer-41-237x300.jpg 237w, http:\/\/museumek.eu\/wp-content\/uploads\/2011\/09\/Kanne-V-B-Niemayer-41-118x150.jpg 118w, http:\/\/museumek.eu\/wp-content\/uploads\/2011\/09\/Kanne-V-B-Niemayer-41.jpg 480w\" sizes=\"(max-width: 237px) 100vw, 237px\" \/><\/a><\/p>\n<p><a href=\"http:\/\/museumek.eu\/?attachment_id=58948\" rel=\"attachment wp-att-58948\"><img loading=\"lazy\" src=\"http:\/\/museumek.eu\/wp-content\/uploads\/2011\/09\/Kanne-V-B-Niemayer-51-222x300.jpg\" alt=\"\" title=\"Kanne V &amp; B Niemayer 5\" width=\"222\" height=\"300\" class=\"alignnone size-medium wp-image-58948\" srcset=\"http:\/\/museumek.eu\/wp-content\/uploads\/2011\/09\/Kanne-V-B-Niemayer-51-222x300.jpg 222w, http:\/\/museumek.eu\/wp-content\/uploads\/2011\/09\/Kanne-V-B-Niemayer-51-111x150.jpg 111w, http:\/\/museumek.eu\/wp-content\/uploads\/2011\/09\/Kanne-V-B-Niemayer-51.jpg 475w\" sizes=\"(max-width: 222px) 100vw, 222px\" \/><\/a><\/p>\n<p><a href=\"http:\/\/museumek.eu\/?attachment_id=58949\" rel=\"attachment wp-att-58949\"><img loading=\"lazy\" src=\"http:\/\/museumek.eu\/wp-content\/uploads\/2011\/09\/Kanne-V-B-Niemayer-61-262x300.jpg\" alt=\"\" title=\"Kanne V &amp; B Niemayer 6\" width=\"262\" height=\"300\" class=\"alignnone size-medium wp-image-58949\" srcset=\"http:\/\/museumek.eu\/wp-content\/uploads\/2011\/09\/Kanne-V-B-Niemayer-61-262x300.jpg 262w, http:\/\/museumek.eu\/wp-content\/uploads\/2011\/09\/Kanne-V-B-Niemayer-61-131x150.jpg 131w, http:\/\/museumek.eu\/wp-content\/uploads\/2011\/09\/Kanne-V-B-Niemayer-61.jpg 480w\" sizes=\"(max-width: 262px) 100vw, 262px\" \/><\/a><\/p>\n<p><a href=\"http:\/\/museumek.eu\/?attachment_id=58950\" rel=\"attachment wp-att-58950\"><img loading=\"lazy\" src=\"http:\/\/museumek.eu\/wp-content\/uploads\/2011\/09\/Kanne-V-B-Niemayer-71-300x223.jpg\" alt=\"\" title=\"Kanne V &amp; B Niemayer 7\" width=\"300\" height=\"223\" class=\"alignnone size-medium wp-image-58950\" srcset=\"http:\/\/museumek.eu\/wp-content\/uploads\/2011\/09\/Kanne-V-B-Niemayer-71-300x223.jpg 300w, http:\/\/museumek.eu\/wp-content\/uploads\/2011\/09\/Kanne-V-B-Niemayer-71-150x111.jpg 150w, http:\/\/museumek.eu\/wp-content\/uploads\/2011\/09\/Kanne-V-B-Niemayer-71-402x300.jpg 402w, http:\/\/museumek.eu\/wp-content\/uploads\/2011\/09\/Kanne-V-B-Niemayer-71.jpg 640w\" sizes=\"(max-width: 300px) 100vw, 300px\" \/><\/a><\/p>\n<p><a href=\"http:\/\/museumek.eu\/?attachment_id=58951\" rel=\"attachment wp-att-58951\"><img loading=\"lazy\" src=\"http:\/\/museumek.eu\/wp-content\/uploads\/2011\/09\/Kanne-V-B-Niemayer-81-300x214.jpg\" alt=\"\" title=\"Kanne V &amp; B Niemayer 8\" width=\"300\" height=\"214\" class=\"alignnone size-medium wp-image-58951\" srcset=\"http:\/\/museumek.eu\/wp-content\/uploads\/2011\/09\/Kanne-V-B-Niemayer-81-300x214.jpg 300w, http:\/\/museumek.eu\/wp-content\/uploads\/2011\/09\/Kanne-V-B-Niemayer-81-150x107.jpg 150w, http:\/\/museumek.eu\/wp-content\/uploads\/2011\/09\/Kanne-V-B-Niemayer-81-420x300.jpg 420w, http:\/\/museumek.eu\/wp-content\/uploads\/2011\/09\/Kanne-V-B-Niemayer-81.jpg 640w\" sizes=\"(max-width: 300px) 100vw, 300px\" \/><\/a><\/p>\n","protected":false},"excerpt":{"rendered":"<p>Abteilung Deutschland, Keramik 1860 \u2013 1960, Inventarnummer D\/VIII\/48 Manufaktur Villeroy &#038; Boch, Deutschland, Mettlach, vor 1920, Kanne aus einer Waschgarnitur, K\u00fcnstler Adelbert Niemeyer, Werks.-Nr. 1422 (Formnummer), Exemplar Nr. ohne, gemarkt Firmenmarke mit Merkur, VILLEROY &#038; BOCH, METTLACH, dunkelgr\u00fcner Stempel unter &hellip; <a href=\"http:\/\/museumek.eu\/?page_id=58958\">Weiterlesen <span class=\"meta-nav\">&rarr;<\/span><\/a><\/p>\n","protected":false},"author":1,"featured_media":0,"parent":47443,"menu_order":48,"comment_status":"closed","ping_status":"open","template":"","meta":[],"_links":{"self":[{"href":"http:\/\/museumek.eu\/index.php?rest_route=\/wp\/v2\/pages\/58958"}],"collection":[{"href":"http:\/\/museumek.eu\/index.php?rest_route=\/wp\/v2\/pages"}],"about":[{"href":"http:\/\/museumek.eu\/index.php?rest_route=\/wp\/v2\/types\/page"}],"author":[{"embeddable":true,"href":"http:\/\/museumek.eu\/index.php?rest_route=\/wp\/v2\/users\/1"}],"replies":[{"embeddable":true,"href":"http:\/\/museumek.eu\/index.php?rest_route=%2Fwp%2Fv2%2Fcomments&post=58958"}],"version-history":[{"count":4,"href":"http:\/\/museumek.eu\/index.php?rest_route=\/wp\/v2\/pages\/58958\/revisions"}],"predecessor-version":[{"id":58962,"href":"http:\/\/museumek.eu\/index.php?rest_route=\/wp\/v2\/pages\/58958\/revisions\/58962"}],"up":[{"embeddable":true,"href":"http:\/\/museumek.eu\/index.php?rest_route=\/wp\/v2\/pages\/47443"}],"wp:attachment":[{"href":"http:\/\/museumek.eu\/index.php?rest_route=%2Fwp%2Fv2%2Fmedia&parent=58958"}],"curies":[{"name":"wp","href":"https:\/\/api.w.org\/{rel}","templated":true}]}}