{"id":5919,"date":"2011-10-07T00:48:21","date_gmt":"2011-10-06T22:48:21","guid":{"rendered":"http:\/\/museumek.eu\/?page_id=5919"},"modified":"2013-04-25T23:40:53","modified_gmt":"2013-04-25T21:40:53","slug":"kurzbiografie-und-inventar-zum-kunstler","status":"publish","type":"page","link":"http:\/\/museumek.eu\/?page_id=5919","title":{"rendered":"Kurzbiografie und Inventar zum K\u00fcnstler"},"content":{"rendered":"<p>Rudolf Kn\u00f6rlein wurde am 23.09.1902 in Wien geboren. Er starb am 07.03.1988 in Alt Duvenstedt.<br \/>\nLehrzeit bei der Gmundner Keramik. Studium bei der Wienerberger Werkst\u00e4ttenschule unter Obsieger, au\u00dferdem besuchte er die Wiener Kunstgewerbeschule und studierte an der Wiener Akademie der bildenden K\u00fcnste unter Karl Sterrer. Von 1923 bis 1924 war er Werkst\u00e4ttenleiter bei der Manufaktur Scheibbs. Kn\u00f6rlein war Mitglied des \u00d6stereichischen Werkbundes. Er arbeitete f\u00fcr die Manufaktur Marcell Goldscheider und die Gmundner Keramik. Zahlreiche Museen kauften seine Kunst an. Kn\u00f6rlein arbeitete auch als Lehrer. Er fertigte Entw\u00fcrfe f\u00fcr die Manufakur Friedrich Goldscheider, die Wiener Werkst\u00e4tte und die Gmundner Keramik. Seit 1962 arbeitete er in seinem eigenen Betrieb in Alt Duvenstedt.<\/p>\n<p><strong>Abteilung Austria\/Ungarn\/B\u00f6hmen, Keramik 1860 \u2013 1960, Inventarnummer A\/I\/48<\/strong><\/p>\n<p>Friedrich Goldscheider, Austria, Wien, 1932, Wandmaske \u201eTurandot\u201c, K\u00fcnstler Rudolf Kn\u00f6rlein, Werks.-Nr. 7453\/<strong>Exemplar Nr. 1<\/strong>\/Modelleur Nr. 91, gemarkt Goldscheider Wien, Made in Austria, Malermarke ohne, nicht signiert, Literatur: Robert E. Dechant\/Filipp Goldscheider, Firmengeschichte und Werkverzeichnis, Seite 459,<br \/>\nH\u00f6he 21 cm, Breite 13 cm<\/p>\n<p><a href=\"http:\/\/museumek.eu\/wp-content\/uploads\/2011\/08\/Museum-Europ\u00e4ischer-Keramikkunst-Qualit\u00e4tsfotos-081.jpg\"><img loading=\"lazy\" src=\"http:\/\/museumek.eu\/wp-content\/uploads\/2011\/08\/Museum-Europ\u00e4ischer-Keramikkunst-Qualit\u00e4tsfotos-081-205x300.jpg\" alt=\"\" title=\"Museum Europ\u00e4ischer Keramikkunst Qualit\u00e4tsfotos 081\" width=\"205\" height=\"300\" class=\"alignnone size-medium wp-image-516\" srcset=\"http:\/\/museumek.eu\/wp-content\/uploads\/2011\/08\/Museum-Europ\u00e4ischer-Keramikkunst-Qualit\u00e4tsfotos-081-205x300.jpg 205w, http:\/\/museumek.eu\/wp-content\/uploads\/2011\/08\/Museum-Europ\u00e4ischer-Keramikkunst-Qualit\u00e4tsfotos-081.jpg 620w\" sizes=\"(max-width: 205px) 100vw, 205px\" \/><\/a><\/p>\n<p><a href=\"http:\/\/museumek.eu\/wp-content\/uploads\/2011\/08\/Museum-Europ\u00e4ischer-Keramikkunst-164.jpg\"><img loading=\"lazy\" src=\"http:\/\/museumek.eu\/wp-content\/uploads\/2011\/08\/Museum-Europ\u00e4ischer-Keramikkunst-164-137x300.jpg\" alt=\"\" title=\"Museum Europ\u00e4ischer Keramikkunst 164\" width=\"137\" height=\"300\" class=\"alignnone size-medium wp-image-517\" \/><\/a><\/p>\n<p><strong>Abteilung Austria\/Ungarn\/B\u00f6hmen, Keramik 1860 \u2013 1960, Inventarnummer A\/I\/57<\/strong><\/p>\n<p>Friedrich Goldscheider, Austria, Wien, 1933, Stehmaske \u201eEva\u201c Frauenkopf mit Hand und Apfel, auf Rundholzsockel, K\u00fcnstler Rudolf Kn\u00f6rlein, Werks.-Nr. 6947\/Exemplar Nr. ohne\/Modelleur Nr. ohne, gemarkt Goldscheider Wien, GS Plack C, Malermarke ohne, nicht signiert, Literatur: Robert E. Dechant\/Filipp Goldscheider, Firmengeschichte und Werkverzeichnis, Seite 444, dort noch nicht erfasst (daf\u00fcr unter 6774 gelistet ?), siehe auch Auktionshaus Melis, Plauen, Auktion vom 28.11.2003, dort Ausf\u00fchrung als Wandmaske, H\u00f6he 24,5 cm, Breite 11 cm<\/p>\n<p><a href=\"http:\/\/museumek.eu\/wp-content\/uploads\/2011\/08\/Museum-Europ\u00e4ischer-Keramikkunst-Qualit\u00e4tsfotos-102.jpg\"><img loading=\"lazy\" src=\"http:\/\/museumek.eu\/wp-content\/uploads\/2011\/08\/Museum-Europ\u00e4ischer-Keramikkunst-Qualit\u00e4tsfotos-102-130x300.jpg\" alt=\"\" title=\"Museum Europ\u00e4ischer Keramikkunst Qualit\u00e4tsfotos 102\" width=\"130\" height=\"300\" class=\"alignnone size-medium wp-image-598\" srcset=\"http:\/\/museumek.eu\/wp-content\/uploads\/2011\/08\/Museum-Europ\u00e4ischer-Keramikkunst-Qualit\u00e4tsfotos-102-130x300.jpg 130w, http:\/\/museumek.eu\/wp-content\/uploads\/2011\/08\/Museum-Europ\u00e4ischer-Keramikkunst-Qualit\u00e4tsfotos-102.jpg 431w\" sizes=\"(max-width: 130px) 100vw, 130px\" \/><\/a><\/p>\n<p><a href=\"http:\/\/museumek.eu\/wp-content\/uploads\/2011\/08\/Museum-Europ\u00e4ischer-Keramikkunst-756.jpg\"><img loading=\"lazy\" src=\"http:\/\/museumek.eu\/wp-content\/uploads\/2011\/08\/Museum-Europ\u00e4ischer-Keramikkunst-756-300x287.jpg\" alt=\"\" title=\"Museum Europ\u00e4ischer Keramikkunst 756\" width=\"300\" height=\"287\" class=\"alignnone size-medium wp-image-599\" srcset=\"http:\/\/museumek.eu\/wp-content\/uploads\/2011\/08\/Museum-Europ\u00e4ischer-Keramikkunst-756-300x287.jpg 300w, http:\/\/museumek.eu\/wp-content\/uploads\/2011\/08\/Museum-Europ\u00e4ischer-Keramikkunst-756-313x300.jpg 313w, http:\/\/museumek.eu\/wp-content\/uploads\/2011\/08\/Museum-Europ\u00e4ischer-Keramikkunst-756.jpg 332w\" sizes=\"(max-width: 300px) 100vw, 300px\" \/><\/a><\/p>\n<p><a href=\"http:\/\/museumek.eu\/wp-content\/uploads\/2011\/08\/Museum-Europ\u00e4ischer-Keramikkunst-753.jpg\"><img loading=\"lazy\" src=\"http:\/\/museumek.eu\/wp-content\/uploads\/2011\/08\/Museum-Europ\u00e4ischer-Keramikkunst-753-300x165.jpg\" alt=\"\" title=\"Museum Europ\u00e4ischer Keramikkunst 753\" width=\"300\" height=\"165\" class=\"alignnone size-medium wp-image-600\" srcset=\"http:\/\/museumek.eu\/wp-content\/uploads\/2011\/08\/Museum-Europ\u00e4ischer-Keramikkunst-753-300x165.jpg 300w, http:\/\/museumek.eu\/wp-content\/uploads\/2011\/08\/Museum-Europ\u00e4ischer-Keramikkunst-753-500x275.jpg 500w, http:\/\/museumek.eu\/wp-content\/uploads\/2011\/08\/Museum-Europ\u00e4ischer-Keramikkunst-753.jpg 514w\" sizes=\"(max-width: 300px) 100vw, 300px\" \/><\/a><\/p>\n<p><a href=\"http:\/\/museumek.eu\/wp-content\/uploads\/2011\/08\/Museum-Europ\u00e4ischer-Keramikkunst-537.jpg\"><img loading=\"lazy\" src=\"http:\/\/museumek.eu\/wp-content\/uploads\/2011\/08\/Museum-Europ\u00e4ischer-Keramikkunst-537-183x300.jpg\" alt=\"\" title=\"Museum Europ\u00e4ischer Keramikkunst 537\" width=\"183\" height=\"300\" class=\"alignnone size-medium wp-image-602\" srcset=\"http:\/\/museumek.eu\/wp-content\/uploads\/2011\/08\/Museum-Europ\u00e4ischer-Keramikkunst-537-183x300.jpg 183w, http:\/\/museumek.eu\/wp-content\/uploads\/2011\/08\/Museum-Europ\u00e4ischer-Keramikkunst-537.jpg 519w\" sizes=\"(max-width: 183px) 100vw, 183px\" \/><\/a><\/p>\n","protected":false},"excerpt":{"rendered":"<p>Rudolf Kn\u00f6rlein wurde am 23.09.1902 in Wien geboren. Er starb am 07.03.1988 in Alt Duvenstedt. Lehrzeit bei der Gmundner Keramik. Studium bei der Wienerberger Werkst\u00e4ttenschule unter Obsieger, au\u00dferdem besuchte er die Wiener Kunstgewerbeschule und studierte an der Wiener Akademie der &hellip; <a href=\"http:\/\/museumek.eu\/?page_id=5919\">Weiterlesen <span class=\"meta-nav\">&rarr;<\/span><\/a><\/p>\n","protected":false},"author":1,"featured_media":0,"parent":1533,"menu_order":0,"comment_status":"closed","ping_status":"closed","template":"","meta":[],"_links":{"self":[{"href":"http:\/\/museumek.eu\/index.php?rest_route=\/wp\/v2\/pages\/5919"}],"collection":[{"href":"http:\/\/museumek.eu\/index.php?rest_route=\/wp\/v2\/pages"}],"about":[{"href":"http:\/\/museumek.eu\/index.php?rest_route=\/wp\/v2\/types\/page"}],"author":[{"embeddable":true,"href":"http:\/\/museumek.eu\/index.php?rest_route=\/wp\/v2\/users\/1"}],"replies":[{"embeddable":true,"href":"http:\/\/museumek.eu\/index.php?rest_route=%2Fwp%2Fv2%2Fcomments&post=5919"}],"version-history":[{"count":6,"href":"http:\/\/museumek.eu\/index.php?rest_route=\/wp\/v2\/pages\/5919\/revisions"}],"predecessor-version":[{"id":20525,"href":"http:\/\/museumek.eu\/index.php?rest_route=\/wp\/v2\/pages\/5919\/revisions\/20525"}],"up":[{"embeddable":true,"href":"http:\/\/museumek.eu\/index.php?rest_route=\/wp\/v2\/pages\/1533"}],"wp:attachment":[{"href":"http:\/\/museumek.eu\/index.php?rest_route=%2Fwp%2Fv2%2Fmedia&parent=5919"}],"curies":[{"name":"wp","href":"https:\/\/api.w.org\/{rel}","templated":true}]}}