{"id":6164,"date":"2011-10-09T18:40:56","date_gmt":"2011-10-09T16:40:56","guid":{"rendered":"http:\/\/museumek.eu\/?page_id=6164"},"modified":"2013-04-26T14:57:08","modified_gmt":"2013-04-26T12:57:08","slug":"kurzbiografie-und-inventar-zum-kunstler","status":"publish","type":"page","link":"http:\/\/museumek.eu\/?page_id=6164","title":{"rendered":"Kurzbiografie und Inventar zum K\u00fcnstler"},"content":{"rendered":"<p>\u00dcber Christian Madsen konnte lediglich recherchiert werden, dass er auch f\u00fcr Royal Copenhagen t\u00e4tig war. Evtl. handelt es sich um den 1880 geborenen und 1965 gestorbenen Theodor Christian Madsen, der auch f\u00fcr Royal Copenhagen t\u00e4tig war. Allerdings war dieser eher als Tierbildner t\u00e4tig.<\/p>\n<p><strong>Abteilung D\u00e4nemark, Keramik 1860 \u2013 1960, Inventarnummer D\u00e4\/II\/1<\/strong><\/p>\n<p>Christian Madsen, D\u00e4nemark, Kopenhagen, um 1915, Vase, K\u00fcnstler Christian Madsen, Werks.-Nr. H 10, Exemplar Nr. ohne, gemarkt Ritzmarke der K\u00fcnstlersignatur, H 10 rot gemalt, Madsen war ab 1905 u. a. auch als freier Mitarbeiter der Porzellanmanufaktur Royal Kopenhagen t\u00e4tig, H\u00f6he 14,5 cm, Breite 9,5 cm<\/p>\n<p><a href=\"http:\/\/museumek.eu\/wp-content\/uploads\/2011\/09\/Museum-Europ\u00e4ischer-Keramikkunst-10441.jpg\"><img loading=\"lazy\" src=\"http:\/\/museumek.eu\/wp-content\/uploads\/2011\/09\/Museum-Europ\u00e4ischer-Keramikkunst-10441-197x300.jpg\" alt=\"\" title=\"Museum Europ\u00e4ischer Keramikkunst 1044\" width=\"197\" height=\"300\" class=\"alignnone size-medium wp-image-4794\" srcset=\"http:\/\/museumek.eu\/wp-content\/uploads\/2011\/09\/Museum-Europ\u00e4ischer-Keramikkunst-10441-197x300.jpg 197w, http:\/\/museumek.eu\/wp-content\/uploads\/2011\/09\/Museum-Europ\u00e4ischer-Keramikkunst-10441.jpg 428w\" sizes=\"(max-width: 197px) 100vw, 197px\" \/><\/a><\/p>\n<p><a href=\"http:\/\/museumek.eu\/wp-content\/uploads\/2011\/09\/Museum-Europ\u00e4ischer-Keramikkunst-10431.jpg\"><img loading=\"lazy\" src=\"http:\/\/museumek.eu\/wp-content\/uploads\/2011\/09\/Museum-Europ\u00e4ischer-Keramikkunst-10431-246x300.jpg\" alt=\"\" title=\"Museum Europ\u00e4ischer Keramikkunst 1043\" width=\"246\" height=\"300\" class=\"alignnone size-medium wp-image-4795\" srcset=\"http:\/\/museumek.eu\/wp-content\/uploads\/2011\/09\/Museum-Europ\u00e4ischer-Keramikkunst-10431-246x300.jpg 246w, http:\/\/museumek.eu\/wp-content\/uploads\/2011\/09\/Museum-Europ\u00e4ischer-Keramikkunst-10431.jpg 511w\" sizes=\"(max-width: 246px) 100vw, 246px\" \/><\/a><\/p>\n","protected":false},"excerpt":{"rendered":"<p>\u00dcber Christian Madsen konnte lediglich recherchiert werden, dass er auch f\u00fcr Royal Copenhagen t\u00e4tig war. Evtl. handelt es sich um den 1880 geborenen und 1965 gestorbenen Theodor Christian Madsen, der auch f\u00fcr Royal Copenhagen t\u00e4tig war. Allerdings war dieser eher &hellip; <a href=\"http:\/\/museumek.eu\/?page_id=6164\">Weiterlesen <span class=\"meta-nav\">&rarr;<\/span><\/a><\/p>\n","protected":false},"author":1,"featured_media":0,"parent":4811,"menu_order":0,"comment_status":"closed","ping_status":"closed","template":"","meta":[],"_links":{"self":[{"href":"http:\/\/museumek.eu\/index.php?rest_route=\/wp\/v2\/pages\/6164"}],"collection":[{"href":"http:\/\/museumek.eu\/index.php?rest_route=\/wp\/v2\/pages"}],"about":[{"href":"http:\/\/museumek.eu\/index.php?rest_route=\/wp\/v2\/types\/page"}],"author":[{"embeddable":true,"href":"http:\/\/museumek.eu\/index.php?rest_route=\/wp\/v2\/users\/1"}],"replies":[{"embeddable":true,"href":"http:\/\/museumek.eu\/index.php?rest_route=%2Fwp%2Fv2%2Fcomments&post=6164"}],"version-history":[{"count":4,"href":"http:\/\/museumek.eu\/index.php?rest_route=\/wp\/v2\/pages\/6164\/revisions"}],"predecessor-version":[{"id":20560,"href":"http:\/\/museumek.eu\/index.php?rest_route=\/wp\/v2\/pages\/6164\/revisions\/20560"}],"up":[{"embeddable":true,"href":"http:\/\/museumek.eu\/index.php?rest_route=\/wp\/v2\/pages\/4811"}],"wp:attachment":[{"href":"http:\/\/museumek.eu\/index.php?rest_route=%2Fwp%2Fv2%2Fmedia&parent=6164"}],"curies":[{"name":"wp","href":"https:\/\/api.w.org\/{rel}","templated":true}]}}