{"id":6178,"date":"2011-10-10T01:03:28","date_gmt":"2011-10-09T23:03:28","guid":{"rendered":"http:\/\/museumek.eu\/?page_id=6178"},"modified":"2013-04-26T15:04:21","modified_gmt":"2013-04-26T13:04:21","slug":"kurzbiografie-und-inventar-zum-kunstler","status":"publish","type":"page","link":"http:\/\/museumek.eu\/?page_id=6178","title":{"rendered":"Kurzbiografie und Inventar zum K\u00fcnstler"},"content":{"rendered":"<p>Delphin Massier wurde 1836 in Vallauris geboren. Er starb 1907 ebenda.<br \/>\nDie T\u00f6pferdynastie Massier (die in der Literatur unterschiedlich beschr\u00edeben wird) gliedert sich nach Z\u00fchlsdorf wie folgt:<br \/>\nDer T\u00f6pfer Honore Massier hatte zwei S\u00f6hne, Jacques und J\u00e9rome. Jacques \u00fcbernimmt die Manufaktur von Honore. J\u00e9rome gr\u00fcndet eine eigene Manufaktur. Zu dieser Zeit bestehen zwei Manufakturen nebeneinander. Jacques \u00fcbergibt die Manufaktur an seine S\u00f6hne Cl\u00e9ment und Delphin. J\u00e9rome \u00fcbergibt seine Manufaktur an seinen Sohn Jean-Baptiste. Sp\u00e4ter (1915) erfolgte der Zusammenschlu\u00df der Manufakturen von Delphin und Jean-Baptiste. Soweit Z\u00fchlsdorf.<br \/>\nNicht gesichert ist, ob sich Cl\u00e9ment Massier selbst\u00e4ndig gemacht hat und Delphin dann die Manufaktur des Vaters allein f\u00fchrte. Evtl. bestanden wahrscheinlich zeitweise 3 Manufakturen Massier nebeneinander.<br \/>\nDelphin Massier stellte ebenso wie sein Bruder Cl\u00e9ment Massier auch Keramiken mit L\u00fcsterglasur her.<\/p>\n<p><strong>Abteilung Frankreich, Keramik 1860 \u2013 1960, Inventarnummer F\/V\/6<\/strong><\/p>\n<p>Delphin Massier, Frankreich, Vallauris, vor 1900, Cachepot, K\u00fcnstler Dolphin (Delphin) Massier, Werks.-Nr. ohne, Exemplar Nr. ohne, gemarkt Dolphin Massier sowie Vallauris (A M) gemalt, signiert = gemarkt, Literatur: Dieter Z\u00fchlsdorf, Keramik-Marken-Lexikon, Nr. 1303, H\u00f6he 15,5 cm, Breite 13,5 cm<\/p>\n<p><a href=\"http:\/\/museumek.eu\/wp-content\/uploads\/2011\/08\/Museum-Europ\u00e4ischer-Keramikkunst-Qualit\u00e4tsfotos-3481.jpg\"><img loading=\"lazy\" src=\"http:\/\/museumek.eu\/wp-content\/uploads\/2011\/08\/Museum-Europ\u00e4ischer-Keramikkunst-Qualit\u00e4tsfotos-3481-272x300.jpg\" alt=\"\" title=\"Museum Europ\u00e4ischer Keramikkunst Qualit\u00e4tsfotos 348\" width=\"272\" height=\"300\" class=\"alignnone size-medium wp-image-2348\" srcset=\"http:\/\/museumek.eu\/wp-content\/uploads\/2011\/08\/Museum-Europ\u00e4ischer-Keramikkunst-Qualit\u00e4tsfotos-3481-272x300.jpg 272w, http:\/\/museumek.eu\/wp-content\/uploads\/2011\/08\/Museum-Europ\u00e4ischer-Keramikkunst-Qualit\u00e4tsfotos-3481.jpg 643w\" sizes=\"(max-width: 272px) 100vw, 272px\" \/><\/a><\/p>\n<p><a href=\"http:\/\/museumek.eu\/wp-content\/uploads\/2011\/08\/Museum-Europ\u00e4ischer-Keramikkunst-605.jpg\"><img loading=\"lazy\" src=\"http:\/\/museumek.eu\/wp-content\/uploads\/2011\/08\/Museum-Europ\u00e4ischer-Keramikkunst-605-300x156.jpg\" alt=\"\" title=\"Museum Europ\u00e4ischer Keramikkunst 605\" width=\"300\" height=\"156\" class=\"alignnone size-medium wp-image-2349\" srcset=\"http:\/\/museumek.eu\/wp-content\/uploads\/2011\/08\/Museum-Europ\u00e4ischer-Keramikkunst-605-300x156.jpg 300w, http:\/\/museumek.eu\/wp-content\/uploads\/2011\/08\/Museum-Europ\u00e4ischer-Keramikkunst-605-500x260.jpg 500w, http:\/\/museumek.eu\/wp-content\/uploads\/2011\/08\/Museum-Europ\u00e4ischer-Keramikkunst-605.jpg 832w\" sizes=\"(max-width: 300px) 100vw, 300px\" \/><\/a><\/p>\n<p><strong>Abteilung Frankreich, Keramik 1860 \u2013 1960, Inventarnummer F\/V\/24<\/strong><\/p>\n<p>Delphin Massier, Frankreich, Vallauris, um 1900, Schale Cygne (Schwan), K\u00fcnstler Delphin Massier, Werks.-Nr. ohne, Exemplar Nr. ohne, gemarkt Delphin Massier sowie Vallauris (A M) gemalt, signiert = gemarkt, Literatur: Dieter Z\u00fchlsdorf, Keramik-Marken-Lexikon, Nr. 1303, siehe auch Auktionshaus Quittenbaum, Auktion 95, Teil 1, Jugendstil \u2013 Art D\u00e9co, Moderne Kunst, vom 03.05.2011, Lot 383, dito Schwanenschale in etwas kleinerer Ausf\u00fchrung, H\u00f6he 20 cm, Breite 23 cm<\/p>\n<p><a href=\"http:\/\/museumek.eu\/wp-content\/uploads\/2012\/07\/Museum-Europ\u00e4ischer-Keramikkunst-2632.jpg\"><img loading=\"lazy\" src=\"http:\/\/museumek.eu\/wp-content\/uploads\/2012\/07\/Museum-Europ\u00e4ischer-Keramikkunst-2632-257x300.jpg\" alt=\"\" title=\"Museum Europ\u00e4ischer Keramikkunst 2632\" width=\"257\" height=\"300\" class=\"alignnone size-medium wp-image-11916\" srcset=\"http:\/\/museumek.eu\/wp-content\/uploads\/2012\/07\/Museum-Europ\u00e4ischer-Keramikkunst-2632-257x300.jpg 257w, http:\/\/museumek.eu\/wp-content\/uploads\/2012\/07\/Museum-Europ\u00e4ischer-Keramikkunst-2632.jpg 615w\" sizes=\"(max-width: 257px) 100vw, 257px\" \/><\/a><\/p>\n<p><a href=\"http:\/\/museumek.eu\/wp-content\/uploads\/2012\/07\/Museum-Europ\u00e4ischer-Keramikkunst-2635.jpg\"><img loading=\"lazy\" src=\"http:\/\/museumek.eu\/wp-content\/uploads\/2012\/07\/Museum-Europ\u00e4ischer-Keramikkunst-2635-300x128.jpg\" alt=\"\" title=\"Museum Europ\u00e4ischer Keramikkunst 2635\" width=\"300\" height=\"128\" class=\"alignnone size-medium wp-image-11917\" srcset=\"http:\/\/museumek.eu\/wp-content\/uploads\/2012\/07\/Museum-Europ\u00e4ischer-Keramikkunst-2635-300x128.jpg 300w, http:\/\/museumek.eu\/wp-content\/uploads\/2012\/07\/Museum-Europ\u00e4ischer-Keramikkunst-2635-500x214.jpg 500w, http:\/\/museumek.eu\/wp-content\/uploads\/2012\/07\/Museum-Europ\u00e4ischer-Keramikkunst-2635.jpg 559w\" sizes=\"(max-width: 300px) 100vw, 300px\" \/><\/a><\/p>\n<p><a href=\"http:\/\/museumek.eu\/wp-content\/uploads\/2012\/07\/Z-Delphin-Massier-Schwanenschale.jpg\"><img loading=\"lazy\" src=\"http:\/\/museumek.eu\/wp-content\/uploads\/2012\/07\/Z-Delphin-Massier-Schwanenschale-300x155.jpg\" alt=\"\" title=\"Z Delphin Massier Schwanenschale\" width=\"300\" height=\"155\" class=\"alignnone size-medium wp-image-11918\" srcset=\"http:\/\/museumek.eu\/wp-content\/uploads\/2012\/07\/Z-Delphin-Massier-Schwanenschale-300x155.jpg 300w, http:\/\/museumek.eu\/wp-content\/uploads\/2012\/07\/Z-Delphin-Massier-Schwanenschale-500x258.jpg 500w, http:\/\/museumek.eu\/wp-content\/uploads\/2012\/07\/Z-Delphin-Massier-Schwanenschale.jpg 543w\" sizes=\"(max-width: 300px) 100vw, 300px\" \/><\/a><\/p>\n","protected":false},"excerpt":{"rendered":"<p>Delphin Massier wurde 1836 in Vallauris geboren. Er starb 1907 ebenda. Die T\u00f6pferdynastie Massier (die in der Literatur unterschiedlich beschr\u00edeben wird) gliedert sich nach Z\u00fchlsdorf wie folgt: Der T\u00f6pfer Honore Massier hatte zwei S\u00f6hne, Jacques und J\u00e9rome. Jacques \u00fcbernimmt die &hellip; <a href=\"http:\/\/museumek.eu\/?page_id=6178\">Weiterlesen <span class=\"meta-nav\">&rarr;<\/span><\/a><\/p>\n","protected":false},"author":1,"featured_media":0,"parent":1570,"menu_order":0,"comment_status":"closed","ping_status":"closed","template":"","meta":[],"_links":{"self":[{"href":"http:\/\/museumek.eu\/index.php?rest_route=\/wp\/v2\/pages\/6178"}],"collection":[{"href":"http:\/\/museumek.eu\/index.php?rest_route=\/wp\/v2\/pages"}],"about":[{"href":"http:\/\/museumek.eu\/index.php?rest_route=\/wp\/v2\/types\/page"}],"author":[{"embeddable":true,"href":"http:\/\/museumek.eu\/index.php?rest_route=\/wp\/v2\/users\/1"}],"replies":[{"embeddable":true,"href":"http:\/\/museumek.eu\/index.php?rest_route=%2Fwp%2Fv2%2Fcomments&post=6178"}],"version-history":[{"count":7,"href":"http:\/\/museumek.eu\/index.php?rest_route=\/wp\/v2\/pages\/6178\/revisions"}],"predecessor-version":[{"id":20564,"href":"http:\/\/museumek.eu\/index.php?rest_route=\/wp\/v2\/pages\/6178\/revisions\/20564"}],"up":[{"embeddable":true,"href":"http:\/\/museumek.eu\/index.php?rest_route=\/wp\/v2\/pages\/1570"}],"wp:attachment":[{"href":"http:\/\/museumek.eu\/index.php?rest_route=%2Fwp%2Fv2%2Fmedia&parent=6178"}],"curies":[{"name":"wp","href":"https:\/\/api.w.org\/{rel}","templated":true}]}}