{"id":6521,"date":"2011-10-20T23:33:39","date_gmt":"2011-10-20T21:33:39","guid":{"rendered":"http:\/\/museumek.eu\/?page_id=6521"},"modified":"2013-05-04T21:48:54","modified_gmt":"2013-05-04T19:48:54","slug":"axxx1","status":"publish","type":"page","link":"http:\/\/museumek.eu\/?page_id=6521","title":{"rendered":"A\/XXX\/1"},"content":{"rendered":"<p><strong>Abteilung Austria\/Ungarn\/B\u00f6hmen, Keramik 1860 \u2013 1960, Inventar Nr. A\/XXX\/1<\/strong><\/p>\n<p>Julius Dressler Porzellan-, Siderolith- und Majolikafabrik, B\u00f6hmen\/Austria, Biela\/Bela, um 1900, Majolikateller mit Jagdszene, K\u00fcnstler unbekannt, Werks.-Nr. 5175 (?), Exemplar Nr. ohne, gemarkt Firmenmarke Turmmarke mit JDB (f\u00fcr Julius Dressler Biela) aufgelegt, 5175, unbekanntes Zeichen sowie b gepresst, 573 sowie 38 braun gemalt, nicht signiert, Literatur: Waltraud Neuwirth, Bl\u00fchender Jugendstil, Band II, Seite 235 ff., Beschreibung der Fabrik sowie Seite 238, Marke Nr. 1 identisch, weitere Literatur: Otto Pelka, Keramik der Neuzeit, Markentafel I, Marke im Markenkasten 7 andere Variante der Turmmarke ebenfalls mit JDB sowie Seite 218, Namensverzeichnis, dort gelistet als Dre\u00dfler, Julius M 7, weitere Literatur: Volker M\u00f6lle Riessner, Amphora, Die Porzellan- und Keramikmanufaktur in Nord-B\u00f6hmen, Seite 180, Beschreibung der Dressler\u2018schen Fabrik sowie Seite 195, Marke Nr. 21 identisch, Julius Dressler gr\u00fcndete die Fabrik 1883\/1884, Firmierung ab 1887 Julius Dressler Porzellan-, Siderolith- und Majolikafabrik, ab 1906 Julius Dressler Fayence-, Majolika- u. Porzellanfabrik, ab 1910 ist Hulda Dressler (Witwe) die Inhaberin, ab 1920 wurde die Fabrik der OEPIAG, dann der EPIAG angegliedert, anscheinend wurde die Fabrik zum Ende des WK II geschlossen, sp\u00e4testens 1922 gab es eine \u00c4nderung der Firmierung in Julius Dressler Majolikafabrik (so eingetragen im keramischen Adressbuch), Jagdszene Hand gemalt, Durchmesser 35 cm<\/p>\n<p><a href=\"http:\/\/museumek.eu\/wp-content\/uploads\/2011\/10\/Museum-Europ\u00e4ischer-Keramikkunst-1264.jpg\"><img loading=\"lazy\" src=\"http:\/\/museumek.eu\/wp-content\/uploads\/2011\/10\/Museum-Europ\u00e4ischer-Keramikkunst-1264-300x278.jpg\" alt=\"\" title=\"Museum Europ\u00e4ischer Keramikkunst 1264\" width=\"300\" height=\"278\" class=\"alignnone size-medium wp-image-6522\" srcset=\"http:\/\/museumek.eu\/wp-content\/uploads\/2011\/10\/Museum-Europ\u00e4ischer-Keramikkunst-1264-300x278.jpg 300w, http:\/\/museumek.eu\/wp-content\/uploads\/2011\/10\/Museum-Europ\u00e4ischer-Keramikkunst-1264-323x300.jpg 323w, http:\/\/museumek.eu\/wp-content\/uploads\/2011\/10\/Museum-Europ\u00e4ischer-Keramikkunst-1264.jpg 791w\" sizes=\"(max-width: 300px) 100vw, 300px\" \/><\/a><\/p>\n<p><a href=\"http:\/\/museumek.eu\/wp-content\/uploads\/2011\/10\/Museum-Europ\u00e4ischer-Keramikkunst-1266.jpg\"><img loading=\"lazy\" src=\"http:\/\/museumek.eu\/wp-content\/uploads\/2011\/10\/Museum-Europ\u00e4ischer-Keramikkunst-1266-300x252.jpg\" alt=\"\" title=\"Museum Europ\u00e4ischer Keramikkunst 1266\" width=\"300\" height=\"252\" class=\"alignnone size-medium wp-image-6523\" srcset=\"http:\/\/museumek.eu\/wp-content\/uploads\/2011\/10\/Museum-Europ\u00e4ischer-Keramikkunst-1266-300x252.jpg 300w, http:\/\/museumek.eu\/wp-content\/uploads\/2011\/10\/Museum-Europ\u00e4ischer-Keramikkunst-1266-356x300.jpg 356w, http:\/\/museumek.eu\/wp-content\/uploads\/2011\/10\/Museum-Europ\u00e4ischer-Keramikkunst-1266.jpg 689w\" sizes=\"(max-width: 300px) 100vw, 300px\" \/><\/a><\/p>\n<p><a href=\"http:\/\/museumek.eu\/wp-content\/uploads\/2011\/10\/Museum-Europ\u00e4ischer-Keramikkunst-1268.jpg\"><img loading=\"lazy\" src=\"http:\/\/museumek.eu\/wp-content\/uploads\/2011\/10\/Museum-Europ\u00e4ischer-Keramikkunst-1268-106x300.jpg\" alt=\"\" title=\"Museum Europ\u00e4ischer Keramikkunst 1268\" width=\"106\" height=\"300\" class=\"alignnone size-medium wp-image-6524\" srcset=\"http:\/\/museumek.eu\/wp-content\/uploads\/2011\/10\/Museum-Europ\u00e4ischer-Keramikkunst-1268-106x300.jpg 106w, http:\/\/museumek.eu\/wp-content\/uploads\/2011\/10\/Museum-Europ\u00e4ischer-Keramikkunst-1268.jpg 335w\" sizes=\"(max-width: 106px) 100vw, 106px\" \/><\/a><\/p>\n","protected":false},"excerpt":{"rendered":"<p>Abteilung Austria\/Ungarn\/B\u00f6hmen, Keramik 1860 \u2013 1960, Inventar Nr. A\/XXX\/1 Julius Dressler Porzellan-, Siderolith- und Majolikafabrik, B\u00f6hmen\/Austria, Biela\/Bela, um 1900, Majolikateller mit Jagdszene, K\u00fcnstler unbekannt, Werks.-Nr. 5175 (?), Exemplar Nr. ohne, gemarkt Firmenmarke Turmmarke mit JDB (f\u00fcr Julius Dressler Biela) aufgelegt, &hellip; <a href=\"http:\/\/museumek.eu\/?page_id=6521\">Weiterlesen <span class=\"meta-nav\">&rarr;<\/span><\/a><\/p>\n","protected":false},"author":1,"featured_media":0,"parent":6518,"menu_order":1,"comment_status":"closed","ping_status":"closed","template":"","meta":[],"_links":{"self":[{"href":"http:\/\/museumek.eu\/index.php?rest_route=\/wp\/v2\/pages\/6521"}],"collection":[{"href":"http:\/\/museumek.eu\/index.php?rest_route=\/wp\/v2\/pages"}],"about":[{"href":"http:\/\/museumek.eu\/index.php?rest_route=\/wp\/v2\/types\/page"}],"author":[{"embeddable":true,"href":"http:\/\/museumek.eu\/index.php?rest_route=\/wp\/v2\/users\/1"}],"replies":[{"embeddable":true,"href":"http:\/\/museumek.eu\/index.php?rest_route=%2Fwp%2Fv2%2Fcomments&post=6521"}],"version-history":[{"count":6,"href":"http:\/\/museumek.eu\/index.php?rest_route=\/wp\/v2\/pages\/6521\/revisions"}],"predecessor-version":[{"id":21418,"href":"http:\/\/museumek.eu\/index.php?rest_route=\/wp\/v2\/pages\/6521\/revisions\/21418"}],"up":[{"embeddable":true,"href":"http:\/\/museumek.eu\/index.php?rest_route=\/wp\/v2\/pages\/6518"}],"wp:attachment":[{"href":"http:\/\/museumek.eu\/index.php?rest_route=%2Fwp%2Fv2%2Fmedia&parent=6521"}],"curies":[{"name":"wp","href":"https:\/\/api.w.org\/{rel}","templated":true}]}}