{"id":6584,"date":"2011-10-21T17:19:23","date_gmt":"2011-10-21T15:19:23","guid":{"rendered":"http:\/\/museumek.eu\/?page_id=6584"},"modified":"2012-01-10T23:34:50","modified_gmt":"2012-01-10T22:34:50","slug":"fv12","status":"publish","type":"page","link":"http:\/\/museumek.eu\/?page_id=6584","title":{"rendered":"F\/V\/12"},"content":{"rendered":"<p><strong>Abteilung Frankreich, Keramik 1860 \u2013 1960, Inventarnummer F\/V\/12<\/strong><\/p>\n<p>Manufaktur Massier, Frankreich, Golfe Juan, 1900, Vase mit L\u00fcsterglasur, K\u00fcnstler Cl\u00e9ment Massier, Werks.-Nr. ohne, Exemplar Nr. ohne, gemarkt Cl\u00e9ment Massier Golfe Juan (A.M.) gepresst, 9 oder 2 gepresst, M C M Golfe Juan A.M. sowie 1900 (datiert) mit L\u00fcsterglasur gemalt, nicht signiert, Literatur: Edgar Pelichet, Jugendstil Keramik, Seite 183 Marke Cl\u00e9ment Massier sowie Literatur: Dieter Z\u00fchlsdorf, Keramik-Marken-Lexikon, Nr. 333, siehe auch Auktionshaus Quittenbaum, M\u00fcnchen, 77. Auktion vom 21.10.2008,<br \/>\n\u00e4hnliche Vasen, H\u00f6he 19,5 cm, Breite 13 cm<\/p>\n<p><a href=\"http:\/\/museumek.eu\/wp-content\/uploads\/2011\/10\/Museum-Europ\u00e4ischer-Keramikkunst-1299.jpg\"><img loading=\"lazy\" src=\"http:\/\/museumek.eu\/wp-content\/uploads\/2011\/10\/Museum-Europ\u00e4ischer-Keramikkunst-1299-171x300.jpg\" alt=\"\" title=\"Museum Europ\u00e4ischer Keramikkunst 1299\" width=\"171\" height=\"300\" class=\"alignnone size-medium wp-image-6585\" srcset=\"http:\/\/museumek.eu\/wp-content\/uploads\/2011\/10\/Museum-Europ\u00e4ischer-Keramikkunst-1299-171x300.jpg 171w, http:\/\/museumek.eu\/wp-content\/uploads\/2011\/10\/Museum-Europ\u00e4ischer-Keramikkunst-1299.jpg 522w\" sizes=\"(max-width: 171px) 100vw, 171px\" \/><\/a><\/p>\n<p><a href=\"http:\/\/museumek.eu\/wp-content\/uploads\/2011\/10\/Museum-Europ\u00e4ischer-Keramikkunst-1301.jpg\"><img loading=\"lazy\" src=\"http:\/\/museumek.eu\/wp-content\/uploads\/2011\/10\/Museum-Europ\u00e4ischer-Keramikkunst-1301-280x300.jpg\" alt=\"\" title=\"Museum Europ\u00e4ischer Keramikkunst 1301\" width=\"280\" height=\"300\" class=\"alignnone size-medium wp-image-6586\" srcset=\"http:\/\/museumek.eu\/wp-content\/uploads\/2011\/10\/Museum-Europ\u00e4ischer-Keramikkunst-1301-280x300.jpg 280w, http:\/\/museumek.eu\/wp-content\/uploads\/2011\/10\/Museum-Europ\u00e4ischer-Keramikkunst-1301.jpg 690w\" sizes=\"(max-width: 280px) 100vw, 280px\" \/><\/a><\/p>\n<p><a href=\"http:\/\/museumek.eu\/wp-content\/uploads\/2011\/10\/Museum-Europ\u00e4ischer-Keramikkunst-1302.jpg\"><img loading=\"lazy\" src=\"http:\/\/museumek.eu\/wp-content\/uploads\/2011\/10\/Museum-Europ\u00e4ischer-Keramikkunst-1302-300x280.jpg\" alt=\"\" title=\"Museum Europ\u00e4ischer Keramikkunst 1302\" width=\"300\" height=\"280\" class=\"alignnone size-medium wp-image-6587\" srcset=\"http:\/\/museumek.eu\/wp-content\/uploads\/2011\/10\/Museum-Europ\u00e4ischer-Keramikkunst-1302-300x280.jpg 300w, http:\/\/museumek.eu\/wp-content\/uploads\/2011\/10\/Museum-Europ\u00e4ischer-Keramikkunst-1302-320x300.jpg 320w, http:\/\/museumek.eu\/wp-content\/uploads\/2011\/10\/Museum-Europ\u00e4ischer-Keramikkunst-1302.jpg 724w\" sizes=\"(max-width: 300px) 100vw, 300px\" \/><\/a><\/p>\n<p><a href=\"http:\/\/museumek.eu\/wp-content\/uploads\/2011\/10\/Clement-Massier.jpg\"><img loading=\"lazy\" src=\"http:\/\/museumek.eu\/wp-content\/uploads\/2011\/10\/Clement-Massier-300x183.jpg\" alt=\"\" title=\"Clement Massier\" width=\"300\" height=\"183\" class=\"alignnone size-medium wp-image-6588\" srcset=\"http:\/\/museumek.eu\/wp-content\/uploads\/2011\/10\/Clement-Massier-300x183.jpg 300w, http:\/\/museumek.eu\/wp-content\/uploads\/2011\/10\/Clement-Massier-1024x626.jpg 1024w, http:\/\/museumek.eu\/wp-content\/uploads\/2011\/10\/Clement-Massier-490x300.jpg 490w, http:\/\/museumek.eu\/wp-content\/uploads\/2011\/10\/Clement-Massier.jpg 1070w\" sizes=\"(max-width: 300px) 100vw, 300px\" \/><\/a><\/p>\n<p><a href=\"http:\/\/museumek.eu\/wp-content\/uploads\/2011\/10\/Museum-Europ\u00e4ischer-Keramikkunst-1308.jpg\"><img loading=\"lazy\" src=\"http:\/\/museumek.eu\/wp-content\/uploads\/2011\/10\/Museum-Europ\u00e4ischer-Keramikkunst-1308-216x300.jpg\" alt=\"\" title=\"Museum Europ\u00e4ischer Keramikkunst 1308\" width=\"216\" height=\"300\" class=\"alignnone size-medium wp-image-6589\" srcset=\"http:\/\/museumek.eu\/wp-content\/uploads\/2011\/10\/Museum-Europ\u00e4ischer-Keramikkunst-1308-216x300.jpg 216w, http:\/\/museumek.eu\/wp-content\/uploads\/2011\/10\/Museum-Europ\u00e4ischer-Keramikkunst-1308.jpg 700w\" sizes=\"(max-width: 216px) 100vw, 216px\" \/><\/a><\/p>\n","protected":false},"excerpt":{"rendered":"<p>Abteilung Frankreich, Keramik 1860 \u2013 1960, Inventarnummer F\/V\/12 Manufaktur Massier, Frankreich, Golfe Juan, 1900, Vase mit L\u00fcsterglasur, K\u00fcnstler Cl\u00e9ment Massier, Werks.-Nr. ohne, Exemplar Nr. ohne, gemarkt Cl\u00e9ment Massier Golfe Juan (A.M.) gepresst, 9 oder 2 gepresst, M C M Golfe &hellip; <a href=\"http:\/\/museumek.eu\/?page_id=6584\">Weiterlesen <span class=\"meta-nav\">&rarr;<\/span><\/a><\/p>\n","protected":false},"author":1,"featured_media":0,"parent":3292,"menu_order":12,"comment_status":"closed","ping_status":"closed","template":"","meta":[],"_links":{"self":[{"href":"http:\/\/museumek.eu\/index.php?rest_route=\/wp\/v2\/pages\/6584"}],"collection":[{"href":"http:\/\/museumek.eu\/index.php?rest_route=\/wp\/v2\/pages"}],"about":[{"href":"http:\/\/museumek.eu\/index.php?rest_route=\/wp\/v2\/types\/page"}],"author":[{"embeddable":true,"href":"http:\/\/museumek.eu\/index.php?rest_route=\/wp\/v2\/users\/1"}],"replies":[{"embeddable":true,"href":"http:\/\/museumek.eu\/index.php?rest_route=%2Fwp%2Fv2%2Fcomments&post=6584"}],"version-history":[{"count":4,"href":"http:\/\/museumek.eu\/index.php?rest_route=\/wp\/v2\/pages\/6584\/revisions"}],"predecessor-version":[{"id":7532,"href":"http:\/\/museumek.eu\/index.php?rest_route=\/wp\/v2\/pages\/6584\/revisions\/7532"}],"up":[{"embeddable":true,"href":"http:\/\/museumek.eu\/index.php?rest_route=\/wp\/v2\/pages\/3292"}],"wp:attachment":[{"href":"http:\/\/museumek.eu\/index.php?rest_route=%2Fwp%2Fv2%2Fmedia&parent=6584"}],"curies":[{"name":"wp","href":"https:\/\/api.w.org\/{rel}","templated":true}]}}