{"id":6604,"date":"2011-10-21T18:44:30","date_gmt":"2011-10-21T16:44:30","guid":{"rendered":"http:\/\/museumek.eu\/?page_id=6604"},"modified":"2013-04-14T22:49:31","modified_gmt":"2013-04-14T20:49:31","slug":"fviii3","status":"publish","type":"page","link":"http:\/\/museumek.eu\/?page_id=6604","title":{"rendered":"F\/VIII\/3"},"content":{"rendered":"<p><strong>Abteilung Frankreich, Keramik 1860 \u2013 1960, Inventarnummer F\/VIII\/3<\/strong><\/p>\n<p>Manufaktur Manufacture de gr\u00e9s artistique Denert &#038; Balichon (Denbac), Frankreich, Vierzon, um 1910, Vasenkrug mit Verlaufs- und L\u00fcsterglasur, K\u00fcnstler unbekannt, Werks.-Nr. 124 IV, Exemplar Nr. ohne, gemarkt Firmenmarke mit Denbac schwarzer Stempel, 124 sowie IV gepresst, nicht signiert, Literatur: Wolfgang Venzmer, Jugendstil im Landesmuseum Mainz, Seite 339, Beschreibung der Manufaktur sowie Abbildungen 437 bis 439, identische Marken, dito Vasenkrug mit gemaltem Dekor siehe MEK F\/VIII\/4, H\u00f6he 18 cm, Breite 10 cm<\/p>\n<p><a href=\"http:\/\/museumek.eu\/wp-content\/uploads\/2011\/10\/Museum-Europ\u00e4ischer-Keramikkunst-1294.jpg\"><img loading=\"lazy\" src=\"http:\/\/museumek.eu\/wp-content\/uploads\/2011\/10\/Museum-Europ\u00e4ischer-Keramikkunst-1294-157x300.jpg\" alt=\"\" title=\"Museum Europ\u00e4ischer Keramikkunst 1294\" width=\"157\" height=\"300\" class=\"alignnone size-medium wp-image-6605\" srcset=\"http:\/\/museumek.eu\/wp-content\/uploads\/2011\/10\/Museum-Europ\u00e4ischer-Keramikkunst-1294-157x300.jpg 157w, http:\/\/museumek.eu\/wp-content\/uploads\/2011\/10\/Museum-Europ\u00e4ischer-Keramikkunst-1294.jpg 495w\" sizes=\"(max-width: 157px) 100vw, 157px\" \/><\/a><\/p>\n<p><a href=\"http:\/\/museumek.eu\/wp-content\/uploads\/2011\/10\/Museum-Europ\u00e4ischer-Keramikkunst-1296.jpg\"><img loading=\"lazy\" src=\"http:\/\/museumek.eu\/wp-content\/uploads\/2011\/10\/Museum-Europ\u00e4ischer-Keramikkunst-1296-279x300.jpg\" alt=\"\" title=\"Museum Europ\u00e4ischer Keramikkunst 1296\" width=\"279\" height=\"300\" class=\"alignnone size-medium wp-image-6606\" srcset=\"http:\/\/museumek.eu\/wp-content\/uploads\/2011\/10\/Museum-Europ\u00e4ischer-Keramikkunst-1296-279x300.jpg 279w, http:\/\/museumek.eu\/wp-content\/uploads\/2011\/10\/Museum-Europ\u00e4ischer-Keramikkunst-1296.jpg 622w\" sizes=\"(max-width: 279px) 100vw, 279px\" \/><\/a><\/p>\n","protected":false},"excerpt":{"rendered":"<p>Abteilung Frankreich, Keramik 1860 \u2013 1960, Inventarnummer F\/VIII\/3 Manufaktur Manufacture de gr\u00e9s artistique Denert &#038; Balichon (Denbac), Frankreich, Vierzon, um 1910, Vasenkrug mit Verlaufs- und L\u00fcsterglasur, K\u00fcnstler unbekannt, Werks.-Nr. 124 IV, Exemplar Nr. ohne, gemarkt Firmenmarke mit Denbac schwarzer Stempel, &hellip; <a href=\"http:\/\/museumek.eu\/?page_id=6604\">Weiterlesen <span class=\"meta-nav\">&rarr;<\/span><\/a><\/p>\n","protected":false},"author":1,"featured_media":0,"parent":2485,"menu_order":3,"comment_status":"closed","ping_status":"closed","template":"","meta":[],"_links":{"self":[{"href":"http:\/\/museumek.eu\/index.php?rest_route=\/wp\/v2\/pages\/6604"}],"collection":[{"href":"http:\/\/museumek.eu\/index.php?rest_route=\/wp\/v2\/pages"}],"about":[{"href":"http:\/\/museumek.eu\/index.php?rest_route=\/wp\/v2\/types\/page"}],"author":[{"embeddable":true,"href":"http:\/\/museumek.eu\/index.php?rest_route=\/wp\/v2\/users\/1"}],"replies":[{"embeddable":true,"href":"http:\/\/museumek.eu\/index.php?rest_route=%2Fwp%2Fv2%2Fcomments&post=6604"}],"version-history":[{"count":6,"href":"http:\/\/museumek.eu\/index.php?rest_route=\/wp\/v2\/pages\/6604\/revisions"}],"predecessor-version":[{"id":19779,"href":"http:\/\/museumek.eu\/index.php?rest_route=\/wp\/v2\/pages\/6604\/revisions\/19779"}],"up":[{"embeddable":true,"href":"http:\/\/museumek.eu\/index.php?rest_route=\/wp\/v2\/pages\/2485"}],"wp:attachment":[{"href":"http:\/\/museumek.eu\/index.php?rest_route=%2Fwp%2Fv2%2Fmedia&parent=6604"}],"curies":[{"name":"wp","href":"https:\/\/api.w.org\/{rel}","templated":true}]}}