{"id":6955,"date":"2011-11-10T14:02:02","date_gmt":"2011-11-10T13:02:02","guid":{"rendered":"http:\/\/museumek.eu\/?page_id=6955"},"modified":"2021-05-16T15:19:50","modified_gmt":"2021-05-16T13:19:50","slug":"ni3","status":"publish","type":"page","link":"http:\/\/museumek.eu\/?page_id=6955","title":{"rendered":"N\/I\/3"},"content":{"rendered":"<p><strong>Abteilung Niederlande, Keramik 1860 \u2013 1960, Inventarnummer N\/I\/3<\/strong><\/p>\n<p>Haagsche Plateelbakkerij Rozenburg, vormals N. V. &#8217;s-Gravenhaag-sche Kunstaardewerkfabriek und Nachf. Haagsche Plateelbakkerij N. V. Rozenburg und Nachf. Koninklijke Porcelein- en Aardewerkfabriek N. V. Rozenburg, Niederlande, Den Haag, um 1897, Vase mit gemalter M\u00fchlenszene, K\u00fcnstler unbekannt, Werks-Nr. ohne, Exemplar Nr. ohne, gemarkt Firmenmarke mit Schriftzug Rozenburg sowie W D. gemalt, teilweise metallische L\u00fcsterglasur, im gemaltem Bild ein Pfeil \u00e4hnliches Zeichen, evtl. Malerzeichen, Vase wohl aus der Zeit als die Fabrik unter Leitung von J. Jurriaan Kok stand, der deutsche ehemaliger Kavallerieoffizier, Freiherr Wolf von Gudenberg, der in Delft bei Joost Thooft &#038; Labouch\u00e8re als Fliesenmaler gearbeitet hatte, beschloss 1883, auf eigene Rechnung\u201a Holl\u00e4ndisches Delft\u2019 herzustellen, ein Steingut, das seit circa Mitte des 17. Jahrhunderts haupts\u00e4chlich in dieser Stadt erzeugt und mit typischer Blau-Wei\u00df Malerei verziert wurde, er errichtete einen Betrieb in Den Haag, Firmierung N. V. &#8217;s-Gravenhaag-sche Kunstaardewerkfabriek, 1885 verlegt er die Fabrik in ein Landhaus in Den Haag, das sich Rozenburg nannte, diesen Namen \u00fcbernahm die Manufaktur, Firmierung Haagsche Plateelbakkerij Rozenburg, die produzierte Fayence war nicht ertragreich, 1885 bis 1889 war A. C. Theodorus Colenbrander k\u00fcnstlerischer Leiter der Fabrik, unter ihm wurde ein neuer Stil entwickelt, mehrfarbige Unterglasurmalerei im fern\u00f6stlichen Stil, Colenbranders Nachfolger wird A. Vosmaer, 1887 wird die Fabrik in eine AG umgewandelt, Firmierung ab da Haagsche Plateelbakkerij N. V. Rozenburg, der wirtschaftliche Erfolg bleibt aus, 1889 Gudenberg scheidet aus der Fabrik aus (inzwischen war er seit 1897 und bis 1902 Inhaber der Steingutfabrik Neum\u00e4rkische Steingutfabrik, vormals Steingutfabrik A. Franke in Vordamm), 1894 wird J. Juriaan Kok (geb. 1861, gest. 1919), k\u00fcnstlerischer Berater der Fabrik und von 1895 bis 1913 Leiter der Fabrik, Kok entwickelte in Zusammenarbeit mit dem Chemiker M. N. Engelen feines, durchsichtiges Porzellan, das sogenannte Eierschalenporzellan, von diesem Porzellan gingen seit 1899 circa 315 Modelle in Serienfertigung, mit diesem Produkt, hatte die Fabrik sehr gro\u00dfen Erfolg auf der Pariser Weltausstellung um im Jahre 1900, von 1898 bis 1914 ist D. de Ruiter Leiter der Malabteilung, seit 1890 wurden die W\u00f6rter &#8222;Rozenburg den Haag&#8220; mit in der Firmenmmarke verwendet, 1892 kam der Storch hinzu, seit der Pariser Weltausstellung 1900, in Anerkennung des gro\u00dfen Erfolgs, geh\u00f6rte die Krone mit zur Bezeichnung, K\u00f6nigin Wilhelmina verlieh der Fabrik den Namen K\u00f6nigliche Porzellan- und Faiencefabrik Rozenburg, Firmierung auf holl\u00e4ndisch Koninklijke Porcelein- en Aardewerkfabriek N. V. Rozenburg, als Jahreszeichen dienten zuerst Buchstaben, seit circa 1899 wurden bildliche Zeichen eingef\u00fchrt, zum Beispiel Bienen, Anker oder Laternen, in den letzten Jahre produzierte die Fabrik haupts\u00e4chlich polychrome bemaltes Steinzeug, 1917 wurde die Fabrik geschlossen,<br \/>\nH\u00f6he 11 cm, Breite 9 cm<\/p>\n<p><a href=\"http:\/\/museumek.eu\/wp-content\/uploads\/2011\/11\/Museum-Europ\u00e4ischer-Keramikkunst-1364.jpg\"><img loading=\"lazy\" src=\"http:\/\/museumek.eu\/wp-content\/uploads\/2011\/11\/Museum-Europ\u00e4ischer-Keramikkunst-1364-255x300.jpg\" alt=\"\" title=\"Museum Europ\u00e4ischer Keramikkunst 1364\" width=\"255\" height=\"300\" class=\"alignnone size-medium wp-image-6956\" srcset=\"http:\/\/museumek.eu\/wp-content\/uploads\/2011\/11\/Museum-Europ\u00e4ischer-Keramikkunst-1364-255x300.jpg 255w, http:\/\/museumek.eu\/wp-content\/uploads\/2011\/11\/Museum-Europ\u00e4ischer-Keramikkunst-1364.jpg 729w\" sizes=\"(max-width: 255px) 100vw, 255px\" \/><\/a><\/p>\n<p><a href=\"http:\/\/museumek.eu\/wp-content\/uploads\/2011\/11\/Museum-Europ\u00e4ischer-Keramikkunst-1366.jpg\"><img loading=\"lazy\" src=\"http:\/\/museumek.eu\/wp-content\/uploads\/2011\/11\/Museum-Europ\u00e4ischer-Keramikkunst-1366-300x245.jpg\" alt=\"\" title=\"Museum Europ\u00e4ischer Keramikkunst 1366\" width=\"300\" height=\"245\" class=\"alignnone size-medium wp-image-6957\" srcset=\"http:\/\/museumek.eu\/wp-content\/uploads\/2011\/11\/Museum-Europ\u00e4ischer-Keramikkunst-1366-300x245.jpg 300w, http:\/\/museumek.eu\/wp-content\/uploads\/2011\/11\/Museum-Europ\u00e4ischer-Keramikkunst-1366-367x300.jpg 367w, http:\/\/museumek.eu\/wp-content\/uploads\/2011\/11\/Museum-Europ\u00e4ischer-Keramikkunst-1366.jpg 853w\" sizes=\"(max-width: 300px) 100vw, 300px\" \/><\/a><\/p>\n<p><a href=\"http:\/\/museumek.eu\/wp-content\/uploads\/2011\/11\/Museum-Europ\u00e4ischer-Keramikkunst-13671.jpg\"><img loading=\"lazy\" src=\"http:\/\/museumek.eu\/wp-content\/uploads\/2011\/11\/Museum-Europ\u00e4ischer-Keramikkunst-13671-300x278.jpg\" alt=\"\" title=\"Museum Europ\u00e4ischer Keramikkunst 1367\" width=\"300\" height=\"278\" class=\"alignnone size-medium wp-image-6959\" srcset=\"http:\/\/museumek.eu\/wp-content\/uploads\/2011\/11\/Museum-Europ\u00e4ischer-Keramikkunst-13671-300x278.jpg 300w, http:\/\/museumek.eu\/wp-content\/uploads\/2011\/11\/Museum-Europ\u00e4ischer-Keramikkunst-13671.jpg 826w\" sizes=\"(max-width: 300px) 100vw, 300px\" \/><\/a><\/p>\n","protected":false},"excerpt":{"rendered":"<p>Abteilung Niederlande, Keramik 1860 \u2013 1960, Inventarnummer N\/I\/3 Haagsche Plateelbakkerij Rozenburg, vormals N. V. &#8217;s-Gravenhaag-sche Kunstaardewerkfabriek und Nachf. Haagsche Plateelbakkerij N. V. Rozenburg und Nachf. Koninklijke Porcelein- en Aardewerkfabriek N. V. Rozenburg, Niederlande, Den Haag, um 1897, Vase mit gemalter &hellip; <a href=\"http:\/\/museumek.eu\/?page_id=6955\">Weiterlesen <span class=\"meta-nav\">&rarr;<\/span><\/a><\/p>\n","protected":false},"author":1,"featured_media":0,"parent":2572,"menu_order":3,"comment_status":"closed","ping_status":"closed","template":"","meta":[],"_links":{"self":[{"href":"http:\/\/museumek.eu\/index.php?rest_route=\/wp\/v2\/pages\/6955"}],"collection":[{"href":"http:\/\/museumek.eu\/index.php?rest_route=\/wp\/v2\/pages"}],"about":[{"href":"http:\/\/museumek.eu\/index.php?rest_route=\/wp\/v2\/types\/page"}],"author":[{"embeddable":true,"href":"http:\/\/museumek.eu\/index.php?rest_route=\/wp\/v2\/users\/1"}],"replies":[{"embeddable":true,"href":"http:\/\/museumek.eu\/index.php?rest_route=%2Fwp%2Fv2%2Fcomments&post=6955"}],"version-history":[{"count":7,"href":"http:\/\/museumek.eu\/index.php?rest_route=\/wp\/v2\/pages\/6955\/revisions"}],"predecessor-version":[{"id":56919,"href":"http:\/\/museumek.eu\/index.php?rest_route=\/wp\/v2\/pages\/6955\/revisions\/56919"}],"up":[{"embeddable":true,"href":"http:\/\/museumek.eu\/index.php?rest_route=\/wp\/v2\/pages\/2572"}],"wp:attachment":[{"href":"http:\/\/museumek.eu\/index.php?rest_route=%2Fwp%2Fv2%2Fmedia&parent=6955"}],"curies":[{"name":"wp","href":"https:\/\/api.w.org\/{rel}","templated":true}]}}