{"id":6967,"date":"2011-11-15T13:58:56","date_gmt":"2011-11-15T12:58:56","guid":{"rendered":"http:\/\/museumek.eu\/?page_id=6967"},"modified":"2011-11-15T13:59:35","modified_gmt":"2011-11-15T12:59:35","slug":"fii13","status":"publish","type":"page","link":"http:\/\/museumek.eu\/?page_id=6967","title":{"rendered":"F\/II\/13"},"content":{"rendered":"<p><strong>Abteilung Frankreich, Keramik 1860 \u2013 1960, Inventarnummer F\/II\/13<\/strong><\/p>\n<p>Manufaktur Keller &#038; Gu\u00e9rin, Frankreich, Lun\u00e9ville, um 1900, Vase, K\u00fcnstler unbekannt, Werks.-Nr. 147, Exemplar Nr. evtl. 1, gemarkt K &#038; G Lun\u00e9ville France brauner Farbstempel, J, 147 sowie 1 gepresst, Gold geh\u00f6ht, Literatur: Annabelle H\u00e9ry, La Faiencerie de Lun\u00e9ville 1786 \u2013 1923, Les Keller &#038; Gu\u00e9rin, Seite 138, Marke Type 18, um 1900 entwarfen die K\u00fcnstler der \u00c9cole de Nancy, Louis Majorelle, Ernest Bussi\u00e8re, Edmond Lachenal, Emile Gall\u00e9 Modelle f\u00fcr K &#038; G, wobei eine Zuordnung mangels Werksverzeichnis selten m\u00f6glich ist,<br \/>\nH\u00f6he 33 cm, Breite 19 cm<\/p>\n<p><a href=\"http:\/\/museumek.eu\/wp-content\/uploads\/2011\/11\/Museum-Europ\u00e4ischer-Keramikkunst-1368.jpg\"><img loading=\"lazy\" src=\"http:\/\/museumek.eu\/wp-content\/uploads\/2011\/11\/Museum-Europ\u00e4ischer-Keramikkunst-1368-147x300.jpg\" alt=\"\" title=\"Museum Europ\u00e4ischer Keramikkunst 1368\" width=\"147\" height=\"300\" class=\"alignnone size-medium wp-image-6968\" srcset=\"http:\/\/museumek.eu\/wp-content\/uploads\/2011\/11\/Museum-Europ\u00e4ischer-Keramikkunst-1368-147x300.jpg 147w, http:\/\/museumek.eu\/wp-content\/uploads\/2011\/11\/Museum-Europ\u00e4ischer-Keramikkunst-1368.jpg 469w\" sizes=\"(max-width: 147px) 100vw, 147px\" \/><\/a><\/p>\n<p><a href=\"http:\/\/museumek.eu\/wp-content\/uploads\/2011\/11\/Museum-Europ\u00e4ischer-Keramikkunst-1372.jpg\"><img loading=\"lazy\" src=\"http:\/\/museumek.eu\/wp-content\/uploads\/2011\/11\/Museum-Europ\u00e4ischer-Keramikkunst-1372-300x250.jpg\" alt=\"\" title=\"Museum Europ\u00e4ischer Keramikkunst 1372\" width=\"300\" height=\"250\" class=\"alignnone size-medium wp-image-6969\" srcset=\"http:\/\/museumek.eu\/wp-content\/uploads\/2011\/11\/Museum-Europ\u00e4ischer-Keramikkunst-1372-300x250.jpg 300w, http:\/\/museumek.eu\/wp-content\/uploads\/2011\/11\/Museum-Europ\u00e4ischer-Keramikkunst-1372-359x300.jpg 359w, http:\/\/museumek.eu\/wp-content\/uploads\/2011\/11\/Museum-Europ\u00e4ischer-Keramikkunst-1372.jpg 480w\" sizes=\"(max-width: 300px) 100vw, 300px\" \/><\/a><\/p>\n<p><a href=\"http:\/\/museumek.eu\/wp-content\/uploads\/2011\/11\/Museum-Europ\u00e4ischer-Keramikkunst-1373.jpg\"><img loading=\"lazy\" src=\"http:\/\/museumek.eu\/wp-content\/uploads\/2011\/11\/Museum-Europ\u00e4ischer-Keramikkunst-1373-232x300.jpg\" alt=\"\" title=\"Museum Europ\u00e4ischer Keramikkunst 1373\" width=\"232\" height=\"300\" class=\"alignnone size-medium wp-image-6970\" srcset=\"http:\/\/museumek.eu\/wp-content\/uploads\/2011\/11\/Museum-Europ\u00e4ischer-Keramikkunst-1373-232x300.jpg 232w, http:\/\/museumek.eu\/wp-content\/uploads\/2011\/11\/Museum-Europ\u00e4ischer-Keramikkunst-1373.jpg 357w\" sizes=\"(max-width: 232px) 100vw, 232px\" \/><\/a><\/p>\n","protected":false},"excerpt":{"rendered":"<p>Abteilung Frankreich, Keramik 1860 \u2013 1960, Inventarnummer F\/II\/13 Manufaktur Keller &#038; Gu\u00e9rin, Frankreich, Lun\u00e9ville, um 1900, Vase, K\u00fcnstler unbekannt, Werks.-Nr. 147, Exemplar Nr. evtl. 1, gemarkt K &#038; G Lun\u00e9ville France brauner Farbstempel, J, 147 sowie 1 gepresst, Gold geh\u00f6ht, &hellip; <a href=\"http:\/\/museumek.eu\/?page_id=6967\">Weiterlesen <span class=\"meta-nav\">&rarr;<\/span><\/a><\/p>\n","protected":false},"author":1,"featured_media":0,"parent":6216,"menu_order":13,"comment_status":"closed","ping_status":"closed","template":"","meta":[],"_links":{"self":[{"href":"http:\/\/museumek.eu\/index.php?rest_route=\/wp\/v2\/pages\/6967"}],"collection":[{"href":"http:\/\/museumek.eu\/index.php?rest_route=\/wp\/v2\/pages"}],"about":[{"href":"http:\/\/museumek.eu\/index.php?rest_route=\/wp\/v2\/types\/page"}],"author":[{"embeddable":true,"href":"http:\/\/museumek.eu\/index.php?rest_route=\/wp\/v2\/users\/1"}],"replies":[{"embeddable":true,"href":"http:\/\/museumek.eu\/index.php?rest_route=%2Fwp%2Fv2%2Fcomments&post=6967"}],"version-history":[{"count":3,"href":"http:\/\/museumek.eu\/index.php?rest_route=\/wp\/v2\/pages\/6967\/revisions"}],"predecessor-version":[{"id":6973,"href":"http:\/\/museumek.eu\/index.php?rest_route=\/wp\/v2\/pages\/6967\/revisions\/6973"}],"up":[{"embeddable":true,"href":"http:\/\/museumek.eu\/index.php?rest_route=\/wp\/v2\/pages\/6216"}],"wp:attachment":[{"href":"http:\/\/museumek.eu\/index.php?rest_route=%2Fwp%2Fv2%2Fmedia&parent=6967"}],"curies":[{"name":"wp","href":"https:\/\/api.w.org\/{rel}","templated":true}]}}