{"id":7141,"date":"2011-12-16T17:04:59","date_gmt":"2011-12-16T16:04:59","guid":{"rendered":"http:\/\/museumek.eu\/?page_id=7141"},"modified":"2013-04-27T13:14:26","modified_gmt":"2013-04-27T11:14:26","slug":"manufaktur-munchner-werkstatten-fur-keramische-kunst","status":"publish","type":"page","link":"http:\/\/museumek.eu\/?page_id=7141","title":{"rendered":"M\u00fcnchner Werkst\u00e4tten f\u00fcr keramische Kunst"},"content":{"rendered":"","protected":false},"excerpt":{"rendered":"","protected":false},"author":1,"featured_media":0,"parent":44,"menu_order":29,"comment_status":"closed","ping_status":"closed","template":"","meta":[],"_links":{"self":[{"href":"http:\/\/museumek.eu\/index.php?rest_route=\/wp\/v2\/pages\/7141"}],"collection":[{"href":"http:\/\/museumek.eu\/index.php?rest_route=\/wp\/v2\/pages"}],"about":[{"href":"http:\/\/museumek.eu\/index.php?rest_route=\/wp\/v2\/types\/page"}],"author":[{"embeddable":true,"href":"http:\/\/museumek.eu\/index.php?rest_route=\/wp\/v2\/users\/1"}],"replies":[{"embeddable":true,"href":"http:\/\/museumek.eu\/index.php?rest_route=%2Fwp%2Fv2%2Fcomments&post=7141"}],"version-history":[{"count":3,"href":"http:\/\/museumek.eu\/index.php?rest_route=\/wp\/v2\/pages\/7141\/revisions"}],"predecessor-version":[{"id":20824,"href":"http:\/\/museumek.eu\/index.php?rest_route=\/wp\/v2\/pages\/7141\/revisions\/20824"}],"up":[{"embeddable":true,"href":"http:\/\/museumek.eu\/index.php?rest_route=\/wp\/v2\/pages\/44"}],"wp:attachment":[{"href":"http:\/\/museumek.eu\/index.php?rest_route=%2Fwp%2Fv2%2Fmedia&parent=7141"}],"curies":[{"name":"wp","href":"https:\/\/api.w.org\/{rel}","templated":true}]}}