{"id":8034,"date":"2012-01-17T23:52:17","date_gmt":"2012-01-17T22:52:17","guid":{"rendered":"http:\/\/museumek.eu\/?page_id=8034"},"modified":"2012-01-17T23:52:17","modified_gmt":"2012-01-17T22:52:17","slug":"fotos-und-beschreibung","status":"publish","type":"page","link":"http:\/\/museumek.eu\/?page_id=8034","title":{"rendered":"Fotos und Beschreibung"},"content":{"rendered":"<p><strong>Abteilung England, Keramik 1860 \u2013 1960, Inventarnummer E\/V\/1<\/strong><\/p>\n<p>Manufaktur Arthur J. Wilkinson Ltd., Royal Staffordshire , England, Staffordshire, um 1920, Krug mit Dekor rural scenes (l\u00e4ndliche Szenen), K\u00fcnstler Clarice Cliff, Werks.-Nr. 30, Exemplar Nr. ohne, gemarkt rural scenes, Royal Staffordshire, dinnerware by Clarice Cliff, Made in England brauner Manufakturstempel mit Stempelautograph der K\u00fcnstlerin, 30 mit gegossen, nicht signiert, Literatur: Judith Miller, Art D\u00e9co, Sammlerst\u00fccke, Designer, Preise, ab Seite 124 ausf\u00fchrliche K\u00fcnstlerbeschreibung, H\u00f6he 13 cm, Breite 17 cm<\/p>\n<p><a href=\"http:\/\/museumek.eu\/wp-content\/uploads\/2012\/01\/Museum-Europ\u00e4ischer-Keramikkunst-15711.jpg\"><img loading=\"lazy\" src=\"http:\/\/museumek.eu\/wp-content\/uploads\/2012\/01\/Museum-Europ\u00e4ischer-Keramikkunst-15711-300x242.jpg\" alt=\"\" title=\"Museum Europ\u00e4ischer Keramikkunst 1571\" width=\"300\" height=\"242\" class=\"alignnone size-medium wp-image-8026\" srcset=\"http:\/\/museumek.eu\/wp-content\/uploads\/2012\/01\/Museum-Europ\u00e4ischer-Keramikkunst-15711-300x242.jpg 300w, http:\/\/museumek.eu\/wp-content\/uploads\/2012\/01\/Museum-Europ\u00e4ischer-Keramikkunst-15711-371x300.jpg 371w, http:\/\/museumek.eu\/wp-content\/uploads\/2012\/01\/Museum-Europ\u00e4ischer-Keramikkunst-15711.jpg 741w\" sizes=\"(max-width: 300px) 100vw, 300px\" \/><\/a><\/p>\n<p><a href=\"http:\/\/museumek.eu\/wp-content\/uploads\/2012\/01\/Museum-Europ\u00e4ischer-Keramikkunst-1572.jpg\"><img loading=\"lazy\" src=\"http:\/\/museumek.eu\/wp-content\/uploads\/2012\/01\/Museum-Europ\u00e4ischer-Keramikkunst-1572-214x300.jpg\" alt=\"\" title=\"Museum Europ\u00e4ischer Keramikkunst 1572\" width=\"214\" height=\"300\" class=\"alignnone size-medium wp-image-8027\" srcset=\"http:\/\/museumek.eu\/wp-content\/uploads\/2012\/01\/Museum-Europ\u00e4ischer-Keramikkunst-1572-214x300.jpg 214w, http:\/\/museumek.eu\/wp-content\/uploads\/2012\/01\/Museum-Europ\u00e4ischer-Keramikkunst-1572.jpg 401w\" sizes=\"(max-width: 214px) 100vw, 214px\" \/><\/a><\/p>\n","protected":false},"excerpt":{"rendered":"<p>Abteilung England, Keramik 1860 \u2013 1960, Inventarnummer E\/V\/1 Manufaktur Arthur J. Wilkinson Ltd., Royal Staffordshire , England, Staffordshire, um 1920, Krug mit Dekor rural scenes (l\u00e4ndliche Szenen), K\u00fcnstler Clarice Cliff, Werks.-Nr. 30, Exemplar Nr. ohne, gemarkt rural scenes, Royal Staffordshire, &hellip; <a href=\"http:\/\/museumek.eu\/?page_id=8034\">Weiterlesen <span class=\"meta-nav\">&rarr;<\/span><\/a><\/p>\n","protected":false},"author":1,"featured_media":0,"parent":8031,"menu_order":1,"comment_status":"closed","ping_status":"closed","template":"","meta":[],"_links":{"self":[{"href":"http:\/\/museumek.eu\/index.php?rest_route=\/wp\/v2\/pages\/8034"}],"collection":[{"href":"http:\/\/museumek.eu\/index.php?rest_route=\/wp\/v2\/pages"}],"about":[{"href":"http:\/\/museumek.eu\/index.php?rest_route=\/wp\/v2\/types\/page"}],"author":[{"embeddable":true,"href":"http:\/\/museumek.eu\/index.php?rest_route=\/wp\/v2\/users\/1"}],"replies":[{"embeddable":true,"href":"http:\/\/museumek.eu\/index.php?rest_route=%2Fwp%2Fv2%2Fcomments&post=8034"}],"version-history":[{"count":3,"href":"http:\/\/museumek.eu\/index.php?rest_route=\/wp\/v2\/pages\/8034\/revisions"}],"predecessor-version":[{"id":59443,"href":"http:\/\/museumek.eu\/index.php?rest_route=\/wp\/v2\/pages\/8034\/revisions\/59443"}],"up":[{"embeddable":true,"href":"http:\/\/museumek.eu\/index.php?rest_route=\/wp\/v2\/pages\/8031"}],"wp:attachment":[{"href":"http:\/\/museumek.eu\/index.php?rest_route=%2Fwp%2Fv2%2Fmedia&parent=8034"}],"curies":[{"name":"wp","href":"https:\/\/api.w.org\/{rel}","templated":true}]}}