{"id":915,"date":"2011-08-11T23:54:02","date_gmt":"2011-08-11T21:54:02","guid":{"rendered":"http:\/\/museumek.eu\/?page_id=915"},"modified":"2013-05-10T20:59:03","modified_gmt":"2013-05-10T18:59:03","slug":"ax4","status":"publish","type":"page","link":"http:\/\/museumek.eu\/?page_id=915","title":{"rendered":"A\/X\/4"},"content":{"rendered":"<p><strong>Abteilung Austria\/Ungarn\/B\u00f6hmen, Keramik 1860 \u2013 1960, Inventarnummer A\/X\/4<\/strong><\/p>\n<p>Gmundner Keramik GES.M.B.H., Austria, Gmunden, um 1925, Figur Mutter ihr Kind haltend, K\u00fcnstler unbekannt, Werks.-Nr. 1924, Exemplar Nr. Unikat (?), gemarkt Firmenmarke Quadrat mit Blumenst\u00f6ckl sowie GK, dar\u00fcber Gmundner, darunter Keramik schwarzer Gummistempel (Marke ab 1910 verwendet), 1924 gepresst, 27. (oder 25.) 2.8. V mit Bleistift, evtl. signiert (schwer lesbar), Literatur: Irmgard Gollner, Gmundner Keramik, T\u00f6pfertradition einst und jetzt, Seite 86, Markentafeln, dort identische Marke, weitere Literatur: Otto Pelka, Keramik der Neuzeit, Markentafel III, Markenkasten Nr. 45, rechte Marke identisch, Pelka beschreibt hier nicht die Einzelmarken, sondern gleichzeitig auch die Marke der Wiener Keramik, siehe auch Seite 210, Herstellerverzeichnis, Gmunden, Vereinigte Wiener und Gmundner Keramik und Gmundner Tonwarenfabrik Schlei\u00df sowie Seite 218, Namenverzeichnis, Gmunden, Vereinigte Wiener und Gmundner Keramik und Gmundner Tonwarenfabrik Schlei\u00df, M 45, weitere Literatur: J. G. Th. Graesse und E. Jaenicke, F\u00fchrer f\u00fcr Sammler von Porzellan und Fayence, Steinzeug, Steingut usw., Seite 721, Marke Nr. 6 fast identisch, sonst gleiche Markenbeschreibung wie bei Pelka, den Blumenst\u00f6ckelstempel gab es sowohl als Na\u00df- als auch als Trockenstempel, jeweils in unterschiedlichen Varianten (wenn im weiteren Bl\u00fctenstempel steht, dann ist der Bl\u00fctenstempel der Pflanze im botanischem Sinne gemeint), Na\u00dfstempel Variante 1: Bl\u00fctenstempel nicht mit Stempelfarbe ausgef\u00fcllt siehe MEK A\/X\/6, A\/X\/13 sowie A\/X\/15, Variante 2: Bl\u00fctenstempel mit Stempelfarbe ausgef\u00fcllt siehe MEK A\/X\/4 sowie A\/X\/12, Trockenstempel: Variante 1: um den Bl\u00fctenstempel auf 3, 6, 9 und 12 Uhr jeweils ein gepresster Strich siehe MEK A\/X\/7 sowie A\/X\/14, Variante 2: kein Bl\u00fctenstempel, sondern ein Mittelkreuz siehe MEK A\/X\/5, es gibt bisher keinerlei wissenschaftliche Recherche, ob die verschiedenen Stempel einem System unterlagen oder ob sich eine zeitliche Einordnung ergibt, in keiner der o. g. Literatur wird darauf verwiesen, dass die Fabrikmarke in Form dieser 4 verschiedenen Stempel aufgebracht worden ist, insofern sind die vom MEK festgestellten 4 Stempelvarianten nun dokumentiert, evtl. ist die Zahl 1924 keine Werks.-Nr., sondern eine Datierung, roter Scherben, mit dickem dunkelrotem Glasurauftrag, H\u00f6he 37 cm, Breite 20 cm<\/p>\n<p><a href=\"http:\/\/museumek.eu\/wp-content\/uploads\/2011\/08\/Museum-Europ\u00e4ischer-Keramikkunst-Qualit\u00e4tsfotos-170.jpg\"><img loading=\"lazy\" src=\"http:\/\/museumek.eu\/wp-content\/uploads\/2011\/08\/Museum-Europ\u00e4ischer-Keramikkunst-Qualit\u00e4tsfotos-170-164x300.jpg\" alt=\"\" title=\"Museum Europ\u00e4ischer Keramikkunst Qualit\u00e4tsfotos 170\" width=\"164\" height=\"300\" class=\"alignnone size-medium wp-image-916\" srcset=\"http:\/\/museumek.eu\/wp-content\/uploads\/2011\/08\/Museum-Europ\u00e4ischer-Keramikkunst-Qualit\u00e4tsfotos-170-164x300.jpg 164w, http:\/\/museumek.eu\/wp-content\/uploads\/2011\/08\/Museum-Europ\u00e4ischer-Keramikkunst-Qualit\u00e4tsfotos-170.jpg 519w\" sizes=\"(max-width: 164px) 100vw, 164px\" \/><\/a><\/p>\n<p><a href=\"http:\/\/museumek.eu\/wp-content\/uploads\/2011\/08\/Museum-Europ\u00e4ischer-Keramikkunst-6101.jpg\"><img loading=\"lazy\" src=\"http:\/\/museumek.eu\/wp-content\/uploads\/2011\/08\/Museum-Europ\u00e4ischer-Keramikkunst-6101-300x197.jpg\" alt=\"\" title=\"Museum Europ\u00e4ischer Keramikkunst 610\" width=\"300\" height=\"197\" class=\"alignnone size-medium wp-image-918\" srcset=\"http:\/\/museumek.eu\/wp-content\/uploads\/2011\/08\/Museum-Europ\u00e4ischer-Keramikkunst-6101-300x197.jpg 300w, http:\/\/museumek.eu\/wp-content\/uploads\/2011\/08\/Museum-Europ\u00e4ischer-Keramikkunst-6101-455x300.jpg 455w, http:\/\/museumek.eu\/wp-content\/uploads\/2011\/08\/Museum-Europ\u00e4ischer-Keramikkunst-6101.jpg 933w\" sizes=\"(max-width: 300px) 100vw, 300px\" \/><\/a><\/p>\n<p><a href=\"http:\/\/museumek.eu\/wp-content\/uploads\/2011\/08\/Museum-Europ\u00e4ischer-Keramikkunst-620.jpg\"><img loading=\"lazy\" src=\"http:\/\/museumek.eu\/wp-content\/uploads\/2011\/08\/Museum-Europ\u00e4ischer-Keramikkunst-620-300x225.jpg\" alt=\"\" title=\"Museum Europ\u00e4ischer Keramikkunst 620\" width=\"300\" height=\"225\" class=\"alignnone size-medium wp-image-919\" srcset=\"http:\/\/museumek.eu\/wp-content\/uploads\/2011\/08\/Museum-Europ\u00e4ischer-Keramikkunst-620-300x225.jpg 300w, http:\/\/museumek.eu\/wp-content\/uploads\/2011\/08\/Museum-Europ\u00e4ischer-Keramikkunst-620-400x300.jpg 400w, http:\/\/museumek.eu\/wp-content\/uploads\/2011\/08\/Museum-Europ\u00e4ischer-Keramikkunst-620.jpg 1024w\" sizes=\"(max-width: 300px) 100vw, 300px\" \/><\/a><\/p>\n<p><a href=\"http:\/\/museumek.eu\/wp-content\/uploads\/2011\/08\/Museum-Europ\u00e4ischer-Keramikkunst-611.jpg\"><img loading=\"lazy\" src=\"http:\/\/museumek.eu\/wp-content\/uploads\/2011\/08\/Museum-Europ\u00e4ischer-Keramikkunst-611-300x155.jpg\" alt=\"\" title=\"Museum Europ\u00e4ischer Keramikkunst 611\" width=\"300\" height=\"155\" class=\"alignnone size-medium wp-image-920\" srcset=\"http:\/\/museumek.eu\/wp-content\/uploads\/2011\/08\/Museum-Europ\u00e4ischer-Keramikkunst-611-300x155.jpg 300w, http:\/\/museumek.eu\/wp-content\/uploads\/2011\/08\/Museum-Europ\u00e4ischer-Keramikkunst-611.jpg 488w\" sizes=\"(max-width: 300px) 100vw, 300px\" \/><\/a><\/p>\n<p><a href=\"http:\/\/museumek.eu\/wp-content\/uploads\/2011\/08\/Museum-Europ\u00e4ischer-Keramikkunst-623.jpg\"><img loading=\"lazy\" src=\"http:\/\/museumek.eu\/wp-content\/uploads\/2011\/08\/Museum-Europ\u00e4ischer-Keramikkunst-623-300x177.jpg\" alt=\"\" title=\"Museum Europ\u00e4ischer Keramikkunst 623\" width=\"300\" height=\"177\" class=\"alignnone size-medium wp-image-921\" srcset=\"http:\/\/museumek.eu\/wp-content\/uploads\/2011\/08\/Museum-Europ\u00e4ischer-Keramikkunst-623-300x177.jpg 300w, http:\/\/museumek.eu\/wp-content\/uploads\/2011\/08\/Museum-Europ\u00e4ischer-Keramikkunst-623-500x295.jpg 500w, http:\/\/museumek.eu\/wp-content\/uploads\/2011\/08\/Museum-Europ\u00e4ischer-Keramikkunst-623.jpg 604w\" sizes=\"(max-width: 300px) 100vw, 300px\" \/><\/a><\/p>\n<p><a href=\"http:\/\/museumek.eu\/wp-content\/uploads\/2011\/08\/Museum-Europ\u00e4ischer-Keramikkunst-616.jpg\"><img loading=\"lazy\" src=\"http:\/\/museumek.eu\/wp-content\/uploads\/2011\/08\/Museum-Europ\u00e4ischer-Keramikkunst-616-300x200.jpg\" alt=\"\" title=\"Museum Europ\u00e4ischer Keramikkunst 616\" width=\"300\" height=\"200\" class=\"alignnone size-medium wp-image-922\" srcset=\"http:\/\/museumek.eu\/wp-content\/uploads\/2011\/08\/Museum-Europ\u00e4ischer-Keramikkunst-616-300x200.jpg 300w, http:\/\/museumek.eu\/wp-content\/uploads\/2011\/08\/Museum-Europ\u00e4ischer-Keramikkunst-616-448x300.jpg 448w, http:\/\/museumek.eu\/wp-content\/uploads\/2011\/08\/Museum-Europ\u00e4ischer-Keramikkunst-616.jpg 1024w\" sizes=\"(max-width: 300px) 100vw, 300px\" \/><\/a><\/p>\n","protected":false},"excerpt":{"rendered":"<p>Abteilung Austria\/Ungarn\/B\u00f6hmen, Keramik 1860 \u2013 1960, Inventarnummer A\/X\/4 Gmundner Keramik GES.M.B.H., Austria, Gmunden, um 1925, Figur Mutter ihr Kind haltend, K\u00fcnstler unbekannt, Werks.-Nr. 1924, Exemplar Nr. Unikat (?), gemarkt Firmenmarke Quadrat mit Blumenst\u00f6ckl sowie GK, dar\u00fcber Gmundner, darunter Keramik schwarzer &hellip; <a href=\"http:\/\/museumek.eu\/?page_id=915\">Weiterlesen <span class=\"meta-nav\">&rarr;<\/span><\/a><\/p>\n","protected":false},"author":1,"featured_media":0,"parent":886,"menu_order":4,"comment_status":"closed","ping_status":"closed","template":"","meta":[],"_links":{"self":[{"href":"http:\/\/museumek.eu\/index.php?rest_route=\/wp\/v2\/pages\/915"}],"collection":[{"href":"http:\/\/museumek.eu\/index.php?rest_route=\/wp\/v2\/pages"}],"about":[{"href":"http:\/\/museumek.eu\/index.php?rest_route=\/wp\/v2\/types\/page"}],"author":[{"embeddable":true,"href":"http:\/\/museumek.eu\/index.php?rest_route=\/wp\/v2\/users\/1"}],"replies":[{"embeddable":true,"href":"http:\/\/museumek.eu\/index.php?rest_route=%2Fwp%2Fv2%2Fcomments&post=915"}],"version-history":[{"count":7,"href":"http:\/\/museumek.eu\/index.php?rest_route=\/wp\/v2\/pages\/915\/revisions"}],"predecessor-version":[{"id":21664,"href":"http:\/\/museumek.eu\/index.php?rest_route=\/wp\/v2\/pages\/915\/revisions\/21664"}],"up":[{"embeddable":true,"href":"http:\/\/museumek.eu\/index.php?rest_route=\/wp\/v2\/pages\/886"}],"wp:attachment":[{"href":"http:\/\/museumek.eu\/index.php?rest_route=%2Fwp%2Fv2%2Fmedia&parent=915"}],"curies":[{"name":"wp","href":"https:\/\/api.w.org\/{rel}","templated":true}]}}