{"id":9356,"date":"2012-05-06T16:23:51","date_gmt":"2012-05-06T14:23:51","guid":{"rendered":"http:\/\/museumek.eu\/?page_id=9356"},"modified":"2013-04-25T23:25:24","modified_gmt":"2013-04-25T21:25:24","slug":"kurzbiografie-und-inventar-zum-kunstler","status":"publish","type":"page","link":"http:\/\/museumek.eu\/?page_id=9356","title":{"rendered":"Kurzbiografie und Inventar zum K\u00fcnstler"},"content":{"rendered":"<p>\u00dcber den K\u00fcnstler konnten keine Lebensdaten recherchiert werden, ebenso ist nicht gekl\u00e4rt, ob Jall\u00e9 f\u00fcr ein Pseudonym steht, da bei Goldscheider, aus den unterschiedlichsten Gr\u00fcnden, manchmal ber\u00fchmte K\u00fcnstler unter Pseudonymen gef\u00fchrt worden sind, z. B. wenn diese eigentlich einen Vertrag mit einem anderen Auftraggeber hatten und trotzdem f\u00fcr Goldscheider entworfen haben.<\/p>\n<p><strong>Abteilung Austria\/Ungarn\/B\u00f6hmen, Keramik 1860 \u2013 1960, Inventarnummer A\/I\/73<\/strong><\/p>\n<p>Friedrich Goldscheider, Austria, Wien, um 1895, B\u00fcste Araberin nach links blickend, K\u00fcnstler Jall\u00e9, Werks.-Nr. 853\/Exemplar Nr. 24\/Modelleur Nr. 69, gemarkt Friedrich Goldscheider Wien, Reproduction Reservee sowie P gepresst, XVII wei\u00df gemalt, signiert Jall\u00e9, Literatur: Robert E. Dechant\/Filipp Goldscheider, Firmengeschichte und Werkverzeichnis, Seite 303, dort unter Werksnummer 853 zwei andere Eintr\u00e4ge ohne Fotos, daf\u00fcr unter 852 Eintrag Araberin nach links blickend ohne Foto, insofern ist die Zuordnung und Bezeichnung als B\u00fcste Araberin ungekl\u00e4rt, etwas vergoldet,<br \/>\nH\u00f6he 29 cm, Breite 18,5 cm<\/p>\n<p><a href=\"http:\/\/museumek.eu\/wp-content\/uploads\/2012\/05\/Museum-Europ\u00e4ischer-Keramikkunst-2549.jpg\"><img loading=\"lazy\" src=\"http:\/\/museumek.eu\/wp-content\/uploads\/2012\/05\/Museum-Europ\u00e4ischer-Keramikkunst-2549-182x300.jpg\" alt=\"\" title=\"Museum Europ\u00e4ischer Keramikkunst 2549\" width=\"182\" height=\"300\" class=\"alignnone size-medium wp-image-11606\" srcset=\"http:\/\/museumek.eu\/wp-content\/uploads\/2012\/05\/Museum-Europ\u00e4ischer-Keramikkunst-2549-182x300.jpg 182w, http:\/\/museumek.eu\/wp-content\/uploads\/2012\/05\/Museum-Europ\u00e4ischer-Keramikkunst-2549.jpg 600w\" sizes=\"(max-width: 182px) 100vw, 182px\" \/><\/a><\/p>\n<p><a href=\"http:\/\/museumek.eu\/wp-content\/uploads\/2012\/05\/Museum-Europ\u00e4ischer-Keramikkunst-1883.jpg\"><img loading=\"lazy\" src=\"http:\/\/museumek.eu\/wp-content\/uploads\/2012\/05\/Museum-Europ\u00e4ischer-Keramikkunst-1883-138x300.jpg\" alt=\"\" title=\"Museum Europ\u00e4ischer Keramikkunst 1883\" width=\"138\" height=\"300\" class=\"alignnone size-medium wp-image-9342\" srcset=\"http:\/\/museumek.eu\/wp-content\/uploads\/2012\/05\/Museum-Europ\u00e4ischer-Keramikkunst-1883-138x300.jpg 138w, http:\/\/museumek.eu\/wp-content\/uploads\/2012\/05\/Museum-Europ\u00e4ischer-Keramikkunst-1883.jpg 457w\" sizes=\"(max-width: 138px) 100vw, 138px\" \/><\/a><\/p>\n<p><a href=\"http:\/\/museumek.eu\/wp-content\/uploads\/2012\/05\/Museum-Europ\u00e4ischer-Keramikkunst-1884.jpg\"><img loading=\"lazy\" src=\"http:\/\/museumek.eu\/wp-content\/uploads\/2012\/05\/Museum-Europ\u00e4ischer-Keramikkunst-1884-186x300.jpg\" alt=\"\" title=\"Museum Europ\u00e4ischer Keramikkunst 1884\" width=\"186\" height=\"300\" class=\"alignnone size-medium wp-image-9343\" srcset=\"http:\/\/museumek.eu\/wp-content\/uploads\/2012\/05\/Museum-Europ\u00e4ischer-Keramikkunst-1884-186x300.jpg 186w, http:\/\/museumek.eu\/wp-content\/uploads\/2012\/05\/Museum-Europ\u00e4ischer-Keramikkunst-1884.jpg 619w\" sizes=\"(max-width: 186px) 100vw, 186px\" \/><\/a><\/p>\n<p><a href=\"http:\/\/museumek.eu\/wp-content\/uploads\/2012\/05\/Museum-Europ\u00e4ischer-Keramikkunst-1885.jpg\"><img loading=\"lazy\" src=\"http:\/\/museumek.eu\/wp-content\/uploads\/2012\/05\/Museum-Europ\u00e4ischer-Keramikkunst-1885-136x300.jpg\" alt=\"\" title=\"Museum Europ\u00e4ischer Keramikkunst 1885\" width=\"136\" height=\"300\" class=\"alignnone size-medium wp-image-9344\" \/><\/a><\/p>\n<p><a href=\"http:\/\/museumek.eu\/wp-content\/uploads\/2012\/05\/Museum-Europ\u00e4ischer-Keramikkunst-1882.jpg\"><img loading=\"lazy\" src=\"http:\/\/museumek.eu\/wp-content\/uploads\/2012\/05\/Museum-Europ\u00e4ischer-Keramikkunst-1882-300x190.jpg\" alt=\"\" title=\"Museum Europ\u00e4ischer Keramikkunst 1882\" width=\"300\" height=\"190\" class=\"alignnone size-medium wp-image-9345\" srcset=\"http:\/\/museumek.eu\/wp-content\/uploads\/2012\/05\/Museum-Europ\u00e4ischer-Keramikkunst-1882-300x190.jpg 300w, http:\/\/museumek.eu\/wp-content\/uploads\/2012\/05\/Museum-Europ\u00e4ischer-Keramikkunst-1882-472x300.jpg 472w, http:\/\/museumek.eu\/wp-content\/uploads\/2012\/05\/Museum-Europ\u00e4ischer-Keramikkunst-1882.jpg 624w\" sizes=\"(max-width: 300px) 100vw, 300px\" \/><\/a><\/p>\n<p><a href=\"http:\/\/museumek.eu\/wp-content\/uploads\/2012\/05\/Museum-Europ\u00e4ischer-Keramikkunst-1876.jpg\"><img loading=\"lazy\" src=\"http:\/\/museumek.eu\/wp-content\/uploads\/2012\/05\/Museum-Europ\u00e4ischer-Keramikkunst-1876-277x300.jpg\" alt=\"\" title=\"Museum Europ\u00e4ischer Keramikkunst 1876\" width=\"277\" height=\"300\" class=\"alignnone size-medium wp-image-9346\" srcset=\"http:\/\/museumek.eu\/wp-content\/uploads\/2012\/05\/Museum-Europ\u00e4ischer-Keramikkunst-1876-277x300.jpg 277w, http:\/\/museumek.eu\/wp-content\/uploads\/2012\/05\/Museum-Europ\u00e4ischer-Keramikkunst-1876.jpg 552w\" sizes=\"(max-width: 277px) 100vw, 277px\" \/><\/a><\/p>\n<p><a href=\"http:\/\/museumek.eu\/wp-content\/uploads\/2012\/05\/Museum-Europ\u00e4ischer-Keramikkunst-1877.jpg\"><img loading=\"lazy\" src=\"http:\/\/museumek.eu\/wp-content\/uploads\/2012\/05\/Museum-Europ\u00e4ischer-Keramikkunst-1877-298x300.jpg\" alt=\"\" title=\"Museum Europ\u00e4ischer Keramikkunst 1877\" width=\"298\" height=\"300\" class=\"alignnone size-medium wp-image-9347\" srcset=\"http:\/\/museumek.eu\/wp-content\/uploads\/2012\/05\/Museum-Europ\u00e4ischer-Keramikkunst-1877-298x300.jpg 298w, http:\/\/museumek.eu\/wp-content\/uploads\/2012\/05\/Museum-Europ\u00e4ischer-Keramikkunst-1877-150x150.jpg 150w, http:\/\/museumek.eu\/wp-content\/uploads\/2012\/05\/Museum-Europ\u00e4ischer-Keramikkunst-1877.jpg 665w\" sizes=\"(max-width: 298px) 100vw, 298px\" \/><\/a> <\/p>\n","protected":false},"excerpt":{"rendered":"<p>\u00dcber den K\u00fcnstler konnten keine Lebensdaten recherchiert werden, ebenso ist nicht gekl\u00e4rt, ob Jall\u00e9 f\u00fcr ein Pseudonym steht, da bei Goldscheider, aus den unterschiedlichsten Gr\u00fcnden, manchmal ber\u00fchmte K\u00fcnstler unter Pseudonymen gef\u00fchrt worden sind, z. B. wenn diese eigentlich einen Vertrag &hellip; <a href=\"http:\/\/museumek.eu\/?page_id=9356\">Weiterlesen <span class=\"meta-nav\">&rarr;<\/span><\/a><\/p>\n","protected":false},"author":1,"featured_media":0,"parent":9353,"menu_order":1,"comment_status":"closed","ping_status":"closed","template":"","meta":[],"_links":{"self":[{"href":"http:\/\/museumek.eu\/index.php?rest_route=\/wp\/v2\/pages\/9356"}],"collection":[{"href":"http:\/\/museumek.eu\/index.php?rest_route=\/wp\/v2\/pages"}],"about":[{"href":"http:\/\/museumek.eu\/index.php?rest_route=\/wp\/v2\/types\/page"}],"author":[{"embeddable":true,"href":"http:\/\/museumek.eu\/index.php?rest_route=\/wp\/v2\/users\/1"}],"replies":[{"embeddable":true,"href":"http:\/\/museumek.eu\/index.php?rest_route=%2Fwp%2Fv2%2Fcomments&post=9356"}],"version-history":[{"count":6,"href":"http:\/\/museumek.eu\/index.php?rest_route=\/wp\/v2\/pages\/9356\/revisions"}],"predecessor-version":[{"id":20508,"href":"http:\/\/museumek.eu\/index.php?rest_route=\/wp\/v2\/pages\/9356\/revisions\/20508"}],"up":[{"embeddable":true,"href":"http:\/\/museumek.eu\/index.php?rest_route=\/wp\/v2\/pages\/9353"}],"wp:attachment":[{"href":"http:\/\/museumek.eu\/index.php?rest_route=%2Fwp%2Fv2%2Fmedia&parent=9356"}],"curies":[{"name":"wp","href":"https:\/\/api.w.org\/{rel}","templated":true}]}}

Kurzbiografie und Inventar zum Künstler

<p>Über den Künstler konnten keine Lebensdaten recherchiert werden, ebenso ist nicht geklärt, ob Jallé für ein Pseudonym steht, da bei Goldscheider, aus den unterschiedlichsten Gründen, manchmal berühmte Künstler unter Pseudonymen geführt worden sind, z. B. wenn diese eigentlich einen Vertrag mit einem anderen Auftraggeber hatten und trotzdem für Goldscheider entworfen haben.</p>
<p><strong>Abteilung Austria/Ungarn/Böhmen, Keramik 1860 – 1960, Inventarnummer A/I/73</strong></p>
<p>Friedrich Goldscheider, Austria, Wien, um 1895, Büste Araberin nach links blickend, Künstler Jallé, Werks.-Nr. 853/Exemplar Nr. 24/Modelleur Nr. 69, gemarkt Friedrich Goldscheider Wien, Reproduction Reservee sowie P gepresst, XVII weiß gemalt, signiert Jallé, Literatur: Robert E. Dechant/Filipp Goldscheider, Firmengeschichte und Werkverzeichnis, Seite 303, dort unter Werksnummer 853 zwei andere Einträge ohne Fotos, dafür unter 852 Eintrag Araberin nach links blickend ohne Foto, insofern ist die Zuordnung und Bezeichnung als Büste Araberin ungeklärt, etwas vergoldet,<br />
Höhe 29 cm, Breite 18,5 cm</p>
<p><a href="http://museumek.eu/wp-content/uploads/2012/05/Museum-Europäischer-Keramikkunst-2549.jpg"><img loading="lazy" src="http://museumek.eu/wp-content/uploads/2012/05/Museum-Europäischer-Keramikkunst-2549-182x300.jpg" alt="" title="Museum Europäischer Keramikkunst 2549" width="182" height="300" class="alignnone size-medium wp-image-11606" srcset="http://museumek.eu/wp-content/uploads/2012/05/Museum-Europäischer-Keramikkunst-2549-182x300.jpg 182w, http://museumek.eu/wp-content/uploads/2012/05/Museum-Europäischer-Keramikkunst-2549.jpg 600w" sizes="(max-width: 182px) 100vw, 182px" /></a></p>
<p><a href="http://museumek.eu/wp-content/uploads/2012/05/Museum-Europäischer-Keramikkunst-1883.jpg"><img loading="lazy" src="http://museumek.eu/wp-content/uploads/2012/05/Museum-Europäischer-Keramikkunst-1883-138x300.jpg" alt="" title="Museum Europäischer Keramikkunst 1883" width="138" height="300" class="alignnone size-medium wp-image-9342" srcset="http://museumek.eu/wp-content/uploads/2012/05/Museum-Europäischer-Keramikkunst-1883-138x300.jpg 138w, http://museumek.eu/wp-content/uploads/2012/05/Museum-Europäischer-Keramikkunst-1883.jpg 457w" sizes="(max-width: 138px) 100vw, 138px" /></a></p>
<p><a href="http://museumek.eu/wp-content/uploads/2012/05/Museum-Europäischer-Keramikkunst-1884.jpg"><img loading="lazy" src="http://museumek.eu/wp-content/uploads/2012/05/Museum-Europäischer-Keramikkunst-1884-186x300.jpg" alt="" title="Museum Europäischer Keramikkunst 1884" width="186" height="300" class="alignnone size-medium wp-image-9343" srcset="http://museumek.eu/wp-content/uploads/2012/05/Museum-Europäischer-Keramikkunst-1884-186x300.jpg 186w, http://museumek.eu/wp-content/uploads/2012/05/Museum-Europäischer-Keramikkunst-1884.jpg 619w" sizes="(max-width: 186px) 100vw, 186px" /></a></p>
<p><a href="http://museumek.eu/wp-content/uploads/2012/05/Museum-Europäischer-Keramikkunst-1885.jpg"><img loading="lazy" src="http://museumek.eu/wp-content/uploads/2012/05/Museum-Europäischer-Keramikkunst-1885-136x300.jpg" alt="" title="Museum Europäischer Keramikkunst 1885" width="136" height="300" class="alignnone size-medium wp-image-9344" /></a></p>
<p><a href="http://museumek.eu/wp-content/uploads/2012/05/Museum-Europäischer-Keramikkunst-1882.jpg"><img loading="lazy" src="http://museumek.eu/wp-content/uploads/2012/05/Museum-Europäischer-Keramikkunst-1882-300x190.jpg" alt="" title="Museum Europäischer Keramikkunst 1882" width="300" height="190" class="alignnone size-medium wp-image-9345" srcset="http://museumek.eu/wp-content/uploads/2012/05/Museum-Europäischer-Keramikkunst-1882-300x190.jpg 300w, http://museumek.eu/wp-content/uploads/2012/05/Museum-Europäischer-Keramikkunst-1882-472x300.jpg 472w, http://museumek.eu/wp-content/uploads/2012/05/Museum-Europäischer-Keramikkunst-1882.jpg 624w" sizes="(max-width: 300px) 100vw, 300px" /></a></p>
<p><a href="http://museumek.eu/wp-content/uploads/2012/05/Museum-Europäischer-Keramikkunst-1876.jpg"><img loading="lazy" src="http://museumek.eu/wp-content/uploads/2012/05/Museum-Europäischer-Keramikkunst-1876-277x300.jpg" alt="" title="Museum Europäischer Keramikkunst 1876" width="277" height="300" class="alignnone size-medium wp-image-9346" srcset="http://museumek.eu/wp-content/uploads/2012/05/Museum-Europäischer-Keramikkunst-1876-277x300.jpg 277w, http://museumek.eu/wp-content/uploads/2012/05/Museum-Europäischer-Keramikkunst-1876.jpg 552w" sizes="(max-width: 277px) 100vw, 277px" /></a></p>
<p><a href="http://museumek.eu/wp-content/uploads/2012/05/Museum-Europäischer-Keramikkunst-1877.jpg"><img loading="lazy" src="http://museumek.eu/wp-content/uploads/2012/05/Museum-Europäischer-Keramikkunst-1877-298x300.jpg" alt="" title="Museum Europäischer Keramikkunst 1877" width="298" height="300" class="alignnone size-medium wp-image-9347" srcset="http://museumek.eu/wp-content/uploads/2012/05/Museum-Europäischer-Keramikkunst-1877-298x300.jpg 298w, http://museumek.eu/wp-content/uploads/2012/05/Museum-Europäischer-Keramikkunst-1877-150x150.jpg 150w, http://museumek.eu/wp-content/uploads/2012/05/Museum-Europäischer-Keramikkunst-1877.jpg 665w" sizes="(max-width: 298px) 100vw, 298px" /></a> </p>

<p>Über den Künstler konnten keine Lebensdaten recherchiert werden, ebenso ist nicht geklärt, ob Jallé für ein Pseudonym steht, da bei Goldscheider, aus den unterschiedlichsten Gründen, manchmal berühmte Künstler unter Pseudonymen geführt worden sind, z. B. wenn diese eigentlich einen Vertrag &hellip; <a href="http://museumek.eu/?page_id=9356">Weiterlesen <span class="meta-nav">&rarr;</span></a></p>
