{"id":941,"date":"2011-08-12T00:24:10","date_gmt":"2011-08-11T22:24:10","guid":{"rendered":"http:\/\/museumek.eu\/?page_id=941"},"modified":"2013-05-10T21:02:04","modified_gmt":"2013-05-10T19:02:04","slug":"ax7","status":"publish","type":"page","link":"http:\/\/museumek.eu\/?page_id=941","title":{"rendered":"A\/X\/7"},"content":{"rendered":"<p><strong>Abteilung Austria\/Ungarn\/B\u00f6hmen, Keramik 1860 \u2013 1960, Inventarnummer A\/X\/7<\/strong><\/p>\n<p>Gmundner Keramik GES.M.B.H., Austria, Gmunden, um 1920, Deckeldose mit Frucht als Deckelknauf, K\u00fcnstler Dagobert Peche (attr.), Werksnummer 923, Exemplar Nr. ohne, gemarkt Firmenmarke Quadrat mit Blumenst\u00f6ckl und GK sowie 923 gepresst, nicht signiert, Literatur: Waltraud Neuwirth, Wiener Keramik, Seite 486, Marke Nr. 283 identisch (dort als Gummistempelmarke abgebildet), weitere Literatur: Irmgard Gollner, Gmundner Keramik, Kunst aus Ton, Feuer &#038; Farbe, Seite 153, identische Marke abgebildet, sonst gleiche Markenbeschreibung wie bei Neuwirth, weitere Literatur: Irmgard Gollner, Gmundner Keramik, T\u00f6pfertradition einst und jetzt, Seite 86, Markentafeln, identische Marke abgebildet, sonst gleiche Markenbeschreibung wie bei Neuwirth und Gollner, weitere Literatur: Otto Pelka, Keramik der Neuzeit, Markentafel III, Markenkasten Nr. 45, rechte Marke identisch, Pelka beschreibt hier nicht die Einzelmarken, sondern gleichzeitig auch die Marke der Wiener Keramik, siehe auch Seite 210, Herstellerverzeichnis, Gmunden, Vereinigte Wiener und Gmundner Keramik und Gmundner Tonwarenfabrik Schlei\u00df sowie Seite 218, Namenverzeichnis, Gmunden, Vereinigte Wiener und Gmundner Keramik und Gmundner Tonwarenfabrik Schlei\u00df, M 45, weitere Literatur: J. G. Th. Graesse und E. Jaenicke, F\u00fchrer f\u00fcr Sammler von Porzellan und Fayence, Steinzeug, Steingut usw., Seite 721, Marke Nr. 6 identisch, sonst gleiche Markenbeschreibung wie bei Pelka, den Blumenst\u00f6ckelstempel gab es sowohl als Na\u00df- als auch als Trockenstempel, jeweils in unterschiedlichen Varianten (wenn im weiteren Bl\u00fctenstempel steht, dann ist der Bl\u00fctenstempel der Pflanze im botanischem Sinne gemeint), Na\u00dfstempel Variante 1: Bl\u00fctenstempel nicht mit Stempelfarbe ausgef\u00fcllt siehe MEK A\/X\/6, A\/X\/13 sowie A\/X\/15, Variante 2: Bl\u00fctenstempel mit Stempelfarbe ausgef\u00fcllt siehe MEK A\/X\/4 sowie A\/X\/12, Trockenstempel: Variante 1: um den Bl\u00fctenstempel auf 3, 6, 9 und 12 Uhr jeweils ein gepresster Strich siehe MEK A\/X\/7 sowie A\/X\/14, Variante 2: kein Bl\u00fctenstempel, sondern ein Mittelkreuz siehe MEK A\/X\/5, es gibt bisher keinerlei wissenschaftliche Recherche, ob die verschiedenen Stempel einem System unterlagen oder ob sich eine zeitliche Einordnung ergibt, in keiner der o. g. Literatur wird darauf verwiesen, dass die Fabrikmarke in Form dieser 4 verschiedenen Stempel aufgebracht worden ist, insofern sind die vom MEK festgestellten 4 Stempelvarianten nun dokumentiert, die K\u00fcnstlerzuordnung ist vorl\u00e4ufig, siehe auch MEK A\/VII\/2, dort VWGK Kanne mit dito Deckelknauf, H\u00f6he 10,5 cm, Breite 12 cm<\/p>\n<p><a href=\"http:\/\/museumek.eu\/wp-content\/uploads\/2011\/08\/Museum-Europ\u00e4ischer-Keramikkunst-Qualit\u00e4tsfotos-173.jpg\"><img loading=\"lazy\" src=\"http:\/\/museumek.eu\/wp-content\/uploads\/2011\/08\/Museum-Europ\u00e4ischer-Keramikkunst-Qualit\u00e4tsfotos-173-300x291.jpg\" alt=\"\" title=\"Museum Europ\u00e4ischer Keramikkunst Qualit\u00e4tsfotos 173\" width=\"300\" height=\"291\" class=\"alignnone size-medium wp-image-942\" srcset=\"http:\/\/museumek.eu\/wp-content\/uploads\/2011\/08\/Museum-Europ\u00e4ischer-Keramikkunst-Qualit\u00e4tsfotos-173-300x291.jpg 300w, http:\/\/museumek.eu\/wp-content\/uploads\/2011\/08\/Museum-Europ\u00e4ischer-Keramikkunst-Qualit\u00e4tsfotos-173-308x300.jpg 308w, http:\/\/museumek.eu\/wp-content\/uploads\/2011\/08\/Museum-Europ\u00e4ischer-Keramikkunst-Qualit\u00e4tsfotos-173.jpg 773w\" sizes=\"(max-width: 300px) 100vw, 300px\" \/><\/a><\/p>\n<p><a href=\"http:\/\/museumek.eu\/wp-content\/uploads\/2011\/08\/Museum-Europ\u00e4ischer-Keramikkunst-6671.jpg\"><img loading=\"lazy\" src=\"http:\/\/museumek.eu\/wp-content\/uploads\/2011\/08\/Museum-Europ\u00e4ischer-Keramikkunst-6671-300x204.jpg\" alt=\"\" title=\"Museum Europ\u00e4ischer Keramikkunst 667\" width=\"300\" height=\"204\" class=\"alignnone size-medium wp-image-944\" srcset=\"http:\/\/museumek.eu\/wp-content\/uploads\/2011\/08\/Museum-Europ\u00e4ischer-Keramikkunst-6671-300x204.jpg 300w, http:\/\/museumek.eu\/wp-content\/uploads\/2011\/08\/Museum-Europ\u00e4ischer-Keramikkunst-6671-439x300.jpg 439w, http:\/\/museumek.eu\/wp-content\/uploads\/2011\/08\/Museum-Europ\u00e4ischer-Keramikkunst-6671.jpg 739w\" sizes=\"(max-width: 300px) 100vw, 300px\" \/><\/a><\/p>\n","protected":false},"excerpt":{"rendered":"<p>Abteilung Austria\/Ungarn\/B\u00f6hmen, Keramik 1860 \u2013 1960, Inventarnummer A\/X\/7 Gmundner Keramik GES.M.B.H., Austria, Gmunden, um 1920, Deckeldose mit Frucht als Deckelknauf, K\u00fcnstler Dagobert Peche (attr.), Werksnummer 923, Exemplar Nr. ohne, gemarkt Firmenmarke Quadrat mit Blumenst\u00f6ckl und GK sowie 923 gepresst, nicht &hellip; <a href=\"http:\/\/museumek.eu\/?page_id=941\">Weiterlesen <span class=\"meta-nav\">&rarr;<\/span><\/a><\/p>\n","protected":false},"author":1,"featured_media":0,"parent":886,"menu_order":7,"comment_status":"closed","ping_status":"closed","template":"","meta":[],"_links":{"self":[{"href":"http:\/\/museumek.eu\/index.php?rest_route=\/wp\/v2\/pages\/941"}],"collection":[{"href":"http:\/\/museumek.eu\/index.php?rest_route=\/wp\/v2\/pages"}],"about":[{"href":"http:\/\/museumek.eu\/index.php?rest_route=\/wp\/v2\/types\/page"}],"author":[{"embeddable":true,"href":"http:\/\/museumek.eu\/index.php?rest_route=\/wp\/v2\/users\/1"}],"replies":[{"embeddable":true,"href":"http:\/\/museumek.eu\/index.php?rest_route=%2Fwp%2Fv2%2Fcomments&post=941"}],"version-history":[{"count":8,"href":"http:\/\/museumek.eu\/index.php?rest_route=\/wp\/v2\/pages\/941\/revisions"}],"predecessor-version":[{"id":21667,"href":"http:\/\/museumek.eu\/index.php?rest_route=\/wp\/v2\/pages\/941\/revisions\/21667"}],"up":[{"embeddable":true,"href":"http:\/\/museumek.eu\/index.php?rest_route=\/wp\/v2\/pages\/886"}],"wp:attachment":[{"href":"http:\/\/museumek.eu\/index.php?rest_route=%2Fwp%2Fv2%2Fmedia&parent=941"}],"curies":[{"name":"wp","href":"https:\/\/api.w.org\/{rel}","templated":true}]}}