{"id":11820,"date":"2012-07-15T16:22:01","date_gmt":"2012-07-15T14:22:01","guid":{"rendered":"http:\/\/museumek.eu\/?page_id=11820"},"modified":"2013-04-20T01:07:53","modified_gmt":"2013-04-19T23:07:53","slug":"dviii14","status":"publish","type":"page","link":"https:\/\/museumek.eu\/?page_id=11820","title":{"rendered":"D\/VIII\/14"},"content":{"rendered":"<p><strong>Abteilung Deutschland, Keramik 1860 \u2013 1960, Inventarnummer D\/VIII\/14<\/strong><\/p>\n<p>Manufaktur Villeroy &#038; Boch, Deutschland, Mettlach, Jahr 1896, Punschbowle, K\u00fcnstler Heinrich Schlitt, Werks.-Nr. 2226 (Formnummer), Exemplar Nr. ohne, gemarkt Firmenmarke mit Turm, Mettlach sowie V B, 2226, 37, 96 (Jahr 1896) sowie Gegen Nachbildung Gesch\u00fctzt gepresst, 989 (Dekornummer) sowie gesch\u00fctzt braune Stempel unter Glasur, 11 gemalt, Ausf\u00fchrung als PUG (print under glaze) Druck unter Glasur, nicht signiert, Literatur: J. A. Schmoll genannt Eisenwerth und Th\u00e9r\u00e8se Thomas, Heinrich Schlitt (1849 \u2013 1923), Seite 91, Liste: Aufstellung der Keramiken die von Schlitt entworfen und von Villeroy &#038; Boch ausgef\u00fchrt worden sind, Tabelle VI, Punschbowlen, Formnummer 2226\/Dekornummer 989, dort bezeichnet als Zwerge, Inhalt 1,85 Liter, kein Teller, nicht signiert, weitere Literatur: Gary Kirsner, The Mettlach Book, Seite 23 ff., Datierungssystem, Seite 36, Datierungssystem der Dekornummer, Seite 322, Abbildung der Punschbowle, dort der Deckel mit Knauf in Form eines betrunkenen Zwerges, MEK Exemplar Deckel mit Astknauf von der Punschbowle Formnummer 2280, Dekornummer 1005, mit welchem Deckel V &#038; B die MEK Punschbowle 1896 ausgeliefert hat, l\u00e4sst sich nicht mehr feststellen, Punschbowle bezeichnet als Zwerge ernten Trauben, ohne Teller, 1,8 Liter, weitere Literatur: Jana Kybalov\u00e1, Keramik-Marken aus aller Welt, Marke Nr. 1643 identisch, Ausf\u00fchrung ohne Teller, f\u00fcr diese Bowle war kein Teller vorgesehen, H\u00f6he 24 cm, Breite 24 cm<\/p>\n<p><a href=\"http:\/\/museumek.eu\/wp-content\/uploads\/2012\/07\/Museum-Europ\u00e4ischer-Keramikkunst-2023.jpg\"><img loading=\"lazy\" src=\"http:\/\/museumek.eu\/wp-content\/uploads\/2012\/07\/Museum-Europ\u00e4ischer-Keramikkunst-2023-272x300.jpg\" alt=\"\" title=\"Museum Europ\u00e4ischer Keramikkunst 2023\" width=\"272\" height=\"300\" class=\"alignnone size-medium wp-image-11821\" srcset=\"https:\/\/museumek.eu\/wp-content\/uploads\/2012\/07\/Museum-Europ\u00e4ischer-Keramikkunst-2023-272x300.jpg 272w, https:\/\/museumek.eu\/wp-content\/uploads\/2012\/07\/Museum-Europ\u00e4ischer-Keramikkunst-2023.jpg 644w\" sizes=\"(max-width: 272px) 100vw, 272px\" \/><\/a><\/p>\n<p><a href=\"http:\/\/museumek.eu\/wp-content\/uploads\/2012\/07\/Museum-Europ\u00e4ischer-Keramikkunst-2021.jpg\"><img loading=\"lazy\" src=\"http:\/\/museumek.eu\/wp-content\/uploads\/2012\/07\/Museum-Europ\u00e4ischer-Keramikkunst-2021-295x300.jpg\" alt=\"\" title=\"Museum Europ\u00e4ischer Keramikkunst 2021\" width=\"295\" height=\"300\" class=\"alignnone size-medium wp-image-11823\" srcset=\"https:\/\/museumek.eu\/wp-content\/uploads\/2012\/07\/Museum-Europ\u00e4ischer-Keramikkunst-2021-295x300.jpg 295w, https:\/\/museumek.eu\/wp-content\/uploads\/2012\/07\/Museum-Europ\u00e4ischer-Keramikkunst-2021.jpg 648w\" sizes=\"(max-width: 295px) 100vw, 295px\" \/><\/a><\/p>\n<p><a href=\"http:\/\/museumek.eu\/wp-content\/uploads\/2012\/07\/Museum-Europ\u00e4ischer-Keramikkunst-2024.jpg\"><img loading=\"lazy\" src=\"http:\/\/museumek.eu\/wp-content\/uploads\/2012\/07\/Museum-Europ\u00e4ischer-Keramikkunst-2024-284x300.jpg\" alt=\"\" title=\"Museum Europ\u00e4ischer Keramikkunst 2024\" width=\"284\" height=\"300\" class=\"alignnone size-medium wp-image-11822\" srcset=\"https:\/\/museumek.eu\/wp-content\/uploads\/2012\/07\/Museum-Europ\u00e4ischer-Keramikkunst-2024-284x300.jpg 284w, https:\/\/museumek.eu\/wp-content\/uploads\/2012\/07\/Museum-Europ\u00e4ischer-Keramikkunst-2024.jpg 561w\" sizes=\"(max-width: 284px) 100vw, 284px\" \/><\/a><\/p>\n","protected":false},"excerpt":{"rendered":"<p>Abteilung Deutschland, Keramik 1860 \u2013 1960, Inventarnummer D\/VIII\/14 Manufaktur Villeroy &#038; Boch, Deutschland, Mettlach, Jahr 1896, Punschbowle, K\u00fcnstler Heinrich Schlitt, Werks.-Nr. 2226 (Formnummer), Exemplar Nr. ohne, gemarkt Firmenmarke mit Turm, Mettlach sowie V B, 2226, 37, 96 (Jahr 1896) sowie &hellip; <a href=\"https:\/\/museumek.eu\/?page_id=11820\">Weiterlesen <span class=\"meta-nav\">&rarr;<\/span><\/a><\/p>\n","protected":false},"author":1,"featured_media":0,"parent":11771,"menu_order":14,"comment_status":"closed","ping_status":"open","template":"","meta":[],"_links":{"self":[{"href":"https:\/\/museumek.eu\/index.php?rest_route=\/wp\/v2\/pages\/11820"}],"collection":[{"href":"https:\/\/museumek.eu\/index.php?rest_route=\/wp\/v2\/pages"}],"about":[{"href":"https:\/\/museumek.eu\/index.php?rest_route=\/wp\/v2\/types\/page"}],"author":[{"embeddable":true,"href":"https:\/\/museumek.eu\/index.php?rest_route=\/wp\/v2\/users\/1"}],"replies":[{"embeddable":true,"href":"https:\/\/museumek.eu\/index.php?rest_route=%2Fwp%2Fv2%2Fcomments&post=11820"}],"version-history":[{"count":7,"href":"https:\/\/museumek.eu\/index.php?rest_route=\/wp\/v2\/pages\/11820\/revisions"}],"predecessor-version":[{"id":20026,"href":"https:\/\/museumek.eu\/index.php?rest_route=\/wp\/v2\/pages\/11820\/revisions\/20026"}],"up":[{"embeddable":true,"href":"https:\/\/museumek.eu\/index.php?rest_route=\/wp\/v2\/pages\/11771"}],"wp:attachment":[{"href":"https:\/\/museumek.eu\/index.php?rest_route=%2Fwp%2Fv2%2Fmedia&parent=11820"}],"curies":[{"name":"wp","href":"https:\/\/api.w.org\/{rel}","templated":true}]}}