{"id":11988,"date":"2012-07-22T21:04:34","date_gmt":"2012-07-22T19:04:34","guid":{"rendered":"http:\/\/museumek.eu\/?page_id=11988"},"modified":"2014-04-20T19:38:51","modified_gmt":"2014-04-20T17:38:51","slug":"dxxvi3","status":"publish","type":"page","link":"https:\/\/museumek.eu\/?page_id=11988","title":{"rendered":"D\/XXVI\/2"},"content":{"rendered":"<p><strong>Abteilung Deutschland, Keramik 1860 \u2013 1960, Inventarnummer D\/XXVI\/2<\/strong><\/p>\n<p>B\u00fcrgeler Kunstkeramische Werkst\u00e4tten Carl Fischer, Deutschland, B\u00fcrgel, nach 1919, Vase, K\u00fcnstler unbekannt, Werks.-Nr. 538, Exemplar-Nr. ohne, gemarkt Firmenmarke mit BKW (f\u00fcr B\u00fcrgeler Kunstkeramische Werkst\u00e4tten) in einem fast dreieckigem Rahmen sowie B\u00fcrgel gr\u00fcner Stempel auf Glasur, 538 geritzt, nicht signiert, Literatur: Gisela Reineking von Bock, Meister der Deutschen Keramik 1900 bis 1950, Seite 319, Marke Nr. 39 identisch, weitere Literatur: Christel Moser, Kunsthandwerk im Umbruch, Jugendstil und zwanziger Jahre, Bildkataloge des Kestner-Museums Hannover, Seite 11, Bild Nr. 12, Vase mit identischer Marke, weitere Literatur: Otto Pelka, Keramik der Neuzeit, Markentafel XII, Marke Nr. 186 identisch, Seite 209, Herstellerverzeichnis, B\u00fcrgeler Kunstkeramische Werkst\u00e4tten Carl Fischer Nr. 186 sowie Seite 217, Namensverzeichnis, B\u00fcrgeler Kunstkeramische Werkst\u00e4tten Carl Fischer, M 186, weitere Literatur: F\u00f6rderkreis Keramik-Museum B\u00fcrgel e. V., T\u00f6pferspuren in B\u00fcrgel 1, Die Werkstatt Fischer, Seite 5 ff., ausf\u00fchrliche Fabrikbeschreibung, 1874 gr\u00fcndete Hermann Schauer in B\u00fcrgel eine keramische Fabrik, 1877 \u00fcbernahmen Carl A. Schack und Franz Eberstein diese Fabrik, 1883 schied Schack aus und gr\u00fcndete eine eigene Majolikafabrik, Eberstein firmierte als Hofkunstt\u00f6pferei Eberstein und fertigte auch Keramiken nach Entw\u00fcrfen von Henry van de Velde, 1910 ging die Fabrik auf Eberstein\u2019s Neffen Max Hohenstein \u00fcber und firmierte als Hofkunstt\u00f6pferei Eberstein\/Hohenstein, auch Hohenstein fertigte weiterhin Entw\u00fcrfe von van de Velde, Hohenstein verstarb um 1914\/1915 im WK I und seine Witwe Helene Hohenstein f\u00fchrte die Fabrik fort, sie stellte den erfahrenen T\u00f6pfer Huldreich Hamberg ein, dieser verstarb 1919 und Helene Hohenstein verkaufte die Fabrik im gleichen Jahr an Carl Fischer, dieser firmierte als B\u00fcrgeler Kunstkeramische Werkst\u00e4tten Carl Fischer, 1925 war Gerda Conitz kurzzeitig als Leiter des Malerateliers f\u00fcr Schlickermalerei t\u00e4tig, die Fabrik hatte au\u00dferdem Kontakt zu Otto Lindig und zur Burg Giebichenstein in Halle, so dass davon auszugehen ist, dass es zur Zusammenarbeit kam, 1959 wurde die Fabrik in eine sozialistische PGH eingegliedert, Carl Fischer blieb aber Eigent\u00fcmer der Fabrik, ab 1963 arbeitete Fischer\u2019s Tochter Marieluise Fischer in der Fabrik mit und \u00fcbernahm 1969 zum Tode Carl Fischer\u2019s die Leitung der Fabrik, 1989 wurde zusammen mit der Fabrik Friedel eine GmbH gegr\u00fcndet, die als B\u00fcrgeler Kunsthandwerk GmbH firmierte, 1999 ging diese GmbH in Insolvenz und aus Teilen der GmbH wurde die Echtb\u00fcrgel GmbH gegr\u00fcndet, siehe auch MEK D\/XXVI\/4 formgleiche, etwas gr\u00f6\u00dfere Vase mit gleicher Werks.-Nr. 538, leicht l\u00fcstrierende Laufglasur, H\u00f6he 14 cm, Breite 11 cm<\/p>\n<p><a href=\"http:\/\/museumek.eu\/wp-content\/uploads\/2012\/07\/Museum-Europ\u00e4ischer-Keramikkunst-2594.jpg\"><img loading=\"lazy\" src=\"http:\/\/museumek.eu\/wp-content\/uploads\/2012\/07\/Museum-Europ\u00e4ischer-Keramikkunst-2594-231x300.jpg\" alt=\"\" title=\"Museum Europ\u00e4ischer Keramikkunst 2594\" width=\"231\" height=\"300\" class=\"alignnone size-medium wp-image-11989\" srcset=\"https:\/\/museumek.eu\/wp-content\/uploads\/2012\/07\/Museum-Europ\u00e4ischer-Keramikkunst-2594-231x300.jpg 231w, https:\/\/museumek.eu\/wp-content\/uploads\/2012\/07\/Museum-Europ\u00e4ischer-Keramikkunst-2594.jpg 681w\" sizes=\"(max-width: 231px) 100vw, 231px\" \/><\/a><\/p>\n<p><a href=\"http:\/\/museumek.eu\/wp-content\/uploads\/2012\/07\/Museum-Europ\u00e4ischer-Keramikkunst-2595.jpg\"><img loading=\"lazy\" src=\"http:\/\/museumek.eu\/wp-content\/uploads\/2012\/07\/Museum-Europ\u00e4ischer-Keramikkunst-2595-130x300.jpg\" alt=\"\" title=\"Museum Europ\u00e4ischer Keramikkunst 2595\" width=\"130\" height=\"300\" class=\"alignnone size-medium wp-image-11990\" srcset=\"https:\/\/museumek.eu\/wp-content\/uploads\/2012\/07\/Museum-Europ\u00e4ischer-Keramikkunst-2595-130x300.jpg 130w, https:\/\/museumek.eu\/wp-content\/uploads\/2012\/07\/Museum-Europ\u00e4ischer-Keramikkunst-2595.jpg 294w\" sizes=\"(max-width: 130px) 100vw, 130px\" \/><\/a><\/p>\n","protected":false},"excerpt":{"rendered":"<p>Abteilung Deutschland, Keramik 1860 \u2013 1960, Inventarnummer D\/XXVI\/2 B\u00fcrgeler Kunstkeramische Werkst\u00e4tten Carl Fischer, Deutschland, B\u00fcrgel, nach 1919, Vase, K\u00fcnstler unbekannt, Werks.-Nr. 538, Exemplar-Nr. ohne, gemarkt Firmenmarke mit BKW (f\u00fcr B\u00fcrgeler Kunstkeramische Werkst\u00e4tten) in einem fast dreieckigem Rahmen sowie B\u00fcrgel gr\u00fcner &hellip; <a href=\"https:\/\/museumek.eu\/?page_id=11988\">Weiterlesen <span class=\"meta-nav\">&rarr;<\/span><\/a><\/p>\n","protected":false},"author":1,"featured_media":0,"parent":6757,"menu_order":3,"comment_status":"closed","ping_status":"open","template":"","meta":[],"_links":{"self":[{"href":"https:\/\/museumek.eu\/index.php?rest_route=\/wp\/v2\/pages\/11988"}],"collection":[{"href":"https:\/\/museumek.eu\/index.php?rest_route=\/wp\/v2\/pages"}],"about":[{"href":"https:\/\/museumek.eu\/index.php?rest_route=\/wp\/v2\/types\/page"}],"author":[{"embeddable":true,"href":"https:\/\/museumek.eu\/index.php?rest_route=\/wp\/v2\/users\/1"}],"replies":[{"embeddable":true,"href":"https:\/\/museumek.eu\/index.php?rest_route=%2Fwp%2Fv2%2Fcomments&post=11988"}],"version-history":[{"count":7,"href":"https:\/\/museumek.eu\/index.php?rest_route=\/wp\/v2\/pages\/11988\/revisions"}],"predecessor-version":[{"id":29246,"href":"https:\/\/museumek.eu\/index.php?rest_route=\/wp\/v2\/pages\/11988\/revisions\/29246"}],"up":[{"embeddable":true,"href":"https:\/\/museumek.eu\/index.php?rest_route=\/wp\/v2\/pages\/6757"}],"wp:attachment":[{"href":"https:\/\/museumek.eu\/index.php?rest_route=%2Fwp%2Fv2%2Fmedia&parent=11988"}],"curies":[{"name":"wp","href":"https:\/\/api.w.org\/{rel}","templated":true}]}}