{"id":12613,"date":"2012-08-21T13:54:00","date_gmt":"2012-08-21T11:54:00","guid":{"rendered":"http:\/\/museumek.eu\/?page_id=12613"},"modified":"2012-08-21T13:54:00","modified_gmt":"2012-08-21T11:54:00","slug":"fxxvi1","status":"publish","type":"page","link":"https:\/\/museumek.eu\/?page_id=12613","title":{"rendered":"F\/XXVI\/1"},"content":{"rendered":"<p><strong>Abteilung Frankreich, Keramik 1860 \u2013 1960, Inventarnummer F\/XXVI\/1<\/strong><\/p>\n<p>Manufaktur Union C\u00e9ramique, Frankreich, Limoges, Zierteller, ab 1909, K\u00fcnstler Veroux, Werksnummer ohne, Exemplar Nr. ohne, gemarkt Limoges, U.C. sowie France gr\u00fcner Unterglasurstempel, signiert Veroux, Literatur: Mary Frank Gaston, Collector\u2019s Encyclopedia of Limoges Porcelain, Third Edition, Seite 383, Beschreibung der Manufaktur sowie Marke 1 identisch, Durchmesser 23,3 cm<\/p>\n<p><a href=\"http:\/\/museumek.eu\/wp-content\/uploads\/2012\/08\/Museum-Europ\u00e4ischer-Keramikkunst-2754.jpg\"><img loading=\"lazy\" src=\"http:\/\/museumek.eu\/wp-content\/uploads\/2012\/08\/Museum-Europ\u00e4ischer-Keramikkunst-2754-300x297.jpg\" alt=\"\" title=\"Museum Europ\u00e4ischer Keramikkunst 2754\" width=\"300\" height=\"297\" class=\"alignnone size-medium wp-image-12614\" srcset=\"https:\/\/museumek.eu\/wp-content\/uploads\/2012\/08\/Museum-Europ\u00e4ischer-Keramikkunst-2754-300x297.jpg 300w, https:\/\/museumek.eu\/wp-content\/uploads\/2012\/08\/Museum-Europ\u00e4ischer-Keramikkunst-2754-150x150.jpg 150w, https:\/\/museumek.eu\/wp-content\/uploads\/2012\/08\/Museum-Europ\u00e4ischer-Keramikkunst-2754-302x300.jpg 302w, https:\/\/museumek.eu\/wp-content\/uploads\/2012\/08\/Museum-Europ\u00e4ischer-Keramikkunst-2754.jpg 716w\" sizes=\"(max-width: 300px) 100vw, 300px\" \/><\/a><\/p>\n<p><a href=\"http:\/\/museumek.eu\/wp-content\/uploads\/2012\/08\/Museum-Europ\u00e4ischer-Keramikkunst-2755.jpg\"><img loading=\"lazy\" src=\"http:\/\/museumek.eu\/wp-content\/uploads\/2012\/08\/Museum-Europ\u00e4ischer-Keramikkunst-2755-300x225.jpg\" alt=\"\" title=\"Museum Europ\u00e4ischer Keramikkunst 2755\" width=\"300\" height=\"225\" class=\"alignnone size-medium wp-image-12615\" srcset=\"https:\/\/museumek.eu\/wp-content\/uploads\/2012\/08\/Museum-Europ\u00e4ischer-Keramikkunst-2755-300x225.jpg 300w, https:\/\/museumek.eu\/wp-content\/uploads\/2012\/08\/Museum-Europ\u00e4ischer-Keramikkunst-2755-400x300.jpg 400w, https:\/\/museumek.eu\/wp-content\/uploads\/2012\/08\/Museum-Europ\u00e4ischer-Keramikkunst-2755.jpg 1024w\" sizes=\"(max-width: 300px) 100vw, 300px\" \/><\/a><\/p>\n<p><a href=\"http:\/\/museumek.eu\/wp-content\/uploads\/2012\/08\/Museum-Europ\u00e4ischer-Keramikkunst-2756.jpg\"><img loading=\"lazy\" src=\"http:\/\/museumek.eu\/wp-content\/uploads\/2012\/08\/Museum-Europ\u00e4ischer-Keramikkunst-2756.jpg\" alt=\"\" title=\"Museum Europ\u00e4ischer Keramikkunst 2756\" width=\"290\" height=\"228\" class=\"alignnone size-full wp-image-12616\" \/><\/a><\/p>\n<p><a href=\"http:\/\/museumek.eu\/wp-content\/uploads\/2012\/08\/Museum-Europ\u00e4ischer-Keramikkunst-2757.jpg\"><img loading=\"lazy\" src=\"http:\/\/museumek.eu\/wp-content\/uploads\/2012\/08\/Museum-Europ\u00e4ischer-Keramikkunst-2757.jpg\" alt=\"\" title=\"Museum Europ\u00e4ischer Keramikkunst 2757\" width=\"210\" height=\"178\" class=\"alignnone size-full wp-image-12617\" \/><\/a><\/p>\n","protected":false},"excerpt":{"rendered":"<p>Abteilung Frankreich, Keramik 1860 \u2013 1960, Inventarnummer F\/XXVI\/1 Manufaktur Union C\u00e9ramique, Frankreich, Limoges, Zierteller, ab 1909, K\u00fcnstler Veroux, Werksnummer ohne, Exemplar Nr. ohne, gemarkt Limoges, U.C. sowie France gr\u00fcner Unterglasurstempel, signiert Veroux, Literatur: Mary Frank Gaston, Collector\u2019s Encyclopedia of Limoges &hellip; <a href=\"https:\/\/museumek.eu\/?page_id=12613\">Weiterlesen <span class=\"meta-nav\">&rarr;<\/span><\/a><\/p>\n","protected":false},"author":1,"featured_media":0,"parent":12610,"menu_order":1,"comment_status":"closed","ping_status":"open","template":"","meta":[],"_links":{"self":[{"href":"https:\/\/museumek.eu\/index.php?rest_route=\/wp\/v2\/pages\/12613"}],"collection":[{"href":"https:\/\/museumek.eu\/index.php?rest_route=\/wp\/v2\/pages"}],"about":[{"href":"https:\/\/museumek.eu\/index.php?rest_route=\/wp\/v2\/types\/page"}],"author":[{"embeddable":true,"href":"https:\/\/museumek.eu\/index.php?rest_route=\/wp\/v2\/users\/1"}],"replies":[{"embeddable":true,"href":"https:\/\/museumek.eu\/index.php?rest_route=%2Fwp%2Fv2%2Fcomments&post=12613"}],"version-history":[{"count":2,"href":"https:\/\/museumek.eu\/index.php?rest_route=\/wp\/v2\/pages\/12613\/revisions"}],"predecessor-version":[{"id":12619,"href":"https:\/\/museumek.eu\/index.php?rest_route=\/wp\/v2\/pages\/12613\/revisions\/12619"}],"up":[{"embeddable":true,"href":"https:\/\/museumek.eu\/index.php?rest_route=\/wp\/v2\/pages\/12610"}],"wp:attachment":[{"href":"https:\/\/museumek.eu\/index.php?rest_route=%2Fwp%2Fv2%2Fmedia&parent=12613"}],"curies":[{"name":"wp","href":"https:\/\/api.w.org\/{rel}","templated":true}]}}