{"id":1386,"date":"2011-08-17T14:25:08","date_gmt":"2011-08-17T12:25:08","guid":{"rendered":"http:\/\/museumek.eu\/?page_id=1386"},"modified":"2013-03-03T16:55:56","modified_gmt":"2013-03-03T15:55:56","slug":"axxii1","status":"publish","type":"page","link":"https:\/\/museumek.eu\/?page_id=1386","title":{"rendered":"A\/XXII\/1"},"content":{"rendered":"<p><strong>Abteilung Austria\/Ungarn\/B\u00f6hmen, Keramik 1860 \u2013 1960, Inventarnummer A\/XXII\/1<\/strong><\/p>\n<p>Manufaktur Amphora &#8211; Werke Riessner Kunstkeramische Betriebe, B\u00f6hmen\/Austria, Turn\/Teplitz, um 1925, Vase, K\u00fcnstler unbekannt, Werks.-Nr. 6135, Exemplar Nr. ohne, gemarkt Firmenmarke mit Amphora und Krone blauer Stempel unter Glasur, 6135 gepresst, nicht signiert, Literatur: Waltraud Neuwirth, Bl\u00fchender Jugendstil, Band II, Seite 103 ff., Firmenbeschreibung, weitere Literatur: Volker M\u00f6lle Riessner, Amphora Die Porzellan- und Keramik- Manufaktur in Nordb\u00f6hmen, Seite 31, Beschreibung der Bezeichnung der Manufaktur, Seite 135, Abbildung einer Wandvase mit gleichem Dekor aus dem Privatbesitz von Dietmar Riessner sowie Seite 161, Abbildung der identischen Marke (f\u00fcr die Zeit von 1918 bis 1945), H\u00f6he 14 cm, Breite 10 cm<\/p>\n<p><a href=\"http:\/\/museumek.eu\/wp-content\/uploads\/2011\/08\/Museum-Europ\u00e4ischer-Keramikkunst-Qualit\u00e4tsfotos-258.jpg\"><img loading=\"lazy\" src=\"http:\/\/museumek.eu\/wp-content\/uploads\/2011\/08\/Museum-Europ\u00e4ischer-Keramikkunst-Qualit\u00e4tsfotos-258-204x300.jpg\" alt=\"\" title=\"Museum Europ\u00e4ischer Keramikkunst Qualit\u00e4tsfotos 258\" width=\"204\" height=\"300\" class=\"alignnone size-medium wp-image-1387\" srcset=\"https:\/\/museumek.eu\/wp-content\/uploads\/2011\/08\/Museum-Europ\u00e4ischer-Keramikkunst-Qualit\u00e4tsfotos-258-204x300.jpg 204w, https:\/\/museumek.eu\/wp-content\/uploads\/2011\/08\/Museum-Europ\u00e4ischer-Keramikkunst-Qualit\u00e4tsfotos-258.jpg 651w\" sizes=\"(max-width: 204px) 100vw, 204px\" \/><\/a><\/p>\n<p><a href=\"http:\/\/museumek.eu\/wp-content\/uploads\/2011\/08\/Amphora-Vase.jpg\"><img loading=\"lazy\" src=\"http:\/\/museumek.eu\/wp-content\/uploads\/2011\/08\/Amphora-Vase.jpg\" alt=\"\" title=\"Amphora Vase\" width=\"206\" height=\"277\" class=\"alignnone size-full wp-image-1388\" \/><\/a><\/p>\n","protected":false},"excerpt":{"rendered":"<p>Abteilung Austria\/Ungarn\/B\u00f6hmen, Keramik 1860 \u2013 1960, Inventarnummer A\/XXII\/1 Manufaktur Amphora &#8211; Werke Riessner Kunstkeramische Betriebe, B\u00f6hmen\/Austria, Turn\/Teplitz, um 1925, Vase, K\u00fcnstler unbekannt, Werks.-Nr. 6135, Exemplar Nr. ohne, gemarkt Firmenmarke mit Amphora und Krone blauer Stempel unter Glasur, 6135 gepresst, nicht &hellip; <a href=\"https:\/\/museumek.eu\/?page_id=1386\">Weiterlesen <span class=\"meta-nav\">&rarr;<\/span><\/a><\/p>\n","protected":false},"author":1,"featured_media":0,"parent":1383,"menu_order":1,"comment_status":"open","ping_status":"open","template":"","meta":[],"_links":{"self":[{"href":"https:\/\/museumek.eu\/index.php?rest_route=\/wp\/v2\/pages\/1386"}],"collection":[{"href":"https:\/\/museumek.eu\/index.php?rest_route=\/wp\/v2\/pages"}],"about":[{"href":"https:\/\/museumek.eu\/index.php?rest_route=\/wp\/v2\/types\/page"}],"author":[{"embeddable":true,"href":"https:\/\/museumek.eu\/index.php?rest_route=\/wp\/v2\/users\/1"}],"replies":[{"embeddable":true,"href":"https:\/\/museumek.eu\/index.php?rest_route=%2Fwp%2Fv2%2Fcomments&post=1386"}],"version-history":[{"count":9,"href":"https:\/\/museumek.eu\/index.php?rest_route=\/wp\/v2\/pages\/1386\/revisions"}],"predecessor-version":[{"id":18573,"href":"https:\/\/museumek.eu\/index.php?rest_route=\/wp\/v2\/pages\/1386\/revisions\/18573"}],"up":[{"embeddable":true,"href":"https:\/\/museumek.eu\/index.php?rest_route=\/wp\/v2\/pages\/1383"}],"wp:attachment":[{"href":"https:\/\/museumek.eu\/index.php?rest_route=%2Fwp%2Fv2%2Fmedia&parent=1386"}],"curies":[{"name":"wp","href":"https:\/\/api.w.org\/{rel}","templated":true}]}}