{"id":14957,"date":"2012-10-09T23:45:02","date_gmt":"2012-10-09T21:45:02","guid":{"rendered":"http:\/\/museumek.eu\/?page_id=14957"},"modified":"2012-10-10T01:03:24","modified_gmt":"2012-10-09T23:03:24","slug":"dlxvi1","status":"publish","type":"page","link":"https:\/\/museumek.eu\/?page_id=14957","title":{"rendered":"D\/LXVI\/1"},"content":{"rendered":"<p><strong>Abteilung Deutschland, Keramik 1860 \u2013 1960, Inventarnummer D\/LXVI\/1<\/strong><\/p>\n<p>Manufaktur Otto Douglas Douglas-Hill (attr.), Deutschland, Berlin, um 1950, Vase, K\u00fcnstler Otto Douglas Douglas-Hill (attr.), Werks.-Nr. ohne, Exemplar Nr. Unikat, gemarkt Firmenmarke stilisiertes Herz und stilisierte T\u00f6pferscheibe an einer Achse geritzt, signiert = gemarkt, Literatur: Gisela Reineking von Bock, Meister der Deutschen Keramik 1900 bis 1950, Seite 92 ff., Beschreibung der Manufaktur sowie Seite 319, Marke Nr. 48 fast identisch (dort mit unten an der Achse angef\u00fchrtem C f\u00fcr Campenhausen, mit welchem Douglas-Hill zwischen 1930 und 1943 zusammengearbeitet hat), vermutlich ist die Vase in Santiago de Chile entstanden, da Douglas-Hill zwischen 1948 und 1955 dorthin emigrierte und in dieser Zeit auch mit bunt gefleckten Glasuren experimentierte, Zuschreibung: Die Exaktheit der keramischen Ausf\u00fchrung und die Qualit\u00e4t der Glasur, die auch nach 60 Jahren noch nicht kraqueliert, spricht f\u00fcr Douglas-Hill, in der gesamten dem MEK zur Verf\u00fcgung stehenden Literatur und nach ausf\u00fchrlicher Internetrecherche wurde keine andere Ritzsignatur gefunden, nur die oben beschriebene Ritzsignatur von Douglas-Hill entspricht der Signatur der MEK Vase, das oben an der Achse angebrachte stilisierte Herz ist nicht vollst\u00e4ndig geritzt ist, es ist aber trotzdem als solches zu erkennen,<br \/>\nH\u00f6he 18 cm, Breite 18 cm<\/p>\n<p><a href=\"http:\/\/museumek.eu\/wp-content\/uploads\/2012\/10\/Museum-Europ\u00e4ischer-Keramikkunst-3141.jpg\"><img loading=\"lazy\" src=\"http:\/\/museumek.eu\/wp-content\/uploads\/2012\/10\/Museum-Europ\u00e4ischer-Keramikkunst-3141-274x300.jpg\" alt=\"\" title=\"Museum Europ\u00e4ischer Keramikkunst 3141\" width=\"274\" height=\"300\" class=\"alignnone size-medium wp-image-14958\" srcset=\"https:\/\/museumek.eu\/wp-content\/uploads\/2012\/10\/Museum-Europ\u00e4ischer-Keramikkunst-3141-274x300.jpg 274w, https:\/\/museumek.eu\/wp-content\/uploads\/2012\/10\/Museum-Europ\u00e4ischer-Keramikkunst-3141.jpg 533w\" sizes=\"(max-width: 274px) 100vw, 274px\" \/><\/a><\/p>\n<p><a href=\"http:\/\/museumek.eu\/wp-content\/uploads\/2012\/10\/Museum-Europ\u00e4ischer-Keramikkunst-3140.jpg\"><img loading=\"lazy\" src=\"http:\/\/museumek.eu\/wp-content\/uploads\/2012\/10\/Museum-Europ\u00e4ischer-Keramikkunst-3140-276x300.jpg\" alt=\"\" title=\"Museum Europ\u00e4ischer Keramikkunst 3140\" width=\"276\" height=\"300\" class=\"alignnone size-medium wp-image-14959\" srcset=\"https:\/\/museumek.eu\/wp-content\/uploads\/2012\/10\/Museum-Europ\u00e4ischer-Keramikkunst-3140-276x300.jpg 276w, https:\/\/museumek.eu\/wp-content\/uploads\/2012\/10\/Museum-Europ\u00e4ischer-Keramikkunst-3140.jpg 523w\" sizes=\"(max-width: 276px) 100vw, 276px\" \/><\/a><\/p>\n<p><a href=\"http:\/\/museumek.eu\/wp-content\/uploads\/2012\/10\/Museum-Europ\u00e4ischer-Keramikkunst-3142.jpg\"><img loading=\"lazy\" src=\"http:\/\/museumek.eu\/wp-content\/uploads\/2012\/10\/Museum-Europ\u00e4ischer-Keramikkunst-3142.jpg\" alt=\"\" title=\"Museum Europ\u00e4ischer Keramikkunst 3142\" width=\"177\" height=\"275\" class=\"alignnone size-full wp-image-14960\" \/><\/a><\/p>\n","protected":false},"excerpt":{"rendered":"<p>Abteilung Deutschland, Keramik 1860 \u2013 1960, Inventarnummer D\/LXVI\/1 Manufaktur Otto Douglas Douglas-Hill (attr.), Deutschland, Berlin, um 1950, Vase, K\u00fcnstler Otto Douglas Douglas-Hill (attr.), Werks.-Nr. ohne, Exemplar Nr. Unikat, gemarkt Firmenmarke stilisiertes Herz und stilisierte T\u00f6pferscheibe an einer Achse geritzt, signiert &hellip; <a href=\"https:\/\/museumek.eu\/?page_id=14957\">Weiterlesen <span class=\"meta-nav\">&rarr;<\/span><\/a><\/p>\n","protected":false},"author":1,"featured_media":0,"parent":14954,"menu_order":1,"comment_status":"closed","ping_status":"open","template":"","meta":[],"_links":{"self":[{"href":"https:\/\/museumek.eu\/index.php?rest_route=\/wp\/v2\/pages\/14957"}],"collection":[{"href":"https:\/\/museumek.eu\/index.php?rest_route=\/wp\/v2\/pages"}],"about":[{"href":"https:\/\/museumek.eu\/index.php?rest_route=\/wp\/v2\/types\/page"}],"author":[{"embeddable":true,"href":"https:\/\/museumek.eu\/index.php?rest_route=\/wp\/v2\/users\/1"}],"replies":[{"embeddable":true,"href":"https:\/\/museumek.eu\/index.php?rest_route=%2Fwp%2Fv2%2Fcomments&post=14957"}],"version-history":[{"count":3,"href":"https:\/\/museumek.eu\/index.php?rest_route=\/wp\/v2\/pages\/14957\/revisions"}],"predecessor-version":[{"id":14999,"href":"https:\/\/museumek.eu\/index.php?rest_route=\/wp\/v2\/pages\/14957\/revisions\/14999"}],"up":[{"embeddable":true,"href":"https:\/\/museumek.eu\/index.php?rest_route=\/wp\/v2\/pages\/14954"}],"wp:attachment":[{"href":"https:\/\/museumek.eu\/index.php?rest_route=%2Fwp%2Fv2%2Fmedia&parent=14957"}],"curies":[{"name":"wp","href":"https:\/\/api.w.org\/{rel}","templated":true}]}}