{"id":16528,"date":"2012-11-12T00:12:49","date_gmt":"2012-11-11T23:12:49","guid":{"rendered":"http:\/\/museumek.eu\/?page_id=16528"},"modified":"2021-02-12T18:37:35","modified_gmt":"2021-02-12T17:37:35","slug":"dlxviii1","status":"publish","type":"page","link":"https:\/\/museumek.eu\/?page_id=16528","title":{"rendered":"D\/LXX\/1"},"content":{"rendered":"<p><strong>Abteilung Deutschland, Keramik 1860 \u2013 1960, Inventarnummer D\/LXIX\/1<\/strong><\/p>\n<p>Oberlausitzer Keramische Werkst\u00e4tten Paul J\u00fcrgel, Deutschland, Niederbielau (Schlesien), 1918 &#8211; 1926, Vase mit Schlickerdekor, K\u00fcnstler unbekannt, Werks.-Nr. ohne, Exemplar Nr. ohne, gemarkt Firmenmarke mit OKW (f\u00fcr Oberlausitzer Keramische Werkst\u00e4tten) ineinander ligiert dunkelgr\u00fcn auf den unglasierten Vasenboden gemalt sowie eine \u00fcbergro\u00dfe Zahl 4 (?) in schwarz gestempelt, nicht signiert, Literatur: Gisela Reineking von Bock, Meister der Deutschen Keramik 1900 bis 1950, Seite 245, sehr kurze und unvollst\u00e4ndige Beschreibung der Fabrik (dort auch Verweis auf Otto Pelka, Keramik der Neuzeit, dort Marke 106 angegeben, das ist falsch, richtig ist Marke 206) sowie Seite 326, Marke Nr. 163 OKW als Ritzmarke, weitere Literatur: Otto Pelka, Keramik der Neuzeit, Markentafel XII, Marke Nr. 206, OKW als Ritzmarke, weitere Literatur: Heidi M\u00fcller, Ekkehard und Inge Lippert und Staatliche Museen Preu\u00dfischer Kulturbesitz sowie Schriften des Museums f\u00fcr Deutsche Volkskunde Berlin, Band 14, Bunzlauer Geschirr, Seite 405, Marke Nr. 33 OKW als Ritzmarke, weitere Literatur: Dieter Z\u00fchlsdorf, Markenlexikon Band 1, Porzellan und Keramik Report 1885 &#8211; 1935, Seite 83, Werk-Teil 1., Gruppennummer des Werkteils 1., laufende Nummer innerhalb der Gruppe 1652 identische Marke (dort g\u00fcltig f\u00fcr die Zeit 1918 &#8211; 1925) sowie Seite 574, Werk-Teil 3. laufende Nummer des Werkteils 922, dort kurze Beschreibung der Werkstatt, siehe auch Auktionshaus von Zezschwitz, M\u00fcnchen, Auktion 34 vom 19.04.2007, Katalognummer 238, eine Paul J\u00fcrgel Vase mit gemaltem Schlickerdekor, 1918 gr\u00fcndete Paul J\u00fcrgel in Niederbielau eine keramische Werkstatt, Firmierung Oberlausitzer Keramische Werkst\u00e4tten Paul J\u00fcrgel, die Werkstatt wurde Anfang der 1920&#8242; Jahre zur AG, Firmierung nicht bekannt, die AG wird bereits um 1926 wieder aufgel\u00f6st und die Werkstatt wahrscheinlich geschlossen, Paul J\u00fcrgel gr\u00fcndet in Pulsnitz\/Sachsen eine neue Werkstatt \u00fcber die nichts weiter bekannt ist,<br \/>\nH\u00f6he 7,2 cm, Breite 11 cm<\/p>\n<p><a href=\"http:\/\/museumek.eu\/?attachment_id=53291\" rel=\"attachment wp-att-53291\"><img loading=\"lazy\" src=\"http:\/\/museumek.eu\/wp-content\/uploads\/2012\/11\/OKW-Paul-J\u00fcrgel-Vase-1-300x218.jpg\" alt=\"\" title=\"OKW Paul J\u00fcrgel Vase 1\" width=\"300\" height=\"218\" class=\"alignnone size-medium wp-image-53291\" srcset=\"https:\/\/museumek.eu\/wp-content\/uploads\/2012\/11\/OKW-Paul-J\u00fcrgel-Vase-1-300x218.jpg 300w, https:\/\/museumek.eu\/wp-content\/uploads\/2012\/11\/OKW-Paul-J\u00fcrgel-Vase-1-150x109.jpg 150w, https:\/\/museumek.eu\/wp-content\/uploads\/2012\/11\/OKW-Paul-J\u00fcrgel-Vase-1-412x300.jpg 412w, https:\/\/museumek.eu\/wp-content\/uploads\/2012\/11\/OKW-Paul-J\u00fcrgel-Vase-1.jpg 640w\" sizes=\"(max-width: 300px) 100vw, 300px\" \/><\/a><\/p>\n<p><a href=\"http:\/\/museumek.eu\/?attachment_id=53292\" rel=\"attachment wp-att-53292\"><img loading=\"lazy\" src=\"http:\/\/museumek.eu\/wp-content\/uploads\/2012\/11\/OKW-Paul-J\u00fcrgel-Vase-2-300x269.jpg\" alt=\"\" title=\"OKW Paul J\u00fcrgel Vase 2\" width=\"300\" height=\"269\" class=\"alignnone size-medium wp-image-53292\" srcset=\"https:\/\/museumek.eu\/wp-content\/uploads\/2012\/11\/OKW-Paul-J\u00fcrgel-Vase-2-300x269.jpg 300w, https:\/\/museumek.eu\/wp-content\/uploads\/2012\/11\/OKW-Paul-J\u00fcrgel-Vase-2-150x134.jpg 150w, https:\/\/museumek.eu\/wp-content\/uploads\/2012\/11\/OKW-Paul-J\u00fcrgel-Vase-2-334x300.jpg 334w, https:\/\/museumek.eu\/wp-content\/uploads\/2012\/11\/OKW-Paul-J\u00fcrgel-Vase-2.jpg 535w\" sizes=\"(max-width: 300px) 100vw, 300px\" \/><\/a><\/p>\n<p><a href=\"http:\/\/museumek.eu\/?attachment_id=53293\" rel=\"attachment wp-att-53293\"><img loading=\"lazy\" src=\"http:\/\/museumek.eu\/wp-content\/uploads\/2012\/11\/OKW-Paul-J\u00fcrgel-Vase-3-300x235.jpg\" alt=\"\" title=\"OKW Paul J\u00fcrgel Vase 3\" width=\"300\" height=\"235\" class=\"alignnone size-medium wp-image-53293\" srcset=\"https:\/\/museumek.eu\/wp-content\/uploads\/2012\/11\/OKW-Paul-J\u00fcrgel-Vase-3-300x235.jpg 300w, https:\/\/museumek.eu\/wp-content\/uploads\/2012\/11\/OKW-Paul-J\u00fcrgel-Vase-3-150x117.jpg 150w, https:\/\/museumek.eu\/wp-content\/uploads\/2012\/11\/OKW-Paul-J\u00fcrgel-Vase-3-382x300.jpg 382w, https:\/\/museumek.eu\/wp-content\/uploads\/2012\/11\/OKW-Paul-J\u00fcrgel-Vase-3.jpg 612w\" sizes=\"(max-width: 300px) 100vw, 300px\" \/><\/a><\/p>\n<p><a href=\"http:\/\/museumek.eu\/?attachment_id=53294\" rel=\"attachment wp-att-53294\"><img loading=\"lazy\" src=\"http:\/\/museumek.eu\/wp-content\/uploads\/2012\/11\/OKW-Paul-J\u00fcrgel-Vase-4-300x292.jpg\" alt=\"\" title=\"OKW Paul J\u00fcrgel Vase 4\" width=\"300\" height=\"292\" class=\"alignnone size-medium wp-image-53294\" srcset=\"https:\/\/museumek.eu\/wp-content\/uploads\/2012\/11\/OKW-Paul-J\u00fcrgel-Vase-4-300x292.jpg 300w, https:\/\/museumek.eu\/wp-content\/uploads\/2012\/11\/OKW-Paul-J\u00fcrgel-Vase-4-150x146.jpg 150w, https:\/\/museumek.eu\/wp-content\/uploads\/2012\/11\/OKW-Paul-J\u00fcrgel-Vase-4-308x300.jpg 308w, https:\/\/museumek.eu\/wp-content\/uploads\/2012\/11\/OKW-Paul-J\u00fcrgel-Vase-4.jpg 493w\" sizes=\"(max-width: 300px) 100vw, 300px\" \/><\/a><\/p>\n<p><a href=\"http:\/\/museumek.eu\/?attachment_id=53295\" rel=\"attachment wp-att-53295\"><img loading=\"lazy\" src=\"http:\/\/museumek.eu\/wp-content\/uploads\/2012\/11\/OKW-Paul-J\u00fcrgel-Vase-5-300x226.jpg\" alt=\"\" title=\"OKW Paul J\u00fcrgel Vase 5\" width=\"300\" height=\"226\" class=\"alignnone size-medium wp-image-53295\" srcset=\"https:\/\/museumek.eu\/wp-content\/uploads\/2012\/11\/OKW-Paul-J\u00fcrgel-Vase-5-300x226.jpg 300w, https:\/\/museumek.eu\/wp-content\/uploads\/2012\/11\/OKW-Paul-J\u00fcrgel-Vase-5-150x113.jpg 150w, https:\/\/museumek.eu\/wp-content\/uploads\/2012\/11\/OKW-Paul-J\u00fcrgel-Vase-5-398x300.jpg 398w, https:\/\/museumek.eu\/wp-content\/uploads\/2012\/11\/OKW-Paul-J\u00fcrgel-Vase-5.jpg 637w\" sizes=\"(max-width: 300px) 100vw, 300px\" \/><\/a><\/p>\n<p><a href=\"http:\/\/museumek.eu\/?attachment_id=53296\" rel=\"attachment wp-att-53296\"><img loading=\"lazy\" src=\"http:\/\/museumek.eu\/wp-content\/uploads\/2012\/11\/OKW-Paul-J\u00fcrgel-Vase-6-300x250.jpg\" alt=\"\" title=\"OKW Paul J\u00fcrgel Vase 6\" width=\"300\" height=\"250\" class=\"alignnone size-medium wp-image-53296\" srcset=\"https:\/\/museumek.eu\/wp-content\/uploads\/2012\/11\/OKW-Paul-J\u00fcrgel-Vase-6-300x250.jpg 300w, https:\/\/museumek.eu\/wp-content\/uploads\/2012\/11\/OKW-Paul-J\u00fcrgel-Vase-6-150x125.jpg 150w, https:\/\/museumek.eu\/wp-content\/uploads\/2012\/11\/OKW-Paul-J\u00fcrgel-Vase-6-359x300.jpg 359w, https:\/\/museumek.eu\/wp-content\/uploads\/2012\/11\/OKW-Paul-J\u00fcrgel-Vase-6.jpg 575w\" sizes=\"(max-width: 300px) 100vw, 300px\" \/><\/a><\/p>\n<p><a href=\"http:\/\/museumek.eu\/wp-content\/uploads\/2012\/11\/Paul-J\u00fcrgel-Vase.jpg\"><img loading=\"lazy\" src=\"http:\/\/museumek.eu\/wp-content\/uploads\/2012\/11\/Paul-J\u00fcrgel-Vase-300x203.jpg\" alt=\"\" title=\"Paul J\u00fcrgel Vase\" width=\"300\" height=\"203\" class=\"alignnone size-medium wp-image-16535\" srcset=\"https:\/\/museumek.eu\/wp-content\/uploads\/2012\/11\/Paul-J\u00fcrgel-Vase-300x203.jpg 300w, https:\/\/museumek.eu\/wp-content\/uploads\/2012\/11\/Paul-J\u00fcrgel-Vase-442x300.jpg 442w, https:\/\/museumek.eu\/wp-content\/uploads\/2012\/11\/Paul-J\u00fcrgel-Vase.jpg 996w\" sizes=\"(max-width: 300px) 100vw, 300px\" \/><\/a><\/p>\n","protected":false},"excerpt":{"rendered":"<p>Abteilung Deutschland, Keramik 1860 \u2013 1960, Inventarnummer D\/LXIX\/1 Oberlausitzer Keramische Werkst\u00e4tten Paul J\u00fcrgel, Deutschland, Niederbielau (Schlesien), 1918 &#8211; 1926, Vase mit Schlickerdekor, K\u00fcnstler unbekannt, Werks.-Nr. ohne, Exemplar Nr. ohne, gemarkt Firmenmarke mit OKW (f\u00fcr Oberlausitzer Keramische Werkst\u00e4tten) ineinander ligiert dunkelgr\u00fcn &hellip; <a href=\"https:\/\/museumek.eu\/?page_id=16528\">Weiterlesen <span class=\"meta-nav\">&rarr;<\/span><\/a><\/p>\n","protected":false},"author":1,"featured_media":0,"parent":16525,"menu_order":1,"comment_status":"closed","ping_status":"open","template":"","meta":[],"_links":{"self":[{"href":"https:\/\/museumek.eu\/index.php?rest_route=\/wp\/v2\/pages\/16528"}],"collection":[{"href":"https:\/\/museumek.eu\/index.php?rest_route=\/wp\/v2\/pages"}],"about":[{"href":"https:\/\/museumek.eu\/index.php?rest_route=\/wp\/v2\/types\/page"}],"author":[{"embeddable":true,"href":"https:\/\/museumek.eu\/index.php?rest_route=\/wp\/v2\/users\/1"}],"replies":[{"embeddable":true,"href":"https:\/\/museumek.eu\/index.php?rest_route=%2Fwp%2Fv2%2Fcomments&post=16528"}],"version-history":[{"count":12,"href":"https:\/\/museumek.eu\/index.php?rest_route=\/wp\/v2\/pages\/16528\/revisions"}],"predecessor-version":[{"id":53315,"href":"https:\/\/museumek.eu\/index.php?rest_route=\/wp\/v2\/pages\/16528\/revisions\/53315"}],"up":[{"embeddable":true,"href":"https:\/\/museumek.eu\/index.php?rest_route=\/wp\/v2\/pages\/16525"}],"wp:attachment":[{"href":"https:\/\/museumek.eu\/index.php?rest_route=%2Fwp%2Fv2%2Fmedia&parent=16528"}],"curies":[{"name":"wp","href":"https:\/\/api.w.org\/{rel}","templated":true}]}}

<p><strong>Abteilung Deutschland, Keramik 1860 – 1960, Inventarnummer D/LXIX/1</strong></p>
<p>Oberlausitzer Keramische Werkstätten Paul Jürgel, Deutschland, Niederbielau (Schlesien), 1918 &#8211; 1926, Vase mit Schlickerdekor, Künstler unbekannt, Werks.-Nr. ohne, Exemplar Nr. ohne, gemarkt Firmenmarke mit OKW (für Oberlausitzer Keramische Werkstätten) ineinander ligiert dunkelgrün auf den unglasierten Vasenboden gemalt sowie eine übergroße Zahl 4 (?) in schwarz gestempelt, nicht signiert, Literatur: Gisela Reineking von Bock, Meister der Deutschen Keramik 1900 bis 1950, Seite 245, sehr kurze und unvollständige Beschreibung der Fabrik (dort auch Verweis auf Otto Pelka, Keramik der Neuzeit, dort Marke 106 angegeben, das ist falsch, richtig ist Marke 206) sowie Seite 326, Marke Nr. 163 OKW als Ritzmarke, weitere Literatur: Otto Pelka, Keramik der Neuzeit, Markentafel XII, Marke Nr. 206, OKW als Ritzmarke, weitere Literatur: Heidi Müller, Ekkehard und Inge Lippert und Staatliche Museen Preußischer Kulturbesitz sowie Schriften des Museums für Deutsche Volkskunde Berlin, Band 14, Bunzlauer Geschirr, Seite 405, Marke Nr. 33 OKW als Ritzmarke, weitere Literatur: Dieter Zühlsdorf, Markenlexikon Band 1, Porzellan und Keramik Report 1885 &#8211; 1935, Seite 83, Werk-Teil 1., Gruppennummer des Werkteils 1., laufende Nummer innerhalb der Gruppe 1652 identische Marke (dort gültig für die Zeit 1918 &#8211; 1925) sowie Seite 574, Werk-Teil 3. laufende Nummer des Werkteils 922, dort kurze Beschreibung der Werkstatt, siehe auch Auktionshaus von Zezschwitz, München, Auktion 34 vom 19.04.2007, Katalognummer 238, eine Paul Jürgel Vase mit gemaltem Schlickerdekor, 1918 gründete Paul Jürgel in Niederbielau eine keramische Werkstatt, Firmierung Oberlausitzer Keramische Werkstätten Paul Jürgel, die Werkstatt wurde Anfang der 1920&#8242; Jahre zur AG, Firmierung nicht bekannt, die AG wird bereits um 1926 wieder aufgelöst und die Werkstatt wahrscheinlich geschlossen, Paul Jürgel gründet in Pulsnitz/Sachsen eine neue Werkstatt über die nichts weiter bekannt ist,<br />
Höhe 7,2 cm, Breite 11 cm</p>
<p><a href="http://museumek.eu/?attachment_id=53291" rel="attachment wp-att-53291"><img loading="lazy" src="http://museumek.eu/wp-content/uploads/2012/11/OKW-Paul-Jürgel-Vase-1-300x218.jpg" alt="" title="OKW Paul Jürgel Vase 1" width="300" height="218" class="alignnone size-medium wp-image-53291" srcset="https://museumek.eu/wp-content/uploads/2012/11/OKW-Paul-Jürgel-Vase-1-300x218.jpg 300w, https://museumek.eu/wp-content/uploads/2012/11/OKW-Paul-Jürgel-Vase-1-150x109.jpg 150w, https://museumek.eu/wp-content/uploads/2012/11/OKW-Paul-Jürgel-Vase-1-412x300.jpg 412w, https://museumek.eu/wp-content/uploads/2012/11/OKW-Paul-Jürgel-Vase-1.jpg 640w" sizes="(max-width: 300px) 100vw, 300px" /></a></p>
<p><a href="http://museumek.eu/?attachment_id=53292" rel="attachment wp-att-53292"><img loading="lazy" src="http://museumek.eu/wp-content/uploads/2012/11/OKW-Paul-Jürgel-Vase-2-300x269.jpg" alt="" title="OKW Paul Jürgel Vase 2" width="300" height="269" class="alignnone size-medium wp-image-53292" srcset="https://museumek.eu/wp-content/uploads/2012/11/OKW-Paul-Jürgel-Vase-2-300x269.jpg 300w, https://museumek.eu/wp-content/uploads/2012/11/OKW-Paul-Jürgel-Vase-2-150x134.jpg 150w, https://museumek.eu/wp-content/uploads/2012/11/OKW-Paul-Jürgel-Vase-2-334x300.jpg 334w, https://museumek.eu/wp-content/uploads/2012/11/OKW-Paul-Jürgel-Vase-2.jpg 535w" sizes="(max-width: 300px) 100vw, 300px" /></a></p>
<p><a href="http://museumek.eu/?attachment_id=53293" rel="attachment wp-att-53293"><img loading="lazy" src="http://museumek.eu/wp-content/uploads/2012/11/OKW-Paul-Jürgel-Vase-3-300x235.jpg" alt="" title="OKW Paul Jürgel Vase 3" width="300" height="235" class="alignnone size-medium wp-image-53293" srcset="https://museumek.eu/wp-content/uploads/2012/11/OKW-Paul-Jürgel-Vase-3-300x235.jpg 300w, https://museumek.eu/wp-content/uploads/2012/11/OKW-Paul-Jürgel-Vase-3-150x117.jpg 150w, https://museumek.eu/wp-content/uploads/2012/11/OKW-Paul-Jürgel-Vase-3-382x300.jpg 382w, https://museumek.eu/wp-content/uploads/2012/11/OKW-Paul-Jürgel-Vase-3.jpg 612w" sizes="(max-width: 300px) 100vw, 300px" /></a></p>
<p><a href="http://museumek.eu/?attachment_id=53294" rel="attachment wp-att-53294"><img loading="lazy" src="http://museumek.eu/wp-content/uploads/2012/11/OKW-Paul-Jürgel-Vase-4-300x292.jpg" alt="" title="OKW Paul Jürgel Vase 4" width="300" height="292" class="alignnone size-medium wp-image-53294" srcset="https://museumek.eu/wp-content/uploads/2012/11/OKW-Paul-Jürgel-Vase-4-300x292.jpg 300w, https://museumek.eu/wp-content/uploads/2012/11/OKW-Paul-Jürgel-Vase-4-150x146.jpg 150w, https://museumek.eu/wp-content/uploads/2012/11/OKW-Paul-Jürgel-Vase-4-308x300.jpg 308w, https://museumek.eu/wp-content/uploads/2012/11/OKW-Paul-Jürgel-Vase-4.jpg 493w" sizes="(max-width: 300px) 100vw, 300px" /></a></p>
<p><a href="http://museumek.eu/?attachment_id=53295" rel="attachment wp-att-53295"><img loading="lazy" src="http://museumek.eu/wp-content/uploads/2012/11/OKW-Paul-Jürgel-Vase-5-300x226.jpg" alt="" title="OKW Paul Jürgel Vase 5" width="300" height="226" class="alignnone size-medium wp-image-53295" srcset="https://museumek.eu/wp-content/uploads/2012/11/OKW-Paul-Jürgel-Vase-5-300x226.jpg 300w, https://museumek.eu/wp-content/uploads/2012/11/OKW-Paul-Jürgel-Vase-5-150x113.jpg 150w, https://museumek.eu/wp-content/uploads/2012/11/OKW-Paul-Jürgel-Vase-5-398x300.jpg 398w, https://museumek.eu/wp-content/uploads/2012/11/OKW-Paul-Jürgel-Vase-5.jpg 637w" sizes="(max-width: 300px) 100vw, 300px" /></a></p>
<p><a href="http://museumek.eu/?attachment_id=53296" rel="attachment wp-att-53296"><img loading="lazy" src="http://museumek.eu/wp-content/uploads/2012/11/OKW-Paul-Jürgel-Vase-6-300x250.jpg" alt="" title="OKW Paul Jürgel Vase 6" width="300" height="250" class="alignnone size-medium wp-image-53296" srcset="https://museumek.eu/wp-content/uploads/2012/11/OKW-Paul-Jürgel-Vase-6-300x250.jpg 300w, https://museumek.eu/wp-content/uploads/2012/11/OKW-Paul-Jürgel-Vase-6-150x125.jpg 150w, https://museumek.eu/wp-content/uploads/2012/11/OKW-Paul-Jürgel-Vase-6-359x300.jpg 359w, https://museumek.eu/wp-content/uploads/2012/11/OKW-Paul-Jürgel-Vase-6.jpg 575w" sizes="(max-width: 300px) 100vw, 300px" /></a></p>
<p><a href="http://museumek.eu/wp-content/uploads/2012/11/Paul-Jürgel-Vase.jpg"><img loading="lazy" src="http://museumek.eu/wp-content/uploads/2012/11/Paul-Jürgel-Vase-300x203.jpg" alt="" title="Paul Jürgel Vase" width="300" height="203" class="alignnone size-medium wp-image-16535" srcset="https://museumek.eu/wp-content/uploads/2012/11/Paul-Jürgel-Vase-300x203.jpg 300w, https://museumek.eu/wp-content/uploads/2012/11/Paul-Jürgel-Vase-442x300.jpg 442w, https://museumek.eu/wp-content/uploads/2012/11/Paul-Jürgel-Vase.jpg 996w" sizes="(max-width: 300px) 100vw, 300px" /></a></p>

<p>Abteilung Deutschland, Keramik 1860 – 1960, Inventarnummer D/LXIX/1 Oberlausitzer Keramische Werkstätten Paul Jürgel, Deutschland, Niederbielau (Schlesien), 1918 &#8211; 1926, Vase mit Schlickerdekor, Künstler unbekannt, Werks.-Nr. ohne, Exemplar Nr. ohne, gemarkt Firmenmarke mit OKW (für Oberlausitzer Keramische Werkstätten) ineinander ligiert dunkelgrün &hellip; <a href="https://museumek.eu/?page_id=16528">Weiterlesen <span class="meta-nav">&rarr;</span></a></p>
