{"id":16939,"date":"2012-11-22T23:53:03","date_gmt":"2012-11-22T22:53:03","guid":{"rendered":"http:\/\/museumek.eu\/?page_id=16939"},"modified":"2012-11-23T16:00:18","modified_gmt":"2012-11-23T15:00:18","slug":"axl1","status":"publish","type":"page","link":"https:\/\/museumek.eu\/?page_id=16939","title":{"rendered":"A\/XL\/1"},"content":{"rendered":"<p><strong>Abteilung Austria\/Ungarn\/B\u00f6hmen, Keramik 1860 \u2013 1960, Inventarnummer A\/XL\/1<\/strong><\/p>\n<p>Manufaktur Wachauer Keramik Anton Mayer, Austria, Krems, um 1930, Vase, K\u00fcnstler unbekannt, Werks.-Nr. ohne, Exemplar Nr. ohne, gemarkt Firmenmarke mit Ant. Mayer, Wachauer, Krems o. D. (f\u00fcr Krems an der Donau) sowie Keramik gepresst, nicht signiert, Literatur: Jana Kybalov\u00e1, Keramik-Marken aus aller Welt, Marke Nr. 1739 identisch, mehrfarbige Laufglasur, gleichm\u00e4\u00dfig in L\u00e4ngsrichtung angeordnet,<br \/>\nH\u00f6he 8,5 cm, Breite 9 cm<\/p>\n<p><a href=\"http:\/\/museumek.eu\/wp-content\/uploads\/2012\/11\/Museum-Europ\u00e4ischer-Keramikkunst-3574.jpg\"><img loading=\"lazy\" src=\"http:\/\/museumek.eu\/wp-content\/uploads\/2012\/11\/Museum-Europ\u00e4ischer-Keramikkunst-3574-273x300.jpg\" alt=\"\" title=\"Museum Europ\u00e4ischer Keramikkunst 3574\" width=\"273\" height=\"300\" class=\"alignnone size-medium wp-image-16940\" srcset=\"https:\/\/museumek.eu\/wp-content\/uploads\/2012\/11\/Museum-Europ\u00e4ischer-Keramikkunst-3574-273x300.jpg 273w, https:\/\/museumek.eu\/wp-content\/uploads\/2012\/11\/Museum-Europ\u00e4ischer-Keramikkunst-3574.jpg 657w\" sizes=\"(max-width: 273px) 100vw, 273px\" \/><\/a><\/p>\n<p><a href=\"http:\/\/museumek.eu\/wp-content\/uploads\/2012\/11\/Museum-Europ\u00e4ischer-Keramikkunst-3575.jpg\"><img loading=\"lazy\" src=\"http:\/\/museumek.eu\/wp-content\/uploads\/2012\/11\/Museum-Europ\u00e4ischer-Keramikkunst-3575-300x286.jpg\" alt=\"\" title=\"Museum Europ\u00e4ischer Keramikkunst 3575\" width=\"300\" height=\"286\" class=\"alignnone size-medium wp-image-16941\" srcset=\"https:\/\/museumek.eu\/wp-content\/uploads\/2012\/11\/Museum-Europ\u00e4ischer-Keramikkunst-3575-300x286.jpg 300w, https:\/\/museumek.eu\/wp-content\/uploads\/2012\/11\/Museum-Europ\u00e4ischer-Keramikkunst-3575.jpg 404w\" sizes=\"(max-width: 300px) 100vw, 300px\" \/><\/a><\/p>\n","protected":false},"excerpt":{"rendered":"<p>Abteilung Austria\/Ungarn\/B\u00f6hmen, Keramik 1860 \u2013 1960, Inventarnummer A\/XL\/1 Manufaktur Wachauer Keramik Anton Mayer, Austria, Krems, um 1930, Vase, K\u00fcnstler unbekannt, Werks.-Nr. ohne, Exemplar Nr. ohne, gemarkt Firmenmarke mit Ant. Mayer, Wachauer, Krems o. D. (f\u00fcr Krems an der Donau) sowie &hellip; <a href=\"https:\/\/museumek.eu\/?page_id=16939\">Weiterlesen <span class=\"meta-nav\">&rarr;<\/span><\/a><\/p>\n","protected":false},"author":1,"featured_media":0,"parent":16936,"menu_order":1,"comment_status":"closed","ping_status":"open","template":"","meta":[],"_links":{"self":[{"href":"https:\/\/museumek.eu\/index.php?rest_route=\/wp\/v2\/pages\/16939"}],"collection":[{"href":"https:\/\/museumek.eu\/index.php?rest_route=\/wp\/v2\/pages"}],"about":[{"href":"https:\/\/museumek.eu\/index.php?rest_route=\/wp\/v2\/types\/page"}],"author":[{"embeddable":true,"href":"https:\/\/museumek.eu\/index.php?rest_route=\/wp\/v2\/users\/1"}],"replies":[{"embeddable":true,"href":"https:\/\/museumek.eu\/index.php?rest_route=%2Fwp%2Fv2%2Fcomments&post=16939"}],"version-history":[{"count":3,"href":"https:\/\/museumek.eu\/index.php?rest_route=\/wp\/v2\/pages\/16939\/revisions"}],"predecessor-version":[{"id":16974,"href":"https:\/\/museumek.eu\/index.php?rest_route=\/wp\/v2\/pages\/16939\/revisions\/16974"}],"up":[{"embeddable":true,"href":"https:\/\/museumek.eu\/index.php?rest_route=\/wp\/v2\/pages\/16936"}],"wp:attachment":[{"href":"https:\/\/museumek.eu\/index.php?rest_route=%2Fwp%2Fv2%2Fmedia&parent=16939"}],"curies":[{"name":"wp","href":"https:\/\/api.w.org\/{rel}","templated":true}]}}