{"id":22589,"date":"2013-05-25T14:10:50","date_gmt":"2013-05-25T12:10:50","guid":{"rendered":"http:\/\/museumek.eu\/?page_id=22589"},"modified":"2014-05-25T16:29:20","modified_gmt":"2014-05-25T14:29:20","slug":"dlxxxiii1","status":"publish","type":"page","link":"https:\/\/museumek.eu\/?page_id=22589","title":{"rendered":"D\/LXXXIII\/1"},"content":{"rendered":"<p><strong>Abteilung Deutschland, Keramik 1860 \u2013 1960, Inventarnummer D\/LXXXIII\/\/1<\/strong><\/p>\n<p>D\u00fcmler &#038; Breiden Fabrik reichverzierter, altdeutscher Steinkr\u00fcge, Trinkhumpen, Pokale, Wein- u. Bierkannen etc. sowie Steinwaren in modernem Geschmack in bunter Glasur und bester Ausf\u00fchrung, Deutschland, H\u00f6hr, um 1925, Senftopf, K\u00fcnstler unbekannt, Werks.-Nr. 1759, Exemplar Nr. ohne, gemarkt Firmenmarke zwei gekreuzte Degen, die Degengriffe als Buchstaben D &#038; B ausgef\u00fchrt darunter H\u00f6hr sowie 1759 gepresst, nicht signiert, Literatur: Gisela Reineking von Bock, Meister der deutschen Keramik, Seite 329, Marke Nr. 211 identisch, weitere Literatur: J\u00fcrgen Schimanski und J\u00fcrgen Erlebach, Westerw\u00e4lder Steinzeug, Die Neue \u00c4ra, Seite 38, Fabrikbeschreibung sowie Marke Nr. 1 identisch (es fehlt dort das &#038; Zeichen), weitere Literatur: J\u00fcrgen Schimanski, Braun geflammt und grau gesalzen, Seite 196, Fabrikbeschreibung sowie Marke Nr. 1 identisch (es fehlt dort das &#038; Zeichen)  sowie Hinweis, dass die Marke nach 1918 verwendet worden ist, die Fabrik wurde 1883\/1884 von Peter D\u00fcmler und seinem sp\u00e4teren Schwager Albert Breiden in H\u00f6hr gegr\u00fcndet, 1907 zum Tode Peter D\u00fcmlers treten seine Witwe Bertha und sein Sohn Paul in die Fabrik ein, Paul wird seit dem WK I vermi\u00dft, um 1913 verkauft Albert Breiden seine Fabrikanteile (an wen konnte nicht recherchiert werden) und um 1918 tritt der Cousin Ernst D\u00fcmler in die Fabrik ein, die o. g. Fabrikbezeichnung wurde von einer Zeitungsanzeige des Jahres 1907 \u00fcbernommen, die Fabrik bestand \u00fcber den WK II hinaus, weitere Fabrikbezeichnungen und Inhaberverh\u00e4ltnisse konnten nicht recherchiert werden,<br \/>\nH\u00f6he 8 cm, Breite 9,5 cm (nur die Keramik)<\/p>\n<p><a href=\"http:\/\/museumek.eu\/?attachment_id=22590\" rel=\"attachment wp-att-22590\"><img loading=\"lazy\" src=\"http:\/\/museumek.eu\/wp-content\/uploads\/2013\/05\/Museum-Europ\u00e4ischer-Keramikkunst-4089-277x300.jpg\" alt=\"\" title=\"Museum Europ\u00e4ischer Keramikkunst 4089\" width=\"277\" height=\"300\" class=\"alignnone size-medium wp-image-22590\" srcset=\"https:\/\/museumek.eu\/wp-content\/uploads\/2013\/05\/Museum-Europ\u00e4ischer-Keramikkunst-4089-277x300.jpg 277w, https:\/\/museumek.eu\/wp-content\/uploads\/2013\/05\/Museum-Europ\u00e4ischer-Keramikkunst-4089-138x150.jpg 138w, https:\/\/museumek.eu\/wp-content\/uploads\/2013\/05\/Museum-Europ\u00e4ischer-Keramikkunst-4089.jpg 567w\" sizes=\"(max-width: 277px) 100vw, 277px\" \/><\/a><\/p>\n<p><a href=\"http:\/\/museumek.eu\/?attachment_id=22591\" rel=\"attachment wp-att-22591\"><img loading=\"lazy\" src=\"http:\/\/museumek.eu\/wp-content\/uploads\/2013\/05\/Museum-Europ\u00e4ischer-Keramikkunst-4091-300x243.jpg\" alt=\"\" title=\"Museum Europ\u00e4ischer Keramikkunst 4091\" width=\"300\" height=\"243\" class=\"alignnone size-medium wp-image-22591\" srcset=\"https:\/\/museumek.eu\/wp-content\/uploads\/2013\/05\/Museum-Europ\u00e4ischer-Keramikkunst-4091-300x243.jpg 300w, https:\/\/museumek.eu\/wp-content\/uploads\/2013\/05\/Museum-Europ\u00e4ischer-Keramikkunst-4091-150x121.jpg 150w, https:\/\/museumek.eu\/wp-content\/uploads\/2013\/05\/Museum-Europ\u00e4ischer-Keramikkunst-4091-369x300.jpg 369w, https:\/\/museumek.eu\/wp-content\/uploads\/2013\/05\/Museum-Europ\u00e4ischer-Keramikkunst-4091.jpg 441w\" sizes=\"(max-width: 300px) 100vw, 300px\" \/><\/a><\/p>\n<p><a href=\"http:\/\/museumek.eu\/?attachment_id=22592\" rel=\"attachment wp-att-22592\"><img loading=\"lazy\" src=\"http:\/\/museumek.eu\/wp-content\/uploads\/2013\/05\/Museum-Europ\u00e4ischer-Keramikkunst-4090-300x273.jpg\" alt=\"\" title=\"Museum Europ\u00e4ischer Keramikkunst 4090\" width=\"300\" height=\"273\" class=\"alignnone size-medium wp-image-22592\" srcset=\"https:\/\/museumek.eu\/wp-content\/uploads\/2013\/05\/Museum-Europ\u00e4ischer-Keramikkunst-4090-300x273.jpg 300w, https:\/\/museumek.eu\/wp-content\/uploads\/2013\/05\/Museum-Europ\u00e4ischer-Keramikkunst-4090-150x136.jpg 150w, https:\/\/museumek.eu\/wp-content\/uploads\/2013\/05\/Museum-Europ\u00e4ischer-Keramikkunst-4090-329x300.jpg 329w, https:\/\/museumek.eu\/wp-content\/uploads\/2013\/05\/Museum-Europ\u00e4ischer-Keramikkunst-4090.jpg 371w\" sizes=\"(max-width: 300px) 100vw, 300px\" \/><\/a><\/p>\n","protected":false},"excerpt":{"rendered":"<p>Abteilung Deutschland, Keramik 1860 \u2013 1960, Inventarnummer D\/LXXXIII\/\/1 D\u00fcmler &#038; Breiden Fabrik reichverzierter, altdeutscher Steinkr\u00fcge, Trinkhumpen, Pokale, Wein- u. Bierkannen etc. sowie Steinwaren in modernem Geschmack in bunter Glasur und bester Ausf\u00fchrung, Deutschland, H\u00f6hr, um 1925, Senftopf, K\u00fcnstler unbekannt, Werks.-Nr. &hellip; <a href=\"https:\/\/museumek.eu\/?page_id=22589\">Weiterlesen <span class=\"meta-nav\">&rarr;<\/span><\/a><\/p>\n","protected":false},"author":1,"featured_media":0,"parent":22586,"menu_order":1,"comment_status":"closed","ping_status":"open","template":"","meta":[],"_links":{"self":[{"href":"https:\/\/museumek.eu\/index.php?rest_route=\/wp\/v2\/pages\/22589"}],"collection":[{"href":"https:\/\/museumek.eu\/index.php?rest_route=\/wp\/v2\/pages"}],"about":[{"href":"https:\/\/museumek.eu\/index.php?rest_route=\/wp\/v2\/types\/page"}],"author":[{"embeddable":true,"href":"https:\/\/museumek.eu\/index.php?rest_route=\/wp\/v2\/users\/1"}],"replies":[{"embeddable":true,"href":"https:\/\/museumek.eu\/index.php?rest_route=%2Fwp%2Fv2%2Fcomments&post=22589"}],"version-history":[{"count":8,"href":"https:\/\/museumek.eu\/index.php?rest_route=\/wp\/v2\/pages\/22589\/revisions"}],"predecessor-version":[{"id":30888,"href":"https:\/\/museumek.eu\/index.php?rest_route=\/wp\/v2\/pages\/22589\/revisions\/30888"}],"up":[{"embeddable":true,"href":"https:\/\/museumek.eu\/index.php?rest_route=\/wp\/v2\/pages\/22586"}],"wp:attachment":[{"href":"https:\/\/museumek.eu\/index.php?rest_route=%2Fwp%2Fv2%2Fmedia&parent=22589"}],"curies":[{"name":"wp","href":"https:\/\/api.w.org\/{rel}","templated":true}]}}