{"id":24276,"date":"2013-07-02T21:50:39","date_gmt":"2013-07-02T19:50:39","guid":{"rendered":"http:\/\/museumek.eu\/?page_id=24276"},"modified":"2013-07-27T18:17:54","modified_gmt":"2013-07-27T16:17:54","slug":"dlxxxv3","status":"publish","type":"page","link":"https:\/\/museumek.eu\/?page_id=24276","title":{"rendered":"D\/LXXXV\/3"},"content":{"rendered":"<p><strong>Abteilung Deutschland, Keramik 1860 \u2013 1960, Inventarnummer D\/LXXXV\/\/3<\/strong><\/p>\n<p>Keramische Werke C. &#038; E. Carstens, Steingutfabrik Georgenthal, vormals Porzellanfabrik Albert Linz, Deutschland, Georgenthal, um 1925, Vase, K\u00fcnstler unbekannt, Werks.-Nr. 1312, Exemplar Nr. ohne, gemarkt Firmenmarke Apfel mit CEC (f\u00fcr Christian und Ernst Carstens) sowie zwei B\u00e4nder mit Georgenthal und Ges. Gesch. darunter 1312 gr\u00fcne Stempel unter Glasur, nicht signiert, der Ursprung der insgesamt 15 Carstens Fabriken bis ca. Ende WK II mit ca. 4.000 Mitarbeitern (Neuhaldensleben 1900 \u2013 1948, Elmshorn 1905 \u2013 1938, Sorau 1918 \u2013 1945, Hirschau 1918 \u2013 1945, Gr\u00e4fenroda um 1918 \u2013 1948, Zeven 1924 \u2013 1927, Georgenthal 1919 \u2013 1948, Rheinsberg 1901 \u2013 1948, Wallhausen 1912 \u2013 heute, Reichenbach 1918 \u2013 1948, Rathenow 1919 \u2013 1929, Neuhaldensleben ehemals Uffrecht 1924 \u2013 1948, Blankenhain 1933 \u2013 1945, Greu\u00dfen und L\u00fcbeck) geht zur\u00fcck auf den Porzellan-, Keramik- und Glasgrossh\u00e4ndler Christian Hinrich Carstens der seine Firma 1878 gr\u00fcndete, die S\u00f6hne Christian und Ernst kauften um 1900 bis 1924 o. g. Fabriken auf, Eigent\u00fcmer war jeweils entweder Ernst oder Christian, wohl jeweils mit einer eigenen KG f\u00fcr jede Fabrik, interessant ist die wohl nach dem WK II entstandene T\u00f6pferei T\u00f6nnieshof, Eigent\u00fcmer Ernst Carstens, die sp\u00e4ter Goldscheider Entw\u00fcrfe und als Goldscheider Weltmarke der Keramik auch eigene Entw\u00fcrfe produzierte, die Fabrik in Georgenthal wurde 1908 von Albert Linz gegr\u00fcndet und firmierte als Porzellanfabrik Albert Linz, 1919 wurde die Fabrik von der Carstens Gruppe aufgekauft, Fabrikeigent\u00fcmer war Christian Carstens, Fiermierung Steingutfabrik Georgenthal, die o. g. Marke gilt f\u00fcr die Zeit von 1919 \u2013 1929, 1948 wurde die Fabrik enteigent, das MEK fasst die Carstens Fabriken als Keramische Werke C. &#038; E. Carstens als Oberbegriff zusammen und benennt dann im weiteren die einzelne Fabrik, ob und f\u00fcr welchen Zeitraum das richtig ist, l\u00e4\u00dft sich nur schwer eruieren, da das gesamte keramische Schaffen der Carstens in der Literatur nur unzureichend aufgearbeitet ist, der Oberbegriff findet sich auch aber eben unbestimmt, H\u00f6he 15,5 cm, Breite 9 cm<\/p>\n<p><a href=\"http:\/\/museumek.eu\/?attachment_id=24277\" rel=\"attachment wp-att-24277\"><img loading=\"lazy\" src=\"http:\/\/museumek.eu\/wp-content\/uploads\/2013\/07\/Museum-Europ\u00e4ischer-Keramikkunst-2098-195x300.jpg\" alt=\"\" title=\"Museum Europ\u00e4ischer Keramikkunst 2098\" width=\"195\" height=\"300\" class=\"alignnone size-medium wp-image-24277\" srcset=\"https:\/\/museumek.eu\/wp-content\/uploads\/2013\/07\/Museum-Europ\u00e4ischer-Keramikkunst-2098-195x300.jpg 195w, https:\/\/museumek.eu\/wp-content\/uploads\/2013\/07\/Museum-Europ\u00e4ischer-Keramikkunst-2098-97x150.jpg 97w, https:\/\/museumek.eu\/wp-content\/uploads\/2013\/07\/Museum-Europ\u00e4ischer-Keramikkunst-2098.jpg 521w\" sizes=\"(max-width: 195px) 100vw, 195px\" \/><\/a><\/p>\n<p><a href=\"http:\/\/museumek.eu\/?attachment_id=24278\" rel=\"attachment wp-att-24278\"><img loading=\"lazy\" src=\"http:\/\/museumek.eu\/wp-content\/uploads\/2013\/07\/Museum-Europ\u00e4ischer-Keramikkunst-2099-237x300.jpg\" alt=\"\" title=\"Museum Europ\u00e4ischer Keramikkunst 2099\" width=\"237\" height=\"300\" class=\"alignnone size-medium wp-image-24278\" srcset=\"https:\/\/museumek.eu\/wp-content\/uploads\/2013\/07\/Museum-Europ\u00e4ischer-Keramikkunst-2099-237x300.jpg 237w, https:\/\/museumek.eu\/wp-content\/uploads\/2013\/07\/Museum-Europ\u00e4ischer-Keramikkunst-2099-118x150.jpg 118w, https:\/\/museumek.eu\/wp-content\/uploads\/2013\/07\/Museum-Europ\u00e4ischer-Keramikkunst-2099.jpg 452w\" sizes=\"(max-width: 237px) 100vw, 237px\" \/><\/a><\/p>\n","protected":false},"excerpt":{"rendered":"<p>Abteilung Deutschland, Keramik 1860 \u2013 1960, Inventarnummer D\/LXXXV\/\/3 Keramische Werke C. &#038; E. Carstens, Steingutfabrik Georgenthal, vormals Porzellanfabrik Albert Linz, Deutschland, Georgenthal, um 1925, Vase, K\u00fcnstler unbekannt, Werks.-Nr. 1312, Exemplar Nr. ohne, gemarkt Firmenmarke Apfel mit CEC (f\u00fcr Christian und &hellip; <a href=\"https:\/\/museumek.eu\/?page_id=24276\">Weiterlesen <span class=\"meta-nav\">&rarr;<\/span><\/a><\/p>\n","protected":false},"author":1,"featured_media":0,"parent":23355,"menu_order":3,"comment_status":"closed","ping_status":"open","template":"","meta":[],"_links":{"self":[{"href":"https:\/\/museumek.eu\/index.php?rest_route=\/wp\/v2\/pages\/24276"}],"collection":[{"href":"https:\/\/museumek.eu\/index.php?rest_route=\/wp\/v2\/pages"}],"about":[{"href":"https:\/\/museumek.eu\/index.php?rest_route=\/wp\/v2\/types\/page"}],"author":[{"embeddable":true,"href":"https:\/\/museumek.eu\/index.php?rest_route=\/wp\/v2\/users\/1"}],"replies":[{"embeddable":true,"href":"https:\/\/museumek.eu\/index.php?rest_route=%2Fwp%2Fv2%2Fcomments&post=24276"}],"version-history":[{"count":6,"href":"https:\/\/museumek.eu\/index.php?rest_route=\/wp\/v2\/pages\/24276\/revisions"}],"predecessor-version":[{"id":25752,"href":"https:\/\/museumek.eu\/index.php?rest_route=\/wp\/v2\/pages\/24276\/revisions\/25752"}],"up":[{"embeddable":true,"href":"https:\/\/museumek.eu\/index.php?rest_route=\/wp\/v2\/pages\/23355"}],"wp:attachment":[{"href":"https:\/\/museumek.eu\/index.php?rest_route=%2Fwp%2Fv2%2Fmedia&parent=24276"}],"curies":[{"name":"wp","href":"https:\/\/api.w.org\/{rel}","templated":true}]}}