{"id":24324,"date":"2013-07-05T15:05:24","date_gmt":"2013-07-05T13:05:24","guid":{"rendered":"http:\/\/museumek.eu\/?page_id=24324"},"modified":"2021-03-10T16:41:25","modified_gmt":"2021-03-10T15:41:25","slug":"dxcv3","status":"publish","type":"page","link":"https:\/\/museumek.eu\/?page_id=24324","title":{"rendered":"D\/XCV\/3"},"content":{"rendered":"<p><strong>Abteilung Deutschland, Keramik 1860 \u2013 1960, Inventarnummer D\/XCV\/3<\/strong><\/p>\n<p>Porzellanfabrik Arzberg, Zweigwerk der Porzellanfabrik Kahla AG, vormals Porzellanfabrik Sch\u00f6nwald, Abteilung Arzberg, vormals Porzellanfabrik Theodor Lehmann, vormals Porzellanfabrik Lehmann &#038; Ro\u00dfberg, vormals Porzellanfabrik Christoph Schumann, Deutschland, Arzberg, um 1937, Suppenteller, K\u00fcnstler unbekannt, Werks.-Nr. ohne, Exemplar Nr. ohne, gemarkt Firmenmarke mit F\u00fcrstenhut darunter Wappenschild mit P A (f\u00fcr Porzellanfabrik Arzberg), darunter Arzberg, darunter Bavaria gr\u00fcner Stempel unter Glasur (Marke g\u00fcltig f\u00fcr die Zeit 1928 bis 1946), nicht signiert, Literatur: J. G. Th. Graesse und E. Jaenicke, F\u00fchrer f\u00fcr Sammler von Porzellan und Fayence, Steinzeug, Steingut usw., Seite 432, Marke Nr. 1 identisch, weitere Literatur: Emanuel Poche, Porzellanmarken aus aller Welt, Marke Nr. 448 identisch, weitere Literatur: Gustav Wei\u00df, Ullstein Porzellanbuch, Seite 240, Marke Nr. 9 identisch, weitere Literatur: Robert E. R\u00f6ntgen, Deutsche Porzellanmarken von 1710 bis heute (Ausgabe Jahr 2000), Seite 40, Marke 129 identisch (dort angegeben ab 1937), weitere Literatur: Dieter Z\u00fchlsdorff, Markenlexikon, Band 1, Porzellan und Keramik Report 1885 &#8211; 1935, Seite 271, Werk-Teil 1., Gruppennummer des Werkteils 4., laufende Nummer der Gruppe 639, identische Marke (dort f\u00fcr die Zeit ab 1928 &#8211; 1946, dort geschrieben: Marke f\u00fcr traditionelle Formen) sowie Seite 467, Werk-Teil 3., laufende Nummer des Werkteils 54, dort Beschreibung der Fabrik, weitere Literatur: Ludwig Danckert, Handbuch des Europ\u00e4ischen Porzellans, 7. Auflage, Seite 41\/42, Beschreibung der Fabrik und Seite 42, identische Marke (dort f\u00fcr die Zeit 1928 &#8211; 1946), 1887 gr\u00fcndete Christoph Schumann, Sohn des Arzberger Porzellanfabrikanten Christian Heinrich Schumann in Arzberg, bei der Jakobsburg, eine eigene Porzellanfabrik (ab da zwei eigenst\u00e4ndige Schumann\u2019sche Porzellanfabriken in Arzberg, die dann unter wechselnden Eigent\u00fcmern, Firmierungen und Firmenmarken, rund 100 Jahre nebeneinander betrieben worden sind), Firmierung Porzellanfabrik Christoph Schumann, um 1892 verkaufte Christoph Schumann die Fabrik an Theodor Lehmann und dessen Gesch\u00e4ftspartner Ro\u00dfberg, Firmierung Porzellanfabrik Lehmann &#038; Ro\u00dfberg, Christoph Schumann wanderte nach Schwarzenhammer aus und gr\u00fcndete dort 1905 zusammen mit seinem Schwiegervater Schreider die Porzellanfabrik Schumann &#038; Schreider, ab 1897 ist Lehmann Alleineigent\u00fcmer, Firmierung Porzellanfabrik Theodor Lehmann, die Fabrik fusionierte 1902 mit der Porzellanfabrik Sch\u00f6nwald AG, die Firmierung \u00e4nderte sich in Porzellanfabrik Sch\u00f6nwald AG, Abteilung Arzberg, 1927 fusionierte die Porzellanfabrik Sch\u00f6nwald AG mit der Porzellanfabrik Kahla AG, die Firmierung \u00e4nderte sich in Porzellanfabrik Kahla AG, Zweigwerk Arzberg, 1972 fusionierte der westdeutsche Teil der Porzellanfabrik Kahla AG mit der Hutschenreuther AG, die Fabrik in Arzberg wurde mit gleichem Namen weitergef\u00fchrt, 1998 ist die Arzberger Fabrik der Winterling Porzellan AG zugeh\u00f6rig und im Jahr 2000 geh\u00f6rt die Fabrik zur SKV Porzellan-Union, das Motiv auf der Fahne des Tellers, wurde von einem Service der Porzellanfabrik Haas &#038; Czjzek K.K. privilegierte Porzellanfabrik \u00fcbernommen, dort um 1900 in viel besserer Qualit\u00e4t und Ausf\u00fchrung hergestellt, siehe dieses Service als MEK Inventar A\/XXXIII\/2 bis A\/XXXIII\/8, zwei weitere Arzberg Suppenteller siehe MEK D\/XCV\/1 sowie D\/XCV\/2, Durchmesser 24 cm<\/p>\n<p><a href=\"http:\/\/museumek.eu\/?attachment_id=24325\" rel=\"attachment wp-att-24325\"><img loading=\"lazy\" src=\"http:\/\/museumek.eu\/wp-content\/uploads\/2013\/07\/Museum-Europ\u00e4ischer-Keramikkunst-3138-300x290.jpg\" alt=\"\" title=\"Museum Europ\u00e4ischer Keramikkunst 3138\" width=\"300\" height=\"290\" class=\"alignnone size-medium wp-image-24325\" srcset=\"https:\/\/museumek.eu\/wp-content\/uploads\/2013\/07\/Museum-Europ\u00e4ischer-Keramikkunst-3138-300x290.jpg 300w, https:\/\/museumek.eu\/wp-content\/uploads\/2013\/07\/Museum-Europ\u00e4ischer-Keramikkunst-3138-150x145.jpg 150w, https:\/\/museumek.eu\/wp-content\/uploads\/2013\/07\/Museum-Europ\u00e4ischer-Keramikkunst-3138-310x300.jpg 310w, https:\/\/museumek.eu\/wp-content\/uploads\/2013\/07\/Museum-Europ\u00e4ischer-Keramikkunst-3138.jpg 751w\" sizes=\"(max-width: 300px) 100vw, 300px\" \/><\/a><\/p>\n<p><a href=\"http:\/\/museumek.eu\/?attachment_id=43384\" rel=\"attachment wp-att-43384\"><img loading=\"lazy\" src=\"http:\/\/museumek.eu\/wp-content\/uploads\/2013\/07\/4458-300x300.jpg\" alt=\"\" title=\"4458\" width=\"300\" height=\"300\" class=\"alignnone size-medium wp-image-43384\" srcset=\"https:\/\/museumek.eu\/wp-content\/uploads\/2013\/07\/4458-300x300.jpg 300w, https:\/\/museumek.eu\/wp-content\/uploads\/2013\/07\/4458-150x150.jpg 150w, https:\/\/museumek.eu\/wp-content\/uploads\/2013\/07\/4458-299x300.jpg 299w, https:\/\/museumek.eu\/wp-content\/uploads\/2013\/07\/4458.jpg 600w\" sizes=\"(max-width: 300px) 100vw, 300px\" \/><\/a><\/p>\n<p><a href=\"http:\/\/museumek.eu\/?attachment_id=24326\" rel=\"attachment wp-att-24326\"><img loading=\"lazy\" src=\"http:\/\/museumek.eu\/wp-content\/uploads\/2013\/07\/Museum-Europ\u00e4ischer-Keramikkunst-3139.jpg\" alt=\"\" title=\"Museum Europ\u00e4ischer Keramikkunst 3139\" width=\"154\" height=\"236\" class=\"alignnone size-full wp-image-24326\" srcset=\"https:\/\/museumek.eu\/wp-content\/uploads\/2013\/07\/Museum-Europ\u00e4ischer-Keramikkunst-3139.jpg 154w, https:\/\/museumek.eu\/wp-content\/uploads\/2013\/07\/Museum-Europ\u00e4ischer-Keramikkunst-3139-97x150.jpg 97w\" sizes=\"(max-width: 154px) 100vw, 154px\" \/><\/a><\/p>\n","protected":false},"excerpt":{"rendered":"<p>Abteilung Deutschland, Keramik 1860 \u2013 1960, Inventarnummer D\/XCV\/3 Porzellanfabrik Arzberg, Zweigwerk der Porzellanfabrik Kahla AG, vormals Porzellanfabrik Sch\u00f6nwald, Abteilung Arzberg, vormals Porzellanfabrik Theodor Lehmann, vormals Porzellanfabrik Lehmann &#038; Ro\u00dfberg, vormals Porzellanfabrik Christoph Schumann, Deutschland, Arzberg, um 1937, Suppenteller, K\u00fcnstler unbekannt, &hellip; <a href=\"https:\/\/museumek.eu\/?page_id=24324\">Weiterlesen <span class=\"meta-nav\">&rarr;<\/span><\/a><\/p>\n","protected":false},"author":1,"featured_media":0,"parent":24295,"menu_order":3,"comment_status":"closed","ping_status":"open","template":"","meta":[],"_links":{"self":[{"href":"https:\/\/museumek.eu\/index.php?rest_route=\/wp\/v2\/pages\/24324"}],"collection":[{"href":"https:\/\/museumek.eu\/index.php?rest_route=\/wp\/v2\/pages"}],"about":[{"href":"https:\/\/museumek.eu\/index.php?rest_route=\/wp\/v2\/types\/page"}],"author":[{"embeddable":true,"href":"https:\/\/museumek.eu\/index.php?rest_route=\/wp\/v2\/users\/1"}],"replies":[{"embeddable":true,"href":"https:\/\/museumek.eu\/index.php?rest_route=%2Fwp%2Fv2%2Fcomments&post=24324"}],"version-history":[{"count":12,"href":"https:\/\/museumek.eu\/index.php?rest_route=\/wp\/v2\/pages\/24324\/revisions"}],"predecessor-version":[{"id":54080,"href":"https:\/\/museumek.eu\/index.php?rest_route=\/wp\/v2\/pages\/24324\/revisions\/54080"}],"up":[{"embeddable":true,"href":"https:\/\/museumek.eu\/index.php?rest_route=\/wp\/v2\/pages\/24295"}],"wp:attachment":[{"href":"https:\/\/museumek.eu\/index.php?rest_route=%2Fwp%2Fv2%2Fmedia&parent=24324"}],"curies":[{"name":"wp","href":"https:\/\/api.w.org\/{rel}","templated":true}]}}