{"id":24628,"date":"2013-07-10T15:06:58","date_gmt":"2013-07-10T13:06:58","guid":{"rendered":"http:\/\/museumek.eu\/?page_id=24628"},"modified":"2021-01-30T18:37:00","modified_gmt":"2021-01-30T17:37:00","slug":"diii6","status":"publish","type":"page","link":"https:\/\/museumek.eu\/?page_id=24628","title":{"rendered":"D\/III\/6"},"content":{"rendered":"<p><strong>Abteilung Deutschland, Keramik 1860 \u2013 1960, Inventarnummer D\/III\/6<\/strong><\/p>\n<p>Porzellanfabrik Zeh, Scherzer &#038; Cie. und Nachfolger Zeh, Scherzer &#038; Cie. AG, Deutschland, Rehau, um 1930, Teller, K\u00fcnstler unbekannt, Werks.-Nr. 2554 (Dekornummer), Exemplar Nr. ohne, gemarkt Firmenmarke mit Krone, Zeh Scherzer, Bavaria gr\u00fcner Stempel unter Glasur, 2554 sowie 46 in Gold auf Glasur gemalt, nicht signiert, Literatur: J. G. Th. Graesse und E. Jaenicke, F\u00fchrer f\u00fcr Sammler von Porzellan und Fayence, Steinzeug, Steingut usw., Seite 503, Marke Nr. 1 identisch, weitere Literatur: Emanuel Poche, Porzellanmarken aus aller Welt, Marke 1725 identisch, weitere Literatur Gustav Wei\u00df, Ullstein Porzellanbuch, Seite 297, Marke Nr. 1 identisch, weitere Literatur: Dieter Z\u00fchlsdorff, Markenlexikon Band 1, Porzellan und Keramik Report 1885 &#8211; 1935, Seite 205, Werk-Teil Nr. 1., Gruppennummer des Werkteils 2., laufende Nummer innerhalb der Gruppe 2083, identische Marke (dort f\u00fcr die Zeit 1927 bis 1935) sowie Seite 592, Werk-Teil 3., laufende Nummer des Werkteils 1053, dort Fabrikbeschreibung, weitere Literatur: Robert E. R\u00f6ntgen, Deutsche Porzellanmarken von 1710 bis heute, Seite 287, Marke Nr. 2239 identisch (dort f\u00fcr die Zeit 1930 bis ca. 1945, Anm. MEK: das folgt Z\u00fchlsdorff, bez\u00fcglich der Datierung der Marke), die Fabrik wurde am 02.11.1880 von einem Konsortium gegr\u00fcndet, die Gr\u00fcndungmitglieder waren: Johann Michael Scherzer jun., Georg Adam Winterling, Johan Nicol. Jakob jun., Hans Zeh, Johann-Andreas Karl W\u00f6lfel, Johann Paulus Hertel, Josef Zapf, Ernst W\u00f6lfel und Nicol. W\u00f6lfel, es wurde \u00fcberwiegend in die USA exportiert, dort erfolgte die Einfuhr \u00fcber den Hauptabnehmer Borgfeldt &#038; Co. New York, Firmierung als Porzellanfabrik Zeh, Scherzer &#038; Cie., 1910 erfolgte die Umwandlung in eine AG, Firmierung nun Zeh, Scherzer &#038; Cie. AG, die Fabrik bestand \u00fcber 100 Jahre, weitere Teile des Service siehe MEK D\/III\/5 sowie MEK D\/III\/7 bis MEK D\/III\/10, Durchmesser 20 cm<\/p>\n<p><a href=\"http:\/\/museumek.eu\/?attachment_id=24629\" rel=\"attachment wp-att-24629\"><img loading=\"lazy\" src=\"http:\/\/museumek.eu\/wp-content\/uploads\/2013\/07\/Museum-Europ\u00e4ischer-Keramikkunst-3652-300x292.jpg\" alt=\"\" title=\"Museum Europ\u00e4ischer Keramikkunst 3652\" width=\"300\" height=\"292\" class=\"alignnone size-medium wp-image-24629\" srcset=\"https:\/\/museumek.eu\/wp-content\/uploads\/2013\/07\/Museum-Europ\u00e4ischer-Keramikkunst-3652-300x292.jpg 300w, https:\/\/museumek.eu\/wp-content\/uploads\/2013\/07\/Museum-Europ\u00e4ischer-Keramikkunst-3652-150x146.jpg 150w, https:\/\/museumek.eu\/wp-content\/uploads\/2013\/07\/Museum-Europ\u00e4ischer-Keramikkunst-3652-308x300.jpg 308w, https:\/\/museumek.eu\/wp-content\/uploads\/2013\/07\/Museum-Europ\u00e4ischer-Keramikkunst-3652.jpg 723w\" sizes=\"(max-width: 300px) 100vw, 300px\" \/><\/a><\/p>\n<p><a href=\"http:\/\/museumek.eu\/?attachment_id=24630\" rel=\"attachment wp-att-24630\"><img loading=\"lazy\" src=\"http:\/\/museumek.eu\/wp-content\/uploads\/2013\/07\/Museum-Europ\u00e4ischer-Keramikkunst-3653.jpg\" alt=\"\" title=\"Museum Europ\u00e4ischer Keramikkunst 3653\" width=\"230\" height=\"271\" class=\"alignnone size-full wp-image-24630\" srcset=\"https:\/\/museumek.eu\/wp-content\/uploads\/2013\/07\/Museum-Europ\u00e4ischer-Keramikkunst-3653.jpg 230w, https:\/\/museumek.eu\/wp-content\/uploads\/2013\/07\/Museum-Europ\u00e4ischer-Keramikkunst-3653-127x150.jpg 127w\" sizes=\"(max-width: 230px) 100vw, 230px\" \/><\/a><\/p>\n<p><a href=\"http:\/\/museumek.eu\/?attachment_id=24631\" rel=\"attachment wp-att-24631\"><img loading=\"lazy\" src=\"http:\/\/museumek.eu\/wp-content\/uploads\/2013\/07\/Museum-Europ\u00e4ischer-Keramikkunst-3654-300x234.jpg\" alt=\"\" title=\"Museum Europ\u00e4ischer Keramikkunst 3654\" width=\"300\" height=\"234\" class=\"alignnone size-medium wp-image-24631\" srcset=\"https:\/\/museumek.eu\/wp-content\/uploads\/2013\/07\/Museum-Europ\u00e4ischer-Keramikkunst-3654-300x234.jpg 300w, https:\/\/museumek.eu\/wp-content\/uploads\/2013\/07\/Museum-Europ\u00e4ischer-Keramikkunst-3654-150x117.jpg 150w, https:\/\/museumek.eu\/wp-content\/uploads\/2013\/07\/Museum-Europ\u00e4ischer-Keramikkunst-3654-383x300.jpg 383w, https:\/\/museumek.eu\/wp-content\/uploads\/2013\/07\/Museum-Europ\u00e4ischer-Keramikkunst-3654.jpg 417w\" sizes=\"(max-width: 300px) 100vw, 300px\" \/><\/a><\/p>\n","protected":false},"excerpt":{"rendered":"<p>Abteilung Deutschland, Keramik 1860 \u2013 1960, Inventarnummer D\/III\/6 Porzellanfabrik Zeh, Scherzer &#038; Cie. und Nachfolger Zeh, Scherzer &#038; Cie. AG, Deutschland, Rehau, um 1930, Teller, K\u00fcnstler unbekannt, Werks.-Nr. 2554 (Dekornummer), Exemplar Nr. ohne, gemarkt Firmenmarke mit Krone, Zeh Scherzer, Bavaria &hellip; <a href=\"https:\/\/museumek.eu\/?page_id=24628\">Weiterlesen <span class=\"meta-nav\">&rarr;<\/span><\/a><\/p>\n","protected":false},"author":1,"featured_media":0,"parent":1875,"menu_order":6,"comment_status":"closed","ping_status":"open","template":"","meta":[],"_links":{"self":[{"href":"https:\/\/museumek.eu\/index.php?rest_route=\/wp\/v2\/pages\/24628"}],"collection":[{"href":"https:\/\/museumek.eu\/index.php?rest_route=\/wp\/v2\/pages"}],"about":[{"href":"https:\/\/museumek.eu\/index.php?rest_route=\/wp\/v2\/types\/page"}],"author":[{"embeddable":true,"href":"https:\/\/museumek.eu\/index.php?rest_route=\/wp\/v2\/users\/1"}],"replies":[{"embeddable":true,"href":"https:\/\/museumek.eu\/index.php?rest_route=%2Fwp%2Fv2%2Fcomments&post=24628"}],"version-history":[{"count":6,"href":"https:\/\/museumek.eu\/index.php?rest_route=\/wp\/v2\/pages\/24628\/revisions"}],"predecessor-version":[{"id":52861,"href":"https:\/\/museumek.eu\/index.php?rest_route=\/wp\/v2\/pages\/24628\/revisions\/52861"}],"up":[{"embeddable":true,"href":"https:\/\/museumek.eu\/index.php?rest_route=\/wp\/v2\/pages\/1875"}],"wp:attachment":[{"href":"https:\/\/museumek.eu\/index.php?rest_route=%2Fwp%2Fv2%2Fmedia&parent=24628"}],"curies":[{"name":"wp","href":"https:\/\/api.w.org\/{rel}","templated":true}]}}