{"id":2851,"date":"2011-08-25T21:07:29","date_gmt":"2011-08-25T19:07:29","guid":{"rendered":"http:\/\/museumek.eu\/?page_id=2851"},"modified":"2012-04-19T14:18:36","modified_gmt":"2012-04-19T12:18:36","slug":"oz6","status":"publish","type":"page","link":"https:\/\/museumek.eu\/?page_id=2851","title":{"rendered":"OZ\/6"},"content":{"rendered":"<p><strong>Abteilung Ohne Zuordnung, Keramik 1860 \u2013 1960, Inventarnummer OZ\/6<\/strong><\/p>\n<p>Max Laeuger (attr.) um 1885, H\u00f6he 25 cm, Breite 12 cm, LK oder LKA, gebrannt bei<br \/>\nKarlsruher Ofenfabrik Edmund Mayer (sp\u00e4ter Ofenfabrik Friedrich Geisend\u00f6rfer), eher ja, wegen des Kurpf\u00e4lzischen Wappens und da der Ton aus dem die Vase gefertigt worden ist eher an die Farbe von Schamottgestein erinnert, welches f\u00fcr die Auskleidung von \u00d6fen verwendet wird, Manufaktur Joseph Armbruster Kandern eher nein, da sich keinerlei Bezug von Kandern zu dem bekr\u00f6nten L\u00f6wen ergibt, der goldene L\u00f6we im schwarzen Feld war das Wappen der Pfalzgrafen bei Rhein. Er findet sich auch als Teil des gro\u00dfen Landeswappens von Baden-W\u00fcrttemberg und steht dort f\u00fcr die kurpf\u00e4lzischen Gebiete in Nordbaden, siehe auch MEK OZ\/23, Vase vom gleichen Hersteller, vielleicht auch eine b\u00f6hmische Manufaktur, da b\u00f6hmische Manufakturen und Fachschulen um 1900 nach Laeugers Vorbild gefertigt haben, alte b\u00f6hmische Wappen gab es auch mit einem bekr\u00f6nten L\u00f6wen<\/p>\n<p><a href=\"http:\/\/museumek.eu\/wp-content\/uploads\/2011\/08\/Museum-Europ\u00e4ischer-Keramikkunst-Qualit\u00e4tsfotos-392.jpg\"><img loading=\"lazy\" src=\"http:\/\/museumek.eu\/wp-content\/uploads\/2011\/08\/Museum-Europ\u00e4ischer-Keramikkunst-Qualit\u00e4tsfotos-392-168x300.jpg\" alt=\"\" title=\"Museum Europ\u00e4ischer Keramikkunst Qualit\u00e4tsfotos 392\" width=\"168\" height=\"300\" class=\"alignnone size-medium wp-image-2852\" \/><\/a><\/p>\n<p><a href=\"http:\/\/museumek.eu\/wp-content\/uploads\/2011\/08\/Museum-Europ\u00e4ischer-Keramikkunst-245.jpg\"><img loading=\"lazy\" src=\"http:\/\/museumek.eu\/wp-content\/uploads\/2011\/08\/Museum-Europ\u00e4ischer-Keramikkunst-245-300x266.jpg\" alt=\"\" title=\"Museum Europ\u00e4ischer Keramikkunst 245\" width=\"300\" height=\"266\" class=\"alignnone size-medium wp-image-2853\" srcset=\"https:\/\/museumek.eu\/wp-content\/uploads\/2011\/08\/Museum-Europ\u00e4ischer-Keramikkunst-245-300x266.jpg 300w, https:\/\/museumek.eu\/wp-content\/uploads\/2011\/08\/Museum-Europ\u00e4ischer-Keramikkunst-245-337x300.jpg 337w, https:\/\/museumek.eu\/wp-content\/uploads\/2011\/08\/Museum-Europ\u00e4ischer-Keramikkunst-245.jpg 779w\" sizes=\"(max-width: 300px) 100vw, 300px\" \/><\/a><\/p>\n<p><a href=\"http:\/\/museumek.eu\/wp-content\/uploads\/2011\/08\/Museum-Europ\u00e4ischer-Keramikkunst-246.jpg\"><img loading=\"lazy\" src=\"http:\/\/museumek.eu\/wp-content\/uploads\/2011\/08\/Museum-Europ\u00e4ischer-Keramikkunst-246-300x168.jpg\" alt=\"\" title=\"Museum Europ\u00e4ischer Keramikkunst 246\" width=\"300\" height=\"168\" class=\"alignnone size-medium wp-image-2854\" srcset=\"https:\/\/museumek.eu\/wp-content\/uploads\/2011\/08\/Museum-Europ\u00e4ischer-Keramikkunst-246-300x168.jpg 300w, https:\/\/museumek.eu\/wp-content\/uploads\/2011\/08\/Museum-Europ\u00e4ischer-Keramikkunst-246-500x281.jpg 500w, https:\/\/museumek.eu\/wp-content\/uploads\/2011\/08\/Museum-Europ\u00e4ischer-Keramikkunst-246.jpg 927w\" sizes=\"(max-width: 300px) 100vw, 300px\" \/><\/a><\/p>\n<p><a href=\"http:\/\/museumek.eu\/wp-content\/uploads\/2011\/08\/Museum-Europ\u00e4ischer-Keramikkunst-484.jpg\"><img loading=\"lazy\" src=\"http:\/\/museumek.eu\/wp-content\/uploads\/2011\/08\/Museum-Europ\u00e4ischer-Keramikkunst-484-150x300.jpg\" alt=\"\" title=\"Museum Europ\u00e4ischer Keramikkunst 484\" width=\"150\" height=\"300\" class=\"alignnone size-medium wp-image-2855\" srcset=\"https:\/\/museumek.eu\/wp-content\/uploads\/2011\/08\/Museum-Europ\u00e4ischer-Keramikkunst-484-150x300.jpg 150w, https:\/\/museumek.eu\/wp-content\/uploads\/2011\/08\/Museum-Europ\u00e4ischer-Keramikkunst-484.jpg 494w\" sizes=\"(max-width: 150px) 100vw, 150px\" \/><\/a><\/p>\n","protected":false},"excerpt":{"rendered":"<p>Abteilung Ohne Zuordnung, Keramik 1860 \u2013 1960, Inventarnummer OZ\/6 Max Laeuger (attr.) um 1885, H\u00f6he 25 cm, Breite 12 cm, LK oder LKA, gebrannt bei Karlsruher Ofenfabrik Edmund Mayer (sp\u00e4ter Ofenfabrik Friedrich Geisend\u00f6rfer), eher ja, wegen des Kurpf\u00e4lzischen Wappens und &hellip; <a href=\"https:\/\/museumek.eu\/?page_id=2851\">Weiterlesen <span class=\"meta-nav\">&rarr;<\/span><\/a><\/p>\n","protected":false},"author":1,"featured_media":0,"parent":2630,"menu_order":6,"comment_status":"closed","ping_status":"closed","template":"","meta":[],"_links":{"self":[{"href":"https:\/\/museumek.eu\/index.php?rest_route=\/wp\/v2\/pages\/2851"}],"collection":[{"href":"https:\/\/museumek.eu\/index.php?rest_route=\/wp\/v2\/pages"}],"about":[{"href":"https:\/\/museumek.eu\/index.php?rest_route=\/wp\/v2\/types\/page"}],"author":[{"embeddable":true,"href":"https:\/\/museumek.eu\/index.php?rest_route=\/wp\/v2\/users\/1"}],"replies":[{"embeddable":true,"href":"https:\/\/museumek.eu\/index.php?rest_route=%2Fwp%2Fv2%2Fcomments&post=2851"}],"version-history":[{"count":5,"href":"https:\/\/museumek.eu\/index.php?rest_route=\/wp\/v2\/pages\/2851\/revisions"}],"predecessor-version":[{"id":8981,"href":"https:\/\/museumek.eu\/index.php?rest_route=\/wp\/v2\/pages\/2851\/revisions\/8981"}],"up":[{"embeddable":true,"href":"https:\/\/museumek.eu\/index.php?rest_route=\/wp\/v2\/pages\/2630"}],"wp:attachment":[{"href":"https:\/\/museumek.eu\/index.php?rest_route=%2Fwp%2Fv2%2Fmedia&parent=2851"}],"curies":[{"name":"wp","href":"https:\/\/api.w.org\/{rel}","templated":true}]}}

<p><strong>Abteilung Ohne Zuordnung, Keramik 1860 – 1960, Inventarnummer OZ/6</strong></p>
<p>Max Laeuger (attr.) um 1885, Höhe 25 cm, Breite 12 cm, LK oder LKA, gebrannt bei<br />
Karlsruher Ofenfabrik Edmund Mayer (später Ofenfabrik Friedrich Geisendörfer), eher ja, wegen des Kurpfälzischen Wappens und da der Ton aus dem die Vase gefertigt worden ist eher an die Farbe von Schamottgestein erinnert, welches für die Auskleidung von Öfen verwendet wird, Manufaktur Joseph Armbruster Kandern eher nein, da sich keinerlei Bezug von Kandern zu dem bekrönten Löwen ergibt, der goldene Löwe im schwarzen Feld war das Wappen der Pfalzgrafen bei Rhein. Er findet sich auch als Teil des großen Landeswappens von Baden-Württemberg und steht dort für die kurpfälzischen Gebiete in Nordbaden, siehe auch MEK OZ/23, Vase vom gleichen Hersteller, vielleicht auch eine böhmische Manufaktur, da böhmische Manufakturen und Fachschulen um 1900 nach Laeugers Vorbild gefertigt haben, alte böhmische Wappen gab es auch mit einem bekrönten Löwen</p>
<p><a href="http://museumek.eu/wp-content/uploads/2011/08/Museum-Europäischer-Keramikkunst-Qualitätsfotos-392.jpg"><img loading="lazy" src="http://museumek.eu/wp-content/uploads/2011/08/Museum-Europäischer-Keramikkunst-Qualitätsfotos-392-168x300.jpg" alt="" title="Museum Europäischer Keramikkunst Qualitätsfotos 392" width="168" height="300" class="alignnone size-medium wp-image-2852" /></a></p>
<p><a href="http://museumek.eu/wp-content/uploads/2011/08/Museum-Europäischer-Keramikkunst-245.jpg"><img loading="lazy" src="http://museumek.eu/wp-content/uploads/2011/08/Museum-Europäischer-Keramikkunst-245-300x266.jpg" alt="" title="Museum Europäischer Keramikkunst 245" width="300" height="266" class="alignnone size-medium wp-image-2853" srcset="https://museumek.eu/wp-content/uploads/2011/08/Museum-Europäischer-Keramikkunst-245-300x266.jpg 300w, https://museumek.eu/wp-content/uploads/2011/08/Museum-Europäischer-Keramikkunst-245-337x300.jpg 337w, https://museumek.eu/wp-content/uploads/2011/08/Museum-Europäischer-Keramikkunst-245.jpg 779w" sizes="(max-width: 300px) 100vw, 300px" /></a></p>
<p><a href="http://museumek.eu/wp-content/uploads/2011/08/Museum-Europäischer-Keramikkunst-246.jpg"><img loading="lazy" src="http://museumek.eu/wp-content/uploads/2011/08/Museum-Europäischer-Keramikkunst-246-300x168.jpg" alt="" title="Museum Europäischer Keramikkunst 246" width="300" height="168" class="alignnone size-medium wp-image-2854" srcset="https://museumek.eu/wp-content/uploads/2011/08/Museum-Europäischer-Keramikkunst-246-300x168.jpg 300w, https://museumek.eu/wp-content/uploads/2011/08/Museum-Europäischer-Keramikkunst-246-500x281.jpg 500w, https://museumek.eu/wp-content/uploads/2011/08/Museum-Europäischer-Keramikkunst-246.jpg 927w" sizes="(max-width: 300px) 100vw, 300px" /></a></p>
<p><a href="http://museumek.eu/wp-content/uploads/2011/08/Museum-Europäischer-Keramikkunst-484.jpg"><img loading="lazy" src="http://museumek.eu/wp-content/uploads/2011/08/Museum-Europäischer-Keramikkunst-484-150x300.jpg" alt="" title="Museum Europäischer Keramikkunst 484" width="150" height="300" class="alignnone size-medium wp-image-2855" srcset="https://museumek.eu/wp-content/uploads/2011/08/Museum-Europäischer-Keramikkunst-484-150x300.jpg 150w, https://museumek.eu/wp-content/uploads/2011/08/Museum-Europäischer-Keramikkunst-484.jpg 494w" sizes="(max-width: 150px) 100vw, 150px" /></a></p>

<p>Abteilung Ohne Zuordnung, Keramik 1860 – 1960, Inventarnummer OZ/6 Max Laeuger (attr.) um 1885, Höhe 25 cm, Breite 12 cm, LK oder LKA, gebrannt bei Karlsruher Ofenfabrik Edmund Mayer (später Ofenfabrik Friedrich Geisendörfer), eher ja, wegen des Kurpfälzischen Wappens und &hellip; <a href="https://museumek.eu/?page_id=2851">Weiterlesen <span class="meta-nav">&rarr;</span></a></p>
