{"id":29957,"date":"2014-05-03T14:24:25","date_gmt":"2014-05-03T12:24:25","guid":{"rendered":"http:\/\/museumek.eu\/?page_id=29957"},"modified":"2015-05-17T21:49:04","modified_gmt":"2015-05-17T19:49:04","slug":"dliii10","status":"publish","type":"page","link":"https:\/\/museumek.eu\/?page_id=29957","title":{"rendered":"D\/LIII\/10"},"content":{"rendered":"<p><strong>Abteilung Deutschland, Keramik 1860 \u2013 1960, Inventarnummer D\/LIII\/10<\/strong><\/p>\n<p>Steingut- und Steinzeugfabrik, Kunstt\u00f6pferei, Zinngie\u00dferei Merkelbach &#038; Wick und Nachfolger Steingutfabrik Wick Werke AG, Vereinigte Fabriken Merkelbach &#038; Wick und Merkelbach, Stadelmann &#038; Co., Deutschland, Grenzhausen, um 1930, Seidel, K\u00fcnstler unbekannt, Werks.-Nr. 7213, Exemplar Nr. ohne, gemarkt Firmenmarke mit A, in dem A befindet sich der Buchstabe G (f\u00fcr AG) darunter WW (f\u00fcr Wick Werke) (Marke ab 1921\/1922 g\u00fcltig), 7213 sowie \u00bd L. \u00fcber Eichstrich gepresst, nicht signiert, Literatur: J\u00fcrgen Schimanski und J\u00fcrgen Erlebach, Westerw\u00e4lder Steinzeug, Die Neue \u00c4ra, Seite 109, Fabrikbeschreibung sowie Marke Nr. 38 identisch, weitere Literatur: J\u00fcrgen Schimanski, Braun geflammt und grau gesalzen, Seite 216, Marke Nr. 38 identisch, weitere Literatur: Beate Dry-von Zezschwitz, Westerw\u00e4lder Steinzug des Jugendstils I, Reinhold Merkelbach, Spezialpreisliste 1905, Seite 10 ff., Fabrikbeschreibung, weitere Literatur: J. G. Th. Graesse, F\u00fchrer f\u00fcr Sammler von Porzellan und Fayence, Seite 104, Marke Nr. 2 identisch, der 1840 geborene Friedrich Wilhelm Merkelbach (gest. 1896) betrieb eine Kannenb\u00e4ckerei oder bereits eine keramische Fabrik, die unter dem Namen F. W. Merkelbach II. firmierte, 1872 (oder 1874) nimmt Friedrich Wilhelm Merkelbach den Bildhauer (Johann) Georg Peter Wick (geb. 1837, gest. 1914) in die Firma auf, die Firmierung \u00e4ndert sich in Steingut- und Steinzeugfabrik, Kunstt\u00f6pferei, Zinngie\u00dferei Merkelbach &#038; Wick, ab 1882\/1883 produzieren Sie als eine der ersten Westerw\u00e4lder Fabriken Elfenbeinsteinzeug, \u00fcber die H\u00e4lfte der Produktion wird in die USA exportiert, in der Zeit von 1886 bis 1897 liefert die Fabrik Halbfertigerzeugnisse an die keramische Fabrik von Hauber &#038; Reuther, Jugenstilk\u00fcnstler wie Peter Behrens und Henry van de Velde liefern um 1900 herausragende Entw\u00fcrfe, 1895 tritt Wicks Sohn (und evtl. gleichzeitig Merkelbachs Schwiegersohn) Ludwig Konrad Wick in die Fabrik ein und \u00fcbernimmt sicher zeitnah auch deren Leitung, bis er 1910\/1911 die Leitung an seine Frau Emma abgibt, 1921\/1922 fusioniert die Fabrik mit der um 1867 in Grenzhausen von Friedrich Wilhelm Merkelbach, Theodor Stadelmann und Julius Schr\u00f6der als Mahl- und Schleifsteinfabrik gegr\u00fcndeten Fabrik Merkelbach, Stadelmann &#038; Co. (wahrscheinlich war Konrad Wicks Frau Emma bereits Miteigent\u00fcmer dieser Fabrik) zur Steingutfabrik Wick Werke AG, Vereinigte Fabriken Merkelbach &#038; Wick und Merkelbach, Stadelmann &#038; Co., die Fabrik bestand rund 100 Jahre, <strong>das MEK Exemplar mit der Werks.-Nr. 7213 ist in der Fachliteratur noch nicht erfasst<\/strong>, Ausf\u00fchrung als Feinsteinzeug kobaltblau und grau glasiert, Zinnmontur mit Blechdeckel, H\u00f6he 10 cm, Breite 15 cm (nur die Keramik)<\/p>\n<p><a href=\"http:\/\/museumek.eu\/?attachment_id=29958\" rel=\"attachment wp-att-29958\"><img loading=\"lazy\" src=\"http:\/\/museumek.eu\/wp-content\/uploads\/2014\/05\/316-217x300.jpg\" alt=\"\" title=\"316\" width=\"217\" height=\"300\" class=\"alignnone size-medium wp-image-29958\" srcset=\"https:\/\/museumek.eu\/wp-content\/uploads\/2014\/05\/316-217x300.jpg 217w, https:\/\/museumek.eu\/wp-content\/uploads\/2014\/05\/316-108x150.jpg 108w, https:\/\/museumek.eu\/wp-content\/uploads\/2014\/05\/316.jpg 458w\" sizes=\"(max-width: 217px) 100vw, 217px\" \/><\/a><\/p>\n<p><a href=\"http:\/\/museumek.eu\/?attachment_id=29959\" rel=\"attachment wp-att-29959\"><img loading=\"lazy\" src=\"http:\/\/museumek.eu\/wp-content\/uploads\/2014\/05\/315-275x300.jpg\" alt=\"\" title=\"315\" width=\"275\" height=\"300\" class=\"alignnone size-medium wp-image-29959\" srcset=\"https:\/\/museumek.eu\/wp-content\/uploads\/2014\/05\/315-275x300.jpg 275w, https:\/\/museumek.eu\/wp-content\/uploads\/2014\/05\/315-137x150.jpg 137w, https:\/\/museumek.eu\/wp-content\/uploads\/2014\/05\/315.jpg 518w\" sizes=\"(max-width: 275px) 100vw, 275px\" \/><\/a><\/p>\n<p><a href=\"http:\/\/museumek.eu\/?attachment_id=29960\" rel=\"attachment wp-att-29960\"><img loading=\"lazy\" src=\"http:\/\/museumek.eu\/wp-content\/uploads\/2014\/05\/314-273x300.jpg\" alt=\"\" title=\"314\" width=\"273\" height=\"300\" class=\"alignnone size-medium wp-image-29960\" srcset=\"https:\/\/museumek.eu\/wp-content\/uploads\/2014\/05\/314-273x300.jpg 273w, https:\/\/museumek.eu\/wp-content\/uploads\/2014\/05\/314-136x150.jpg 136w, https:\/\/museumek.eu\/wp-content\/uploads\/2014\/05\/314.jpg 487w\" sizes=\"(max-width: 273px) 100vw, 273px\" \/><\/a><\/p>\n<p><a href=\"http:\/\/museumek.eu\/?attachment_id=29961\" rel=\"attachment wp-att-29961\"><img loading=\"lazy\" src=\"http:\/\/museumek.eu\/wp-content\/uploads\/2014\/05\/313-265x300.jpg\" alt=\"\" title=\"313\" width=\"265\" height=\"300\" class=\"alignnone size-medium wp-image-29961\" srcset=\"https:\/\/museumek.eu\/wp-content\/uploads\/2014\/05\/313-265x300.jpg 265w, https:\/\/museumek.eu\/wp-content\/uploads\/2014\/05\/313-132x150.jpg 132w, https:\/\/museumek.eu\/wp-content\/uploads\/2014\/05\/313.jpg 460w\" sizes=\"(max-width: 265px) 100vw, 265px\" \/><\/a><\/p>\n<p><a href=\"http:\/\/museumek.eu\/?attachment_id=29962\" rel=\"attachment wp-att-29962\"><img loading=\"lazy\" src=\"http:\/\/museumek.eu\/wp-content\/uploads\/2014\/05\/317-222x300.jpg\" alt=\"\" title=\"317\" width=\"222\" height=\"300\" class=\"alignnone size-medium wp-image-29962\" srcset=\"https:\/\/museumek.eu\/wp-content\/uploads\/2014\/05\/317-222x300.jpg 222w, https:\/\/museumek.eu\/wp-content\/uploads\/2014\/05\/317-111x150.jpg 111w, https:\/\/museumek.eu\/wp-content\/uploads\/2014\/05\/317.jpg 346w\" sizes=\"(max-width: 222px) 100vw, 222px\" \/><\/a><\/p>\n<p><a href=\"http:\/\/museumek.eu\/?attachment_id=29963\" rel=\"attachment wp-att-29963\"><img loading=\"lazy\" src=\"http:\/\/museumek.eu\/wp-content\/uploads\/2014\/05\/318-300x201.jpg\" alt=\"\" title=\"318\" width=\"300\" height=\"201\" class=\"alignnone size-medium wp-image-29963\" srcset=\"https:\/\/museumek.eu\/wp-content\/uploads\/2014\/05\/318-300x201.jpg 300w, https:\/\/museumek.eu\/wp-content\/uploads\/2014\/05\/318-150x100.jpg 150w, https:\/\/museumek.eu\/wp-content\/uploads\/2014\/05\/318-446x300.jpg 446w, https:\/\/museumek.eu\/wp-content\/uploads\/2014\/05\/318.jpg 467w\" sizes=\"(max-width: 300px) 100vw, 300px\" \/><\/a><\/p>\n","protected":false},"excerpt":{"rendered":"<p>Abteilung Deutschland, Keramik 1860 \u2013 1960, Inventarnummer D\/LIII\/10 Steingut- und Steinzeugfabrik, Kunstt\u00f6pferei, Zinngie\u00dferei Merkelbach &#038; Wick und Nachfolger Steingutfabrik Wick Werke AG, Vereinigte Fabriken Merkelbach &#038; Wick und Merkelbach, Stadelmann &#038; Co., Deutschland, Grenzhausen, um 1930, Seidel, K\u00fcnstler unbekannt, Werks.-Nr. &hellip; <a href=\"https:\/\/museumek.eu\/?page_id=29957\">Weiterlesen <span class=\"meta-nav\">&rarr;<\/span><\/a><\/p>\n","protected":false},"author":1,"featured_media":0,"parent":12474,"menu_order":10,"comment_status":"closed","ping_status":"open","template":"","meta":[],"_links":{"self":[{"href":"https:\/\/museumek.eu\/index.php?rest_route=\/wp\/v2\/pages\/29957"}],"collection":[{"href":"https:\/\/museumek.eu\/index.php?rest_route=\/wp\/v2\/pages"}],"about":[{"href":"https:\/\/museumek.eu\/index.php?rest_route=\/wp\/v2\/types\/page"}],"author":[{"embeddable":true,"href":"https:\/\/museumek.eu\/index.php?rest_route=\/wp\/v2\/users\/1"}],"replies":[{"embeddable":true,"href":"https:\/\/museumek.eu\/index.php?rest_route=%2Fwp%2Fv2%2Fcomments&post=29957"}],"version-history":[{"count":8,"href":"https:\/\/museumek.eu\/index.php?rest_route=\/wp\/v2\/pages\/29957\/revisions"}],"predecessor-version":[{"id":40030,"href":"https:\/\/museumek.eu\/index.php?rest_route=\/wp\/v2\/pages\/29957\/revisions\/40030"}],"up":[{"embeddable":true,"href":"https:\/\/museumek.eu\/index.php?rest_route=\/wp\/v2\/pages\/12474"}],"wp:attachment":[{"href":"https:\/\/museumek.eu\/index.php?rest_route=%2Fwp%2Fv2%2Fmedia&parent=29957"}],"curies":[{"name":"wp","href":"https:\/\/api.w.org\/{rel}","templated":true}]}}