{"id":31884,"date":"2014-06-18T00:10:47","date_gmt":"2014-06-17T22:10:47","guid":{"rendered":"http:\/\/museumek.eu\/?page_id=31884"},"modified":"2015-03-28T22:02:45","modified_gmt":"2015-03-28T21:02:45","slug":"dlxx6","status":"publish","type":"page","link":"https:\/\/museumek.eu\/?page_id=31884","title":{"rendered":"D\/LXX\/6"},"content":{"rendered":"<p><strong>Abteilung Deutschland, Keramik 1860 \u2013 1960, Inventarnummer D\/LXX\/6<\/strong><\/p>\n<p>Reinhold Hanke Fabrik fein verzierter Steinzeugwaaren, vormals Reinhold Hanke Fabrik altdeutscher Steinzeug-Kr\u00fcge, Deutschland, H\u00f6hr, vor\/um 1884, Kanne, K\u00fcnstler unbekannt, Werks.-Nr. 70, Exemplar Nr. ohne, gemarkt Firmenmarke mit R. Hanke (als Halbkreisbogen nach unten offen), Germany (als Halbkreisbogen nach oben offen) sowie 70 gepresst, nicht signiert, Literatur: J\u00fcrgen Schimanski und J\u00fcrgen Erlebach, Westerw\u00e4lder Steinzeug, Die Neue \u00c4ra, Seite 60, Fabrikbeschreibung sowie Marke Nr. 10 \u00e4hnlich, weitere Literatur: J\u00fcrgen Schimanski, Braun geflammt und grau gesalzen, Seite 202, Beschreibung der Fabrik, weitere Literatur: Wolfgang Venzmer, Jugendstil im Landesmuseum Mainz, Seite 342, Beschreibung der Fabrik, weitere Literatur: Johannes und Peter Vogt, Alte Bierkr\u00fcge, Von der Renaissance bis zum Jugendstil, Seite 14, Fabrikbeschreibung und Benennung des Fabriknamens Reinhold Hanke Fabrik altdeutscher Steinzeug-Kr\u00fcge, 1864 gr\u00fcndete der aus B\u00f6hmen (Ausbildung bei Maresch, Siderolithsteinzeug) zugewanderte Reinhold Hanke zusammen mit Ottmar Speyser eine Siderolithwaarenfabrik in H\u00f6hr, 1868 trennte sich Reinhold Hanke von Ottmar Speyser (ob dieser die Siderlithwaarenfabrik allein weiterf\u00fchrte oder ob diese in Konkurs ging ist noch nicht gekl\u00e4rt) und gr\u00fcndete seine eigene Fabrik, die als Fabrik altdeutscher Steinzeug-Kr\u00fcge firmierte, 1876 wurde die Fabrik von Kaiserin Augusta, Gattin Kaiser Wilhelm des I. zum Hoflieferanten ernannt, im Deutschen Kaiserreich wurde 1881 (20.07.1881) das Gesetz zur Aichung der Schankgef\u00e4\u00dfe beschlossen, allerdings trat dieses Gesetz erst am 01.01.1884 endg\u00fcltig in Kraft, Hanke produzierte bis 1882 ausschlie\u00dflich graues Steinzeug produziert, welches blau bemalt wurde, ab 1883 wurde auch Elfenbeinsteinzeug produziert, Reinhold Hanke starb am 22.06.1886 und seine Witwe Maria Hanke f\u00fchrte die Fabrik fort, gem\u00e4\u00df des Musterbuches von ca. 1888 firmierte die Fabrik ab ca. 1888 als Reinhold Hanke Fabrik feinverzierter Steinzeugwaaren, ab 1901 f\u00fchrten die S\u00f6hne August und Carl Hanke die Fabrik, 1911 bis 1918 schloss sich die Fabrik mit den Fabriken Reinhold Merkelbach, Walter M\u00fcller und S. P. Gerz vertriebstechnisch zu der Steinzeugwerke H\u00f6hr-Grenzhausen GmbH zusammen, Hanke schied aber bereits vor 1918 wieder aus der GmbH aus, w\u00e4hrend der GmbH Zeit wurden Formen getauscht und auf die mit fremden Formen hergestellten Erzeugnisse, die eigene Herstellermarke angebracht, es gibt deshalb bei Reinhold Hanke hergestellte Ware nach Vorlagen von Reinhold Merkelbach (siehe dazu auch der Bartmannkrug MEK D\/LXX\/5) und umgedreht, 1921 wurden bei einem Brand die Fabrikgeb\u00e4ude zerst\u00f6rt und danach in kleinerem Umfang wieder aufgebaut, 1938, zum Tode von August Hanke wurde die Hank\u2019sche Fabrik endg\u00fcltig stillgelegt, das Fabrikgel\u00e4nde und die Fabrikgeb\u00e4ude wurden aber bis 1983 noch zur Erzeugung keramischer Produkte wohl unter Pacht von den Hank\u2018schen Erben von anderen Fabrikanten zum Beispiel Jean Maas genutzt, <strong>die 2 cm breite und 0,5 cm hohe Zusatzmarke Germany (als Halbkreisbogen nach oben offen), dient dem MEK als Identifizierungsstempel f\u00fcr nicht mit der Fabrikmarke versehene Fabrikate von Hanke<\/strong>, Ausf\u00fchrung als Elfenbeinsteinzeug sowie als Hohlbodenkanne, evtl. steht vor der Werks.-Nr. 70 noch die Zahl 1, ist sehr schwer zu erkennen, die Kanne hat keine Literangabe und keinen Eichstrich, MEK Nachmessung: 1,5 Liter,<br \/>\nH\u00f6he 25 cm, Breite 17 cm<\/p>\n<p><a href=\"http:\/\/museumek.eu\/?attachment_id=31885\" rel=\"attachment wp-att-31885\"><img loading=\"lazy\" src=\"http:\/\/museumek.eu\/wp-content\/uploads\/2014\/06\/815-165x300.jpg\" alt=\"\" title=\"815\" width=\"165\" height=\"300\" class=\"alignnone size-medium wp-image-31885\" srcset=\"https:\/\/museumek.eu\/wp-content\/uploads\/2014\/06\/815-165x300.jpg 165w, https:\/\/museumek.eu\/wp-content\/uploads\/2014\/06\/815-82x150.jpg 82w, https:\/\/museumek.eu\/wp-content\/uploads\/2014\/06\/815.jpg 376w\" sizes=\"(max-width: 165px) 100vw, 165px\" \/><\/a><\/p>\n<p><a href=\"http:\/\/museumek.eu\/?attachment_id=31886\" rel=\"attachment wp-att-31886\"><img loading=\"lazy\" src=\"http:\/\/museumek.eu\/wp-content\/uploads\/2014\/06\/816-178x300.jpg\" alt=\"\" title=\"816\" width=\"178\" height=\"300\" class=\"alignnone size-medium wp-image-31886\" srcset=\"https:\/\/museumek.eu\/wp-content\/uploads\/2014\/06\/816-178x300.jpg 178w, https:\/\/museumek.eu\/wp-content\/uploads\/2014\/06\/816-89x150.jpg 89w, https:\/\/museumek.eu\/wp-content\/uploads\/2014\/06\/816.jpg 421w\" sizes=\"(max-width: 178px) 100vw, 178px\" \/><\/a><\/p>\n<p><a href=\"http:\/\/museumek.eu\/?attachment_id=31887\" rel=\"attachment wp-att-31887\"><img loading=\"lazy\" src=\"http:\/\/museumek.eu\/wp-content\/uploads\/2014\/06\/817-145x300.jpg\" alt=\"\" title=\"817\" width=\"145\" height=\"300\" class=\"alignnone size-medium wp-image-31887\" srcset=\"https:\/\/museumek.eu\/wp-content\/uploads\/2014\/06\/817-145x300.jpg 145w, https:\/\/museumek.eu\/wp-content\/uploads\/2014\/06\/817-72x150.jpg 72w\" sizes=\"(max-width: 145px) 100vw, 145px\" \/><\/a><\/p>\n<p><a href=\"http:\/\/museumek.eu\/?attachment_id=31888\" rel=\"attachment wp-att-31888\"><img loading=\"lazy\" src=\"http:\/\/museumek.eu\/wp-content\/uploads\/2014\/06\/818-191x300.jpg\" alt=\"\" title=\"818\" width=\"191\" height=\"300\" class=\"alignnone size-medium wp-image-31888\" srcset=\"https:\/\/museumek.eu\/wp-content\/uploads\/2014\/06\/818-191x300.jpg 191w, https:\/\/museumek.eu\/wp-content\/uploads\/2014\/06\/818-95x150.jpg 95w, https:\/\/museumek.eu\/wp-content\/uploads\/2014\/06\/818.jpg 444w\" sizes=\"(max-width: 191px) 100vw, 191px\" \/><\/a><\/p>\n<p><a href=\"http:\/\/museumek.eu\/?attachment_id=31889\" rel=\"attachment wp-att-31889\"><img loading=\"lazy\" src=\"http:\/\/museumek.eu\/wp-content\/uploads\/2014\/06\/819-202x300.jpg\" alt=\"\" title=\"819\" width=\"202\" height=\"300\" class=\"alignnone size-medium wp-image-31889\" srcset=\"https:\/\/museumek.eu\/wp-content\/uploads\/2014\/06\/819-202x300.jpg 202w, https:\/\/museumek.eu\/wp-content\/uploads\/2014\/06\/819-101x150.jpg 101w, https:\/\/museumek.eu\/wp-content\/uploads\/2014\/06\/819.jpg 499w\" sizes=\"(max-width: 202px) 100vw, 202px\" \/><\/a><\/p>\n<p><a href=\"http:\/\/museumek.eu\/?attachment_id=31890\" rel=\"attachment wp-att-31890\"><img loading=\"lazy\" src=\"http:\/\/museumek.eu\/wp-content\/uploads\/2014\/06\/820-187x300.jpg\" alt=\"\" title=\"820\" width=\"187\" height=\"300\" class=\"alignnone size-medium wp-image-31890\" srcset=\"https:\/\/museumek.eu\/wp-content\/uploads\/2014\/06\/820-187x300.jpg 187w, https:\/\/museumek.eu\/wp-content\/uploads\/2014\/06\/820-93x150.jpg 93w\" sizes=\"(max-width: 187px) 100vw, 187px\" \/><\/a><\/p>\n<p><a href=\"http:\/\/museumek.eu\/?attachment_id=31891\" rel=\"attachment wp-att-31891\"><img loading=\"lazy\" src=\"http:\/\/museumek.eu\/wp-content\/uploads\/2014\/06\/821-218x300.jpg\" alt=\"\" title=\"821\" width=\"218\" height=\"300\" class=\"alignnone size-medium wp-image-31891\" srcset=\"https:\/\/museumek.eu\/wp-content\/uploads\/2014\/06\/821-218x300.jpg 218w, https:\/\/museumek.eu\/wp-content\/uploads\/2014\/06\/821-109x150.jpg 109w, https:\/\/museumek.eu\/wp-content\/uploads\/2014\/06\/821.jpg 436w\" sizes=\"(max-width: 218px) 100vw, 218px\" \/><\/a><\/p>\n<p><a href=\"http:\/\/museumek.eu\/?attachment_id=31892\" rel=\"attachment wp-att-31892\"><img loading=\"lazy\" src=\"http:\/\/museumek.eu\/wp-content\/uploads\/2014\/06\/822-242x300.jpg\" alt=\"\" title=\"822\" width=\"242\" height=\"300\" class=\"alignnone size-medium wp-image-31892\" srcset=\"https:\/\/museumek.eu\/wp-content\/uploads\/2014\/06\/822-242x300.jpg 242w, https:\/\/museumek.eu\/wp-content\/uploads\/2014\/06\/822-121x150.jpg 121w, https:\/\/museumek.eu\/wp-content\/uploads\/2014\/06\/822.jpg 485w\" sizes=\"(max-width: 242px) 100vw, 242px\" \/><\/a><\/p>\n<p><a href=\"http:\/\/museumek.eu\/?attachment_id=31893\" rel=\"attachment wp-att-31893\"><img loading=\"lazy\" src=\"http:\/\/museumek.eu\/wp-content\/uploads\/2014\/06\/823-244x300.jpg\" alt=\"\" title=\"823\" width=\"244\" height=\"300\" class=\"alignnone size-medium wp-image-31893\" srcset=\"https:\/\/museumek.eu\/wp-content\/uploads\/2014\/06\/823-244x300.jpg 244w, https:\/\/museumek.eu\/wp-content\/uploads\/2014\/06\/823-122x150.jpg 122w, https:\/\/museumek.eu\/wp-content\/uploads\/2014\/06\/823.jpg 489w\" sizes=\"(max-width: 244px) 100vw, 244px\" \/><\/a><\/p>\n<p><a href=\"http:\/\/museumek.eu\/?attachment_id=31894\" rel=\"attachment wp-att-31894\"><img loading=\"lazy\" src=\"http:\/\/museumek.eu\/wp-content\/uploads\/2014\/06\/824-262x300.jpg\" alt=\"\" title=\"824\" width=\"262\" height=\"300\" class=\"alignnone size-medium wp-image-31894\" srcset=\"https:\/\/museumek.eu\/wp-content\/uploads\/2014\/06\/824-262x300.jpg 262w, https:\/\/museumek.eu\/wp-content\/uploads\/2014\/06\/824-131x150.jpg 131w, https:\/\/museumek.eu\/wp-content\/uploads\/2014\/06\/824.jpg 525w\" sizes=\"(max-width: 262px) 100vw, 262px\" \/><\/a><\/p>\n<p><a href=\"http:\/\/museumek.eu\/?attachment_id=31895\" rel=\"attachment wp-att-31895\"><img loading=\"lazy\" src=\"http:\/\/museumek.eu\/wp-content\/uploads\/2014\/06\/825-251x300.jpg\" alt=\"\" title=\"825\" width=\"251\" height=\"300\" class=\"alignnone size-medium wp-image-31895\" srcset=\"https:\/\/museumek.eu\/wp-content\/uploads\/2014\/06\/825-251x300.jpg 251w, https:\/\/museumek.eu\/wp-content\/uploads\/2014\/06\/825-125x150.jpg 125w, https:\/\/museumek.eu\/wp-content\/uploads\/2014\/06\/825.jpg 502w\" sizes=\"(max-width: 251px) 100vw, 251px\" \/><\/a><\/p>\n<p><a href=\"http:\/\/museumek.eu\/?attachment_id=31896\" rel=\"attachment wp-att-31896\"><img loading=\"lazy\" src=\"http:\/\/museumek.eu\/wp-content\/uploads\/2014\/06\/826-300x244.jpg\" alt=\"\" title=\"826\" width=\"300\" height=\"244\" class=\"alignnone size-medium wp-image-31896\" srcset=\"https:\/\/museumek.eu\/wp-content\/uploads\/2014\/06\/826-300x244.jpg 300w, https:\/\/museumek.eu\/wp-content\/uploads\/2014\/06\/826-150x122.jpg 150w, https:\/\/museumek.eu\/wp-content\/uploads\/2014\/06\/826-368x300.jpg 368w, https:\/\/museumek.eu\/wp-content\/uploads\/2014\/06\/826.jpg 737w\" sizes=\"(max-width: 300px) 100vw, 300px\" \/><\/a><\/p>\n<p><a href=\"http:\/\/museumek.eu\/?attachment_id=31897\" rel=\"attachment wp-att-31897\"><img loading=\"lazy\" src=\"http:\/\/museumek.eu\/wp-content\/uploads\/2014\/06\/827-269x300.jpg\" alt=\"\" title=\"827\" width=\"269\" height=\"300\" class=\"alignnone size-medium wp-image-31897\" srcset=\"https:\/\/museumek.eu\/wp-content\/uploads\/2014\/06\/827-269x300.jpg 269w, https:\/\/museumek.eu\/wp-content\/uploads\/2014\/06\/827-134x150.jpg 134w, https:\/\/museumek.eu\/wp-content\/uploads\/2014\/06\/827.jpg 307w\" sizes=\"(max-width: 269px) 100vw, 269px\" \/><\/a><\/p>\n","protected":false},"excerpt":{"rendered":"<p>Abteilung Deutschland, Keramik 1860 \u2013 1960, Inventarnummer D\/LXX\/6 Reinhold Hanke Fabrik fein verzierter Steinzeugwaaren, vormals Reinhold Hanke Fabrik altdeutscher Steinzeug-Kr\u00fcge, Deutschland, H\u00f6hr, vor\/um 1884, Kanne, K\u00fcnstler unbekannt, Werks.-Nr. 70, Exemplar Nr. ohne, gemarkt Firmenmarke mit R. Hanke (als Halbkreisbogen nach &hellip; <a href=\"https:\/\/museumek.eu\/?page_id=31884\">Weiterlesen <span class=\"meta-nav\">&rarr;<\/span><\/a><\/p>\n","protected":false},"author":1,"featured_media":0,"parent":17731,"menu_order":6,"comment_status":"closed","ping_status":"open","template":"","meta":[],"_links":{"self":[{"href":"https:\/\/museumek.eu\/index.php?rest_route=\/wp\/v2\/pages\/31884"}],"collection":[{"href":"https:\/\/museumek.eu\/index.php?rest_route=\/wp\/v2\/pages"}],"about":[{"href":"https:\/\/museumek.eu\/index.php?rest_route=\/wp\/v2\/types\/page"}],"author":[{"embeddable":true,"href":"https:\/\/museumek.eu\/index.php?rest_route=\/wp\/v2\/users\/1"}],"replies":[{"embeddable":true,"href":"https:\/\/museumek.eu\/index.php?rest_route=%2Fwp%2Fv2%2Fcomments&post=31884"}],"version-history":[{"count":10,"href":"https:\/\/museumek.eu\/index.php?rest_route=\/wp\/v2\/pages\/31884\/revisions"}],"predecessor-version":[{"id":38160,"href":"https:\/\/museumek.eu\/index.php?rest_route=\/wp\/v2\/pages\/31884\/revisions\/38160"}],"up":[{"embeddable":true,"href":"https:\/\/museumek.eu\/index.php?rest_route=\/wp\/v2\/pages\/17731"}],"wp:attachment":[{"href":"https:\/\/museumek.eu\/index.php?rest_route=%2Fwp%2Fv2%2Fmedia&parent=31884"}],"curies":[{"name":"wp","href":"https:\/\/api.w.org\/{rel}","templated":true}]}}