{"id":35045,"date":"2014-12-22T13:42:04","date_gmt":"2014-12-22T12:42:04","guid":{"rendered":"http:\/\/museumek.eu\/?page_id=35045"},"modified":"2015-07-12T14:50:50","modified_gmt":"2015-07-12T12:50:50","slug":"dxxxvii39","status":"publish","type":"page","link":"https:\/\/museumek.eu\/?page_id=35045","title":{"rendered":"D\/XXXVII\/39"},"content":{"rendered":"<p><strong>Abteilung Deutschland, Keramik 1860 \u2013 1960, Inventarnummer D\/XXXVII\/39<\/strong><\/p>\n<p>Thonwaaren \u2013 Fabrik Marzi &#038; Remy, Deutschland, H\u00f6hr, vor 1900, Seidel, K\u00fcnstler Gustav Thinwiebel, Werks.-Nr. 972, Exemplar Nr. ohne, gemarkt keine Firmenmarke aber 972, 9 sowie \u00bd L. neben Eichstrich gepresst, GT. (f\u00fcr Gustav Thinwiebel) geritzt sowie 4 Striche geritzt (ungedeutet), Markung im Zinndeckel R M &#038; R Zinn (Zinn unvollst\u00e4ndig) f\u00fcr Marzi &#038; Remy Reichszinn, signiert GT, Literatur: J\u00fcrgen Schimanski, Braun geflammt und grau gesalzen, Seite 203, Beschreibung der Fabrik, au\u00dferdem dort beschrieben, dass eine eigene Firmenmarke (Anmerkung MEK: die stilisierte T\u00f6pfermarke, bestehend aus Mittelachse, daran Antriebstretscheibe, diese immer in einem quadratischen oder trapezf\u00f6rmigen Rahmen) erst Anfang der 1920\u2018 Jahre eingef\u00fchrt worden ist und dass Erzeugnisse der fr\u00fcheren Jahre oft mit dem Schriftzug \u201eGesetzl. Gesch\u00fctzt\u201c (Anmerkung MEK: richtige Schreibweise des Stempels eigentlich mit Gro\u00dfbuchstaben und nicht wie bei Schimanski klein geschrieben, also GESETZL. GESCH\u00dcTZT) gemarkt sind, dieser Beschreibung stimmt das MEK bez\u00fcglich der Firmenmarke nicht zu, das MEK Exemplar D\/XXXVII\/64 widerlegt diese Aussage, vor, bis um 1900, wurde der M &#038; R. darunter H. in einem Rechteck Stempel verwendet, diesen gibt es auch noch als ausgeschriebene Variante (MARZI &#038; REMY darunter H\u00d6HR.), dann nicht in einem Rechteck, sogar mit dem Zusatzstempel GESETZL. GESCH\u00dcTZT, siehe <strong>http:\/\/www.steinmarks.co.uk\/pages\/pv.asp?p=stein164<\/strong>, dort unter Marzi &#038; Remy diese Stempelvariante abgebildet als auch die Stempelvariante des oben genannten MEK Exemplares, M &#038; R. darunter H. steht <strong>nicht<\/strong> f\u00fcr Merkelbach &#038; Remy, einer Westerw\u00e4lder Fabrik, die in der gleichen Zeit produzierte und f\u00fcr die bisher in der Fachliteratur noch keine Firmenmarke nachgewiesen worden ist, weil sich diese Fabrik in Grenzhausen und nicht in H\u00f6hr befand, bis 1936 waren die beiden Ortschaften eigenst\u00e4ndig und wurden erst am 01.04.1936 zusammen mit der Gemeinde Grenzau zu H\u00f6hr-Grenzhausen zusammengeschlossen, die Fabrik wurde 1879 von Anton Marzi und seinem Schwager Simon Peter Remy in H\u00f6hr gegr\u00fcndet und firmierte als Thonwaaren \u2013 Fabrik Marzi &#038; Remy, ab 1881 wurde eine eigene Zinngie\u00dferei angeschafft und ab 1883 neben dem grau \u2013 blau salzglasiertem Steinzeug auch Elfenbeinsteinzeug produziert, Simon Peter Remy verstarb 1919 und sein Sohn Werner Remy trat in die Fabrik ein, 1924 verstarb Anton Marzi und sein Schwiegersohn Johann Otto B\u00fchler trat in die Fabrik ein, Werner Remy verlie\u00df 1931 die Fabrik, 1941 trat Johann Otto B\u00fchlers Sohn Otto B\u00fchler in die Fabrik ein und 1953 dessen Sohn Otto Georg B\u00fchler, die Fabrik war bis zum Konkurs in den 1990\u2018 Jahren immer in Familienbesitz, <strong>der 0,4 cm hohe und 1,4 cm breite \u00bd L. rechts neben Eichstrich Stempel, dient dem MEK als Identifizierungsstempel f\u00fcr nicht mit einer Firmenmarke versehene Fabrikate von Marzi &#038; Remy, au\u00dferdem dient der Identifizierung die aufgetragene wulstige Lasche, unterhalb der Zinnmonturbefestigung am Henkel<\/strong>, Ausf\u00fchrung als<br \/>\nElfenbeinsteinzeug mit Hohlboden, Dekor geritzt,<br \/>\nH\u00f6he 17,2 cm, Breite 13,5 cm (nur die Keramik)<\/p>\n<p><a href=\"http:\/\/museumek.eu\/?attachment_id=35046\" rel=\"attachment wp-att-35046\"><img loading=\"lazy\" src=\"http:\/\/museumek.eu\/wp-content\/uploads\/2014\/12\/1015-143x300.jpg\" alt=\"\" title=\"1015\" width=\"143\" height=\"300\" class=\"alignnone size-medium wp-image-35046\" srcset=\"https:\/\/museumek.eu\/wp-content\/uploads\/2014\/12\/1015-143x300.jpg 143w, https:\/\/museumek.eu\/wp-content\/uploads\/2014\/12\/1015-71x150.jpg 71w, https:\/\/museumek.eu\/wp-content\/uploads\/2014\/12\/1015.jpg 382w\" sizes=\"(max-width: 143px) 100vw, 143px\" \/><\/a><\/p>\n<p><a href=\"http:\/\/museumek.eu\/?attachment_id=35047\" rel=\"attachment wp-att-35047\"><img loading=\"lazy\" src=\"http:\/\/museumek.eu\/wp-content\/uploads\/2014\/12\/1016-129x300.jpg\" alt=\"\" title=\"1016\" width=\"129\" height=\"300\" class=\"alignnone size-medium wp-image-35047\" srcset=\"https:\/\/museumek.eu\/wp-content\/uploads\/2014\/12\/1016-129x300.jpg 129w, https:\/\/museumek.eu\/wp-content\/uploads\/2014\/12\/1016-64x150.jpg 64w\" sizes=\"(max-width: 129px) 100vw, 129px\" \/><\/a><\/p>\n<p><a href=\"http:\/\/museumek.eu\/?attachment_id=35048\" rel=\"attachment wp-att-35048\"><img loading=\"lazy\" src=\"http:\/\/museumek.eu\/wp-content\/uploads\/2014\/12\/1017-177x300.jpg\" alt=\"\" title=\"1017\" width=\"177\" height=\"300\" class=\"alignnone size-medium wp-image-35048\" srcset=\"https:\/\/museumek.eu\/wp-content\/uploads\/2014\/12\/1017-177x300.jpg 177w, https:\/\/museumek.eu\/wp-content\/uploads\/2014\/12\/1017-88x150.jpg 88w, https:\/\/museumek.eu\/wp-content\/uploads\/2014\/12\/1017.jpg 420w\" sizes=\"(max-width: 177px) 100vw, 177px\" \/><\/a><\/p>\n<p><a href=\"http:\/\/museumek.eu\/?attachment_id=35049\" rel=\"attachment wp-att-35049\"><img loading=\"lazy\" src=\"http:\/\/museumek.eu\/wp-content\/uploads\/2014\/12\/1018-179x300.jpg\" alt=\"\" title=\"1018\" width=\"179\" height=\"300\" class=\"alignnone size-medium wp-image-35049\" srcset=\"https:\/\/museumek.eu\/wp-content\/uploads\/2014\/12\/1018-179x300.jpg 179w, https:\/\/museumek.eu\/wp-content\/uploads\/2014\/12\/1018-89x150.jpg 89w, https:\/\/museumek.eu\/wp-content\/uploads\/2014\/12\/1018.jpg 436w\" sizes=\"(max-width: 179px) 100vw, 179px\" \/><\/a><\/p>\n<p><a href=\"http:\/\/museumek.eu\/?attachment_id=35050\" rel=\"attachment wp-att-35050\"><img loading=\"lazy\" src=\"http:\/\/museumek.eu\/wp-content\/uploads\/2014\/12\/1019-124x300.jpg\" alt=\"\" title=\"1019\" width=\"124\" height=\"300\" class=\"alignnone size-medium wp-image-35050\" srcset=\"https:\/\/museumek.eu\/wp-content\/uploads\/2014\/12\/1019-124x300.jpg 124w, https:\/\/museumek.eu\/wp-content\/uploads\/2014\/12\/1019-62x150.jpg 62w\" sizes=\"(max-width: 124px) 100vw, 124px\" \/><\/a><\/p>\n<p><a href=\"http:\/\/museumek.eu\/?attachment_id=35051\" rel=\"attachment wp-att-35051\"><img loading=\"lazy\" src=\"http:\/\/museumek.eu\/wp-content\/uploads\/2014\/12\/1020-300x247.jpg\" alt=\"\" title=\"1020\" width=\"300\" height=\"247\" class=\"alignnone size-medium wp-image-35051\" srcset=\"https:\/\/museumek.eu\/wp-content\/uploads\/2014\/12\/1020-300x247.jpg 300w, https:\/\/museumek.eu\/wp-content\/uploads\/2014\/12\/1020-150x123.jpg 150w, https:\/\/museumek.eu\/wp-content\/uploads\/2014\/12\/1020-363x300.jpg 363w, https:\/\/museumek.eu\/wp-content\/uploads\/2014\/12\/1020.jpg 727w\" sizes=\"(max-width: 300px) 100vw, 300px\" \/><\/a><\/p>\n<p><a href=\"http:\/\/museumek.eu\/?attachment_id=35052\" rel=\"attachment wp-att-35052\"><img loading=\"lazy\" src=\"http:\/\/museumek.eu\/wp-content\/uploads\/2014\/12\/1021-300x234.jpg\" alt=\"\" title=\"1021\" width=\"300\" height=\"234\" class=\"alignnone size-medium wp-image-35052\" srcset=\"https:\/\/museumek.eu\/wp-content\/uploads\/2014\/12\/1021-300x234.jpg 300w, https:\/\/museumek.eu\/wp-content\/uploads\/2014\/12\/1021-150x117.jpg 150w, https:\/\/museumek.eu\/wp-content\/uploads\/2014\/12\/1021-383x300.jpg 383w, https:\/\/museumek.eu\/wp-content\/uploads\/2014\/12\/1021.jpg 767w\" sizes=\"(max-width: 300px) 100vw, 300px\" \/><\/a><\/p>\n<p><a href=\"http:\/\/museumek.eu\/?attachment_id=35053\" rel=\"attachment wp-att-35053\"><img loading=\"lazy\" src=\"http:\/\/museumek.eu\/wp-content\/uploads\/2014\/12\/1022-300x198.jpg\" alt=\"\" title=\"1022\" width=\"300\" height=\"198\" class=\"alignnone size-medium wp-image-35053\" srcset=\"https:\/\/museumek.eu\/wp-content\/uploads\/2014\/12\/1022-300x198.jpg 300w, https:\/\/museumek.eu\/wp-content\/uploads\/2014\/12\/1022-150x99.jpg 150w, https:\/\/museumek.eu\/wp-content\/uploads\/2014\/12\/1022-454x300.jpg 454w, https:\/\/museumek.eu\/wp-content\/uploads\/2014\/12\/1022.jpg 800w\" sizes=\"(max-width: 300px) 100vw, 300px\" \/><\/a><\/p>\n<p><a href=\"http:\/\/museumek.eu\/?attachment_id=35054\" rel=\"attachment wp-att-35054\"><img loading=\"lazy\" src=\"http:\/\/museumek.eu\/wp-content\/uploads\/2014\/12\/1023-300x218.jpg\" alt=\"\" title=\"1023\" width=\"300\" height=\"218\" class=\"alignnone size-medium wp-image-35054\" srcset=\"https:\/\/museumek.eu\/wp-content\/uploads\/2014\/12\/1023-300x218.jpg 300w, https:\/\/museumek.eu\/wp-content\/uploads\/2014\/12\/1023-150x109.jpg 150w, https:\/\/museumek.eu\/wp-content\/uploads\/2014\/12\/1023-411x300.jpg 411w, https:\/\/museumek.eu\/wp-content\/uploads\/2014\/12\/1023.jpg 450w\" sizes=\"(max-width: 300px) 100vw, 300px\" \/><\/a><\/p>\n<p><a href=\"http:\/\/museumek.eu\/?attachment_id=35055\" rel=\"attachment wp-att-35055\"><img loading=\"lazy\" src=\"http:\/\/museumek.eu\/wp-content\/uploads\/2014\/12\/1024-300x203.jpg\" alt=\"\" title=\"1024\" width=\"300\" height=\"203\" class=\"alignnone size-medium wp-image-35055\" srcset=\"https:\/\/museumek.eu\/wp-content\/uploads\/2014\/12\/1024-300x203.jpg 300w, https:\/\/museumek.eu\/wp-content\/uploads\/2014\/12\/1024-150x101.jpg 150w, https:\/\/museumek.eu\/wp-content\/uploads\/2014\/12\/1024-442x300.jpg 442w, https:\/\/museumek.eu\/wp-content\/uploads\/2014\/12\/1024.jpg 638w\" sizes=\"(max-width: 300px) 100vw, 300px\" \/><\/a><\/p>\n","protected":false},"excerpt":{"rendered":"<p>Abteilung Deutschland, Keramik 1860 \u2013 1960, Inventarnummer D\/XXXVII\/39 Thonwaaren \u2013 Fabrik Marzi &#038; Remy, Deutschland, H\u00f6hr, vor 1900, Seidel, K\u00fcnstler Gustav Thinwiebel, Werks.-Nr. 972, Exemplar Nr. ohne, gemarkt keine Firmenmarke aber 972, 9 sowie \u00bd L. neben Eichstrich gepresst, GT. &hellip; <a href=\"https:\/\/museumek.eu\/?page_id=35045\">Weiterlesen <span class=\"meta-nav\">&rarr;<\/span><\/a><\/p>\n","protected":false},"author":1,"featured_media":0,"parent":34205,"menu_order":39,"comment_status":"closed","ping_status":"open","template":"","meta":[],"_links":{"self":[{"href":"https:\/\/museumek.eu\/index.php?rest_route=\/wp\/v2\/pages\/35045"}],"collection":[{"href":"https:\/\/museumek.eu\/index.php?rest_route=\/wp\/v2\/pages"}],"about":[{"href":"https:\/\/museumek.eu\/index.php?rest_route=\/wp\/v2\/types\/page"}],"author":[{"embeddable":true,"href":"https:\/\/museumek.eu\/index.php?rest_route=\/wp\/v2\/users\/1"}],"replies":[{"embeddable":true,"href":"https:\/\/museumek.eu\/index.php?rest_route=%2Fwp%2Fv2%2Fcomments&post=35045"}],"version-history":[{"count":12,"href":"https:\/\/museumek.eu\/index.php?rest_route=\/wp\/v2\/pages\/35045\/revisions"}],"predecessor-version":[{"id":42194,"href":"https:\/\/museumek.eu\/index.php?rest_route=\/wp\/v2\/pages\/35045\/revisions\/42194"}],"up":[{"embeddable":true,"href":"https:\/\/museumek.eu\/index.php?rest_route=\/wp\/v2\/pages\/34205"}],"wp:attachment":[{"href":"https:\/\/museumek.eu\/index.php?rest_route=%2Fwp%2Fv2%2Fmedia&parent=35045"}],"curies":[{"name":"wp","href":"https:\/\/api.w.org\/{rel}","templated":true}]}}