{"id":36684,"date":"2015-02-15T18:27:41","date_gmt":"2015-02-15T17:27:41","guid":{"rendered":"http:\/\/museumek.eu\/?page_id=36684"},"modified":"2015-02-15T18:29:02","modified_gmt":"2015-02-15T17:29:02","slug":"dxlix8","status":"publish","type":"page","link":"https:\/\/museumek.eu\/?page_id=36684","title":{"rendered":"D\/XLIX\/8"},"content":{"rendered":"<p><strong>Abteilung Deutschland, Keramik 1860 \u2013 1960, Inventarnummer D\/XLIX\/8<\/strong><\/p>\n<p>Simon Peter Gerz I. GmbH Fabrik fein verzierter Gebrauchs- und Luxusgegenst\u00e4nde und Vorg\u00e4nger Simon Peter Gerz I. Fabrik antiker reichverzierter Steinzeugwaaren, Deutschland, H\u00f6hr, um 1930, Bowle, K\u00fcnstler unbekannt, Werks.-Nr. 3361, Exemplar Nr. ohne, gemarkt Firmenmarke mit einem Krug in einem Dreieck, MADE IN GERMANY, 3361 sowie zweimal 4 L (einmal im Deckel und einmal am Boden) gepresst, nicht signiert, Literatur: Gisela Reineking von Bock, Meister der deutschen Keramik, Seite 329, Marke Nr. 212 identisch, weitere Literatur: J\u00fcrgen Schimanski und J\u00fcrgen Erlebach, Westerw\u00e4lder Steinzeug, Die Neue \u00c4ra, Seite 44 ff., Beschreibung der Fabrik sowie Seite 44, Marke Nr. 6 identisch, weitere Literatur: J\u00fcrgen Schimanski, Braun geflammt und grau gesalzen, Seite 197, Beschreibung der Fabrik, Beschreibung, dass die Modellnummern ab 3.200 ab den sp\u00e4ten 1920\u2019 Jahren verwendet worden sind sowie Marke Nr. 6 identisch, die Fabrik wurde 1857 von Simon Peter Gerz I (geb. 13.09.1830, gest. 12.09.1893) gegr\u00fcndet, die Registereintragung erfolgte aber erst 1862, insofern ist das Jahr 1862 das amtliche Gr\u00fcndungsdatum, bisher konnte in keiner Literatur eine Erkl\u00e4rung gefunden werden, warum Gerz seinem Namen eine r\u00f6mische I anf\u00fcgte, recherchiert werden konnte, dass es noch einen Steinzeugfabrikanten namens Simon Peter Gerz II (geb. 1833, gest. 1908) gab und dass dieser der Vater von Alois Jacob Gerz, dem Mitbegr\u00fcnder der Steinzeugfabrik Rosskopf &#038; Gerz war, 1867 erhielt die Fabrik das Pr\u00e4dikat eines Hoflieferanten des Herzog von Nassau, 1893 (Gerz Tod) wurde der Schwiegersohn Alphons William Loetschert Inhaber, sehr wahrscheinlich wurde um diese Zeit auch die Fabrikmarke SPG I in einem Kreis in die Dreieckmarke mit einem Krug ge\u00e4ndert, sp\u00e4testens aber sicher 1897, 1897 wurde die Pfeiffenfabrik M\u00fcllenbach &#038; Thewalt Mitinhaber und eine GmbH wurde gegr\u00fcndet (Gr\u00fcndungsdatum: 05.08.1897), die Fabrik bestand bis 1997, Ausf\u00fchrung als 4 Liter Bowle,<br \/>\nH\u00f6he 31 cm, Breite 30 cm<\/p>\n<p><a href=\"http:\/\/museumek.eu\/?attachment_id=36685\" rel=\"attachment wp-att-36685\"><img loading=\"lazy\" src=\"http:\/\/museumek.eu\/wp-content\/uploads\/2015\/02\/2205-269x300.jpg\" alt=\"\" title=\"2205\" width=\"269\" height=\"300\" class=\"alignnone size-medium wp-image-36685\" srcset=\"https:\/\/museumek.eu\/wp-content\/uploads\/2015\/02\/2205-269x300.jpg 269w, https:\/\/museumek.eu\/wp-content\/uploads\/2015\/02\/2205-134x150.jpg 134w, https:\/\/museumek.eu\/wp-content\/uploads\/2015\/02\/2205.jpg 600w\" sizes=\"(max-width: 269px) 100vw, 269px\" \/><\/a><\/p>\n<p><a href=\"http:\/\/museumek.eu\/?attachment_id=36686\" rel=\"attachment wp-att-36686\"><img loading=\"lazy\" src=\"http:\/\/museumek.eu\/wp-content\/uploads\/2015\/02\/2206-212x300.jpg\" alt=\"\" title=\"2206\" width=\"212\" height=\"300\" class=\"alignnone size-medium wp-image-36686\" srcset=\"https:\/\/museumek.eu\/wp-content\/uploads\/2015\/02\/2206-212x300.jpg 212w, https:\/\/museumek.eu\/wp-content\/uploads\/2015\/02\/2206-106x150.jpg 106w, https:\/\/museumek.eu\/wp-content\/uploads\/2015\/02\/2206.jpg 566w\" sizes=\"(max-width: 212px) 100vw, 212px\" \/><\/a><\/p>\n<p><a href=\"http:\/\/museumek.eu\/?attachment_id=36687\" rel=\"attachment wp-att-36687\"><img loading=\"lazy\" src=\"http:\/\/museumek.eu\/wp-content\/uploads\/2015\/02\/2207-203x300.jpg\" alt=\"\" title=\"2207\" width=\"203\" height=\"300\" class=\"alignnone size-medium wp-image-36687\" srcset=\"https:\/\/museumek.eu\/wp-content\/uploads\/2015\/02\/2207-203x300.jpg 203w, https:\/\/museumek.eu\/wp-content\/uploads\/2015\/02\/2207-101x150.jpg 101w, https:\/\/museumek.eu\/wp-content\/uploads\/2015\/02\/2207.jpg 542w\" sizes=\"(max-width: 203px) 100vw, 203px\" \/><\/a><\/p>\n<p><a href=\"http:\/\/museumek.eu\/?attachment_id=36688\" rel=\"attachment wp-att-36688\"><img loading=\"lazy\" src=\"http:\/\/museumek.eu\/wp-content\/uploads\/2015\/02\/2208-260x300.jpg\" alt=\"\" title=\"2208\" width=\"260\" height=\"300\" class=\"alignnone size-medium wp-image-36688\" srcset=\"https:\/\/museumek.eu\/wp-content\/uploads\/2015\/02\/2208-260x300.jpg 260w, https:\/\/museumek.eu\/wp-content\/uploads\/2015\/02\/2208-130x150.jpg 130w, https:\/\/museumek.eu\/wp-content\/uploads\/2015\/02\/2208.jpg 600w\" sizes=\"(max-width: 260px) 100vw, 260px\" \/><\/a><\/p>\n<p><a href=\"http:\/\/museumek.eu\/?attachment_id=36689\" rel=\"attachment wp-att-36689\"><img loading=\"lazy\" src=\"http:\/\/museumek.eu\/wp-content\/uploads\/2015\/02\/2209-213x300.jpg\" alt=\"\" title=\"2209\" width=\"213\" height=\"300\" class=\"alignnone size-medium wp-image-36689\" srcset=\"https:\/\/museumek.eu\/wp-content\/uploads\/2015\/02\/2209-213x300.jpg 213w, https:\/\/museumek.eu\/wp-content\/uploads\/2015\/02\/2209-106x150.jpg 106w, https:\/\/museumek.eu\/wp-content\/uploads\/2015\/02\/2209.jpg 569w\" sizes=\"(max-width: 213px) 100vw, 213px\" \/><\/a><\/p>\n<p><a href=\"http:\/\/museumek.eu\/?attachment_id=36697\" rel=\"attachment wp-att-36697\"><img loading=\"lazy\" src=\"http:\/\/museumek.eu\/wp-content\/uploads\/2015\/02\/2221-282x300.jpg\" alt=\"\" title=\"2221\" width=\"282\" height=\"300\" class=\"alignnone size-medium wp-image-36697\" srcset=\"https:\/\/museumek.eu\/wp-content\/uploads\/2015\/02\/2221-282x300.jpg 282w, https:\/\/museumek.eu\/wp-content\/uploads\/2015\/02\/2221-141x150.jpg 141w, https:\/\/museumek.eu\/wp-content\/uploads\/2015\/02\/2221.jpg 600w\" sizes=\"(max-width: 282px) 100vw, 282px\" \/><\/a><\/p>\n<p><a href=\"http:\/\/museumek.eu\/?attachment_id=36698\" rel=\"attachment wp-att-36698\"><img loading=\"lazy\" src=\"http:\/\/museumek.eu\/wp-content\/uploads\/2015\/02\/2222-279x300.jpg\" alt=\"\" title=\"2222\" width=\"279\" height=\"300\" class=\"alignnone size-medium wp-image-36698\" srcset=\"https:\/\/museumek.eu\/wp-content\/uploads\/2015\/02\/2222-279x300.jpg 279w, https:\/\/museumek.eu\/wp-content\/uploads\/2015\/02\/2222-139x150.jpg 139w, https:\/\/museumek.eu\/wp-content\/uploads\/2015\/02\/2222.jpg 600w\" sizes=\"(max-width: 279px) 100vw, 279px\" \/><\/a><\/p>\n<p><a href=\"http:\/\/museumek.eu\/?attachment_id=36699\" rel=\"attachment wp-att-36699\"><img loading=\"lazy\" src=\"http:\/\/museumek.eu\/wp-content\/uploads\/2015\/02\/2223-286x300.jpg\" alt=\"\" title=\"2223\" width=\"286\" height=\"300\" class=\"alignnone size-medium wp-image-36699\" srcset=\"https:\/\/museumek.eu\/wp-content\/uploads\/2015\/02\/2223-286x300.jpg 286w, https:\/\/museumek.eu\/wp-content\/uploads\/2015\/02\/2223-143x150.jpg 143w, https:\/\/museumek.eu\/wp-content\/uploads\/2015\/02\/2223.jpg 600w\" sizes=\"(max-width: 286px) 100vw, 286px\" \/><\/a><\/p>\n<p><a href=\"http:\/\/museumek.eu\/?attachment_id=36700\" rel=\"attachment wp-att-36700\"><img loading=\"lazy\" src=\"http:\/\/museumek.eu\/wp-content\/uploads\/2015\/02\/2224-283x300.jpg\" alt=\"\" title=\"2224\" width=\"283\" height=\"300\" class=\"alignnone size-medium wp-image-36700\" srcset=\"https:\/\/museumek.eu\/wp-content\/uploads\/2015\/02\/2224-283x300.jpg 283w, https:\/\/museumek.eu\/wp-content\/uploads\/2015\/02\/2224-141x150.jpg 141w, https:\/\/museumek.eu\/wp-content\/uploads\/2015\/02\/2224.jpg 600w\" sizes=\"(max-width: 283px) 100vw, 283px\" \/><\/a><\/p>\n<p><a href=\"http:\/\/museumek.eu\/?attachment_id=36701\" rel=\"attachment wp-att-36701\"><img loading=\"lazy\" src=\"http:\/\/museumek.eu\/wp-content\/uploads\/2015\/02\/2225-280x300.jpg\" alt=\"\" title=\"2225\" width=\"280\" height=\"300\" class=\"alignnone size-medium wp-image-36701\" srcset=\"https:\/\/museumek.eu\/wp-content\/uploads\/2015\/02\/2225-280x300.jpg 280w, https:\/\/museumek.eu\/wp-content\/uploads\/2015\/02\/2225-140x150.jpg 140w, https:\/\/museumek.eu\/wp-content\/uploads\/2015\/02\/2225.jpg 600w\" sizes=\"(max-width: 280px) 100vw, 280px\" \/><\/a><\/p>\n<p><a href=\"http:\/\/museumek.eu\/?attachment_id=36702\" rel=\"attachment wp-att-36702\"><img loading=\"lazy\" src=\"http:\/\/museumek.eu\/wp-content\/uploads\/2015\/02\/2226-276x300.jpg\" alt=\"\" title=\"2226\" width=\"276\" height=\"300\" class=\"alignnone size-medium wp-image-36702\" srcset=\"https:\/\/museumek.eu\/wp-content\/uploads\/2015\/02\/2226-276x300.jpg 276w, https:\/\/museumek.eu\/wp-content\/uploads\/2015\/02\/2226-138x150.jpg 138w, https:\/\/museumek.eu\/wp-content\/uploads\/2015\/02\/2226.jpg 600w\" sizes=\"(max-width: 276px) 100vw, 276px\" \/><\/a><\/p>\n<p><a href=\"http:\/\/museumek.eu\/?attachment_id=36690\" rel=\"attachment wp-att-36690\"><img loading=\"lazy\" src=\"http:\/\/museumek.eu\/wp-content\/uploads\/2015\/02\/2449-215x300.jpg\" alt=\"\" title=\"2449\" width=\"215\" height=\"300\" class=\"alignnone size-medium wp-image-36690\" srcset=\"https:\/\/museumek.eu\/wp-content\/uploads\/2015\/02\/2449-215x300.jpg 215w, https:\/\/museumek.eu\/wp-content\/uploads\/2015\/02\/2449-107x150.jpg 107w, https:\/\/museumek.eu\/wp-content\/uploads\/2015\/02\/2449.jpg 574w\" sizes=\"(max-width: 215px) 100vw, 215px\" \/><\/a><\/p>\n<p><a href=\"http:\/\/museumek.eu\/?attachment_id=36691\" rel=\"attachment wp-att-36691\"><img loading=\"lazy\" src=\"http:\/\/museumek.eu\/wp-content\/uploads\/2015\/02\/2215-300x264.jpg\" alt=\"\" title=\"2215\" width=\"300\" height=\"264\" class=\"alignnone size-medium wp-image-36691\" srcset=\"https:\/\/museumek.eu\/wp-content\/uploads\/2015\/02\/2215-300x264.jpg 300w, https:\/\/museumek.eu\/wp-content\/uploads\/2015\/02\/2215-150x132.jpg 150w, https:\/\/museumek.eu\/wp-content\/uploads\/2015\/02\/2215-340x300.jpg 340w, https:\/\/museumek.eu\/wp-content\/uploads\/2015\/02\/2215.jpg 681w\" sizes=\"(max-width: 300px) 100vw, 300px\" \/><\/a><\/p>\n<p><a href=\"http:\/\/museumek.eu\/?attachment_id=36692\" rel=\"attachment wp-att-36692\"><img loading=\"lazy\" src=\"http:\/\/museumek.eu\/wp-content\/uploads\/2015\/02\/2216-300x225.jpg\" alt=\"\" title=\"2216\" width=\"300\" height=\"225\" class=\"alignnone size-medium wp-image-36692\" srcset=\"https:\/\/museumek.eu\/wp-content\/uploads\/2015\/02\/2216-300x225.jpg 300w, https:\/\/museumek.eu\/wp-content\/uploads\/2015\/02\/2216-150x112.jpg 150w, https:\/\/museumek.eu\/wp-content\/uploads\/2015\/02\/2216-398x300.jpg 398w, https:\/\/museumek.eu\/wp-content\/uploads\/2015\/02\/2216.jpg 797w\" sizes=\"(max-width: 300px) 100vw, 300px\" \/><\/a><\/p>\n<p><a href=\"http:\/\/museumek.eu\/?attachment_id=36693\" rel=\"attachment wp-att-36693\"><img loading=\"lazy\" src=\"http:\/\/museumek.eu\/wp-content\/uploads\/2015\/02\/2217-279x300.jpg\" alt=\"\" title=\"2217\" width=\"279\" height=\"300\" class=\"alignnone size-medium wp-image-36693\" srcset=\"https:\/\/museumek.eu\/wp-content\/uploads\/2015\/02\/2217-279x300.jpg 279w, https:\/\/museumek.eu\/wp-content\/uploads\/2015\/02\/2217-139x150.jpg 139w, https:\/\/museumek.eu\/wp-content\/uploads\/2015\/02\/2217.jpg 600w\" sizes=\"(max-width: 279px) 100vw, 279px\" \/><\/a><\/p>\n<p><a href=\"http:\/\/museumek.eu\/?attachment_id=36694\" rel=\"attachment wp-att-36694\"><img loading=\"lazy\" src=\"http:\/\/museumek.eu\/wp-content\/uploads\/2015\/02\/2218-300x290.jpg\" alt=\"\" title=\"2218\" width=\"300\" height=\"290\" class=\"alignnone size-medium wp-image-36694\" srcset=\"https:\/\/museumek.eu\/wp-content\/uploads\/2015\/02\/2218-300x290.jpg 300w, https:\/\/museumek.eu\/wp-content\/uploads\/2015\/02\/2218-150x145.jpg 150w, https:\/\/museumek.eu\/wp-content\/uploads\/2015\/02\/2218-309x300.jpg 309w, https:\/\/museumek.eu\/wp-content\/uploads\/2015\/02\/2218.jpg 619w\" sizes=\"(max-width: 300px) 100vw, 300px\" \/><\/a><\/p>\n<p><a href=\"http:\/\/museumek.eu\/?attachment_id=36695\" rel=\"attachment wp-att-36695\"><img loading=\"lazy\" src=\"http:\/\/museumek.eu\/wp-content\/uploads\/2015\/02\/2219-300x219.jpg\" alt=\"\" title=\"2219\" width=\"300\" height=\"219\" class=\"alignnone size-medium wp-image-36695\" srcset=\"https:\/\/museumek.eu\/wp-content\/uploads\/2015\/02\/2219-300x219.jpg 300w, https:\/\/museumek.eu\/wp-content\/uploads\/2015\/02\/2219-150x109.jpg 150w, https:\/\/museumek.eu\/wp-content\/uploads\/2015\/02\/2219-409x300.jpg 409w, https:\/\/museumek.eu\/wp-content\/uploads\/2015\/02\/2219.jpg 800w\" sizes=\"(max-width: 300px) 100vw, 300px\" \/><\/a><\/p>\n<p><a href=\"http:\/\/museumek.eu\/?attachment_id=36696\" rel=\"attachment wp-att-36696\"><img loading=\"lazy\" src=\"http:\/\/museumek.eu\/wp-content\/uploads\/2015\/02\/2220-300x273.jpg\" alt=\"\" title=\"2220\" width=\"300\" height=\"273\" class=\"alignnone size-medium wp-image-36696\" srcset=\"https:\/\/museumek.eu\/wp-content\/uploads\/2015\/02\/2220-300x273.jpg 300w, https:\/\/museumek.eu\/wp-content\/uploads\/2015\/02\/2220-150x136.jpg 150w, https:\/\/museumek.eu\/wp-content\/uploads\/2015\/02\/2220-329x300.jpg 329w, https:\/\/museumek.eu\/wp-content\/uploads\/2015\/02\/2220.jpg 659w\" sizes=\"(max-width: 300px) 100vw, 300px\" \/><\/a><\/p>\n<p><a href=\"http:\/\/museumek.eu\/?attachment_id=36703\" rel=\"attachment wp-att-36703\"><img loading=\"lazy\" src=\"http:\/\/museumek.eu\/wp-content\/uploads\/2015\/02\/2210-300x207.jpg\" alt=\"\" title=\"2210\" width=\"300\" height=\"207\" class=\"alignnone size-medium wp-image-36703\" srcset=\"https:\/\/museumek.eu\/wp-content\/uploads\/2015\/02\/2210-300x207.jpg 300w, https:\/\/museumek.eu\/wp-content\/uploads\/2015\/02\/2210-150x103.jpg 150w, https:\/\/museumek.eu\/wp-content\/uploads\/2015\/02\/2210-433x300.jpg 433w, https:\/\/museumek.eu\/wp-content\/uploads\/2015\/02\/2210.jpg 800w\" sizes=\"(max-width: 300px) 100vw, 300px\" \/><\/a><\/p>\n<p><a href=\"http:\/\/museumek.eu\/?attachment_id=36704\" rel=\"attachment wp-att-36704\"><img loading=\"lazy\" src=\"http:\/\/museumek.eu\/wp-content\/uploads\/2015\/02\/2211-300x204.jpg\" alt=\"\" title=\"2211\" width=\"300\" height=\"204\" class=\"alignnone size-medium wp-image-36704\" srcset=\"https:\/\/museumek.eu\/wp-content\/uploads\/2015\/02\/2211-300x204.jpg 300w, https:\/\/museumek.eu\/wp-content\/uploads\/2015\/02\/2211-150x102.jpg 150w, https:\/\/museumek.eu\/wp-content\/uploads\/2015\/02\/2211-440x300.jpg 440w, https:\/\/museumek.eu\/wp-content\/uploads\/2015\/02\/2211.jpg 800w\" sizes=\"(max-width: 300px) 100vw, 300px\" \/><\/a><\/p>\n<p><a href=\"http:\/\/museumek.eu\/?attachment_id=36705\" rel=\"attachment wp-att-36705\"><img loading=\"lazy\" src=\"http:\/\/museumek.eu\/wp-content\/uploads\/2015\/02\/2213-300x258.jpg\" alt=\"\" title=\"2213\" width=\"300\" height=\"258\" class=\"alignnone size-medium wp-image-36705\" srcset=\"https:\/\/museumek.eu\/wp-content\/uploads\/2015\/02\/2213-300x258.jpg 300w, https:\/\/museumek.eu\/wp-content\/uploads\/2015\/02\/2213-150x129.jpg 150w, https:\/\/museumek.eu\/wp-content\/uploads\/2015\/02\/2213-347x300.jpg 347w, https:\/\/museumek.eu\/wp-content\/uploads\/2015\/02\/2213.jpg 695w\" sizes=\"(max-width: 300px) 100vw, 300px\" \/><\/a><\/p>\n<p><a href=\"http:\/\/museumek.eu\/?attachment_id=36706\" rel=\"attachment wp-att-36706\"><img loading=\"lazy\" src=\"http:\/\/museumek.eu\/wp-content\/uploads\/2015\/02\/2212-300x275.jpg\" alt=\"\" title=\"2212\" width=\"300\" height=\"275\" class=\"alignnone size-medium wp-image-36706\" srcset=\"https:\/\/museumek.eu\/wp-content\/uploads\/2015\/02\/2212-300x275.jpg 300w, https:\/\/museumek.eu\/wp-content\/uploads\/2015\/02\/2212-150x137.jpg 150w, https:\/\/museumek.eu\/wp-content\/uploads\/2015\/02\/2212.jpg 312w\" sizes=\"(max-width: 300px) 100vw, 300px\" \/><\/a><\/p>\n<p><a href=\"http:\/\/museumek.eu\/?attachment_id=36707\" rel=\"attachment wp-att-36707\"><img loading=\"lazy\" src=\"http:\/\/museumek.eu\/wp-content\/uploads\/2015\/02\/2214-122x300.jpg\" alt=\"\" title=\"2214\" width=\"122\" height=\"300\" class=\"alignnone size-medium wp-image-36707\" srcset=\"https:\/\/museumek.eu\/wp-content\/uploads\/2015\/02\/2214-122x300.jpg 122w, https:\/\/museumek.eu\/wp-content\/uploads\/2015\/02\/2214-61x150.jpg 61w\" sizes=\"(max-width: 122px) 100vw, 122px\" \/><\/a><\/p>\n","protected":false},"excerpt":{"rendered":"<p>Abteilung Deutschland, Keramik 1860 \u2013 1960, Inventarnummer D\/XLIX\/8 Simon Peter Gerz I. GmbH Fabrik fein verzierter Gebrauchs- und Luxusgegenst\u00e4nde und Vorg\u00e4nger Simon Peter Gerz I. Fabrik antiker reichverzierter Steinzeugwaaren, Deutschland, H\u00f6hr, um 1930, Bowle, K\u00fcnstler unbekannt, Werks.-Nr. 3361, Exemplar Nr. &hellip; <a href=\"https:\/\/museumek.eu\/?page_id=36684\">Weiterlesen <span class=\"meta-nav\">&rarr;<\/span><\/a><\/p>\n","protected":false},"author":1,"featured_media":0,"parent":11558,"menu_order":8,"comment_status":"closed","ping_status":"open","template":"","meta":[],"_links":{"self":[{"href":"https:\/\/museumek.eu\/index.php?rest_route=\/wp\/v2\/pages\/36684"}],"collection":[{"href":"https:\/\/museumek.eu\/index.php?rest_route=\/wp\/v2\/pages"}],"about":[{"href":"https:\/\/museumek.eu\/index.php?rest_route=\/wp\/v2\/types\/page"}],"author":[{"embeddable":true,"href":"https:\/\/museumek.eu\/index.php?rest_route=\/wp\/v2\/users\/1"}],"replies":[{"embeddable":true,"href":"https:\/\/museumek.eu\/index.php?rest_route=%2Fwp%2Fv2%2Fcomments&post=36684"}],"version-history":[{"count":6,"href":"https:\/\/museumek.eu\/index.php?rest_route=\/wp\/v2\/pages\/36684\/revisions"}],"predecessor-version":[{"id":36713,"href":"https:\/\/museumek.eu\/index.php?rest_route=\/wp\/v2\/pages\/36684\/revisions\/36713"}],"up":[{"embeddable":true,"href":"https:\/\/museumek.eu\/index.php?rest_route=\/wp\/v2\/pages\/11558"}],"wp:attachment":[{"href":"https:\/\/museumek.eu\/index.php?rest_route=%2Fwp%2Fv2%2Fmedia&parent=36684"}],"curies":[{"name":"wp","href":"https:\/\/api.w.org\/{rel}","templated":true}]}}