{"id":42307,"date":"2015-07-12T22:26:07","date_gmt":"2015-07-12T20:26:07","guid":{"rendered":"http:\/\/museumek.eu\/?page_id=42307"},"modified":"2021-01-14T11:54:47","modified_gmt":"2021-01-14T10:54:47","slug":"dcxxxix1","status":"publish","type":"page","link":"https:\/\/museumek.eu\/?page_id=42307","title":{"rendered":"D\/CXXXIX\/1"},"content":{"rendered":"<p><strong>Abteilung Deutschland, Keramik 1860 \u2013 1960, Inventarnummer D\/CXXXIX\/1<\/strong><\/p>\n<p>Porzellanfabrik August Schweig, vormals Porzellanfabrik August Schweig GmbH, vormals Schweig\u2019sche Glas- und Porzellanfabrik AG, vormals Oberlausitzer Porzellan-Manufactur Aug. Schweig &#038; Co. und Nachfolger Gebr. Hannemann &#038; Cie. GmbH, D\u00fcren, Abt. Porzellanfabrik Wei\u00dfwasser, Deutschland, Wei\u00dfwasser, 1932 &#8211; 1939, Teller, K\u00fcnstler unbekannt, Werks.-Nr. ohne, Exemplar Nr. ohne, gemarkt Firmenmarke mit Krone, darunter ligiertes AS (f\u00fcr August Schweig), blauer Stempel unter Glasur (g\u00fcltig f\u00fcr die Zeit von 1932 bis 1939), 5 in Gold (sieht auf dem Foto schwarz aus, sicher die Nummer des Vergolders) auf Glasur gemalt, Literatur: Gustav Wei\u00df, Ullstein Porzellanbuch, Seite 316, Marke Nr. 6 identisch (zus\u00e4tzlich Schweig \u00fcber und Wei\u00dfwasser unter der Marke), weitere Literatur: Emanuel Poche, Porzellan-Marken aus aller Welt, Marke Nr. 1705 identisch (zus\u00e4tzlich Schweig \u00fcber und Wei\u00dfwasser unter der Marke), weitere Literatur: Gerhard Schmidt-Stein, Schlesisches Porzellan vor 1945, Seite 293 ff., Beschreibung der Fabrik sowie Seite 297, identische Marke f\u00fcr die Zeit von 1932 bis 1939 abgebildet (zus\u00e4tzlich Schweig \u00fcber und Wei\u00dfwasser unter der Marke), dort beschrieben, dass die Marke auch ohne die Zus\u00e4tze Schweig und Wei\u00dfwasser verwendet worden ist, weitere Literatur: Dieter Z\u00fchlsdorff, Marken Lexikon, Porzellan und Keramik Report 1885 &#8211; 1935, Seite 235, Werk-Teil 1, Gruppennummer 4., laufende Nummer innerhalb der Gruppe 224, dort identische Marke (mit SCHWEIG \u00fcber und WEISSWASSER unter der Marke), dort g\u00fcltig f\u00fcr die Zeit ab 1930 sowie Seite 641, Werk-Teil Nr. 3, laufende Nummer des Werkteils 1363, dort Beschreibung der Fabrik, 1895 gr\u00fcndete August Schweig in Wei\u00dfwasser eine Porzellanfabrik, den Fabrikneubau leitete Fritz Thomas, der sp\u00e4ter die Porzellanfabrik Thomas, J\u00e4ger &#038; Co. und die Porzellanfabrik Thomas &#038; Ens in Marktredewitz mit begr\u00fcndete, die Firmierung lautete Oberlausitzer Porzellan-Manufactur Aug. Schweig &#038; Co., Mitinhaber war Josef Schweig, Inhaber einer Glasfabrik in Wei\u00dfwasser, 1909 wurde die Porzellanfabrik mit der Glasfabrik von Dr. Martin Schweig zusammengelegt, Firmierung Schweig\u2019sche Glas- und Porzellanfabrik AG, zu dieser Zeit wurde die Porzellanproduktion auf technische Porzellane umgestellt, auf Grund wirtschaftlicher Umst\u00e4nde wurde die Glasfabrik 1912 an die Vereinigten Lausitzer Glash\u00fcttenwerke in Wei\u00dfwasser verpachtet und die Porzellanfabrik schied aus der AG aus, August Schweig wurde wieder Eigent\u00fcmer der Porzellanfabrik und firmierte als Porzellanfabrik August Schweig GmbH, es wurden aber weiterhin nur technische Porzellane hergestellt, 1920 verstarb August Schweig und seine Witwe Regina Schweig \u00fcbernahm die Fabrik, ab 1931 wurde auch wieder Gebrauchsgeschirr produziert, 1932 \u00fcbernahm die Fabrik Formen der in Konkurs gegangenen Porzellanfabrik von Hermann Ohme, Niedersalzbrunn, um 1936 wurde die GmbH aufgel\u00f6st und Regina Schweig war nun Alleineigent\u00fcmerin, Firmierung Porzellanfabrik August Schweig, 1939 musste Regina Schweig im Zuge der Arisierung die Fabrik aufgeben und verkaufte sie an die Gebr. Hannemann &#038; Cie. GmbH in D\u00fcren, Firmierung ab da, Gebr. Hannemann &#038; Cie. GmbH, Abteilung Porzellanfabrik Wei\u00dfwasser, 1945 wurde die Fabrik enteignet, Durchmesser 31,5 cm<\/p>\n<p><a href=\"http:\/\/museumek.eu\/?attachment_id=42308\" rel=\"attachment wp-att-42308\"><img loading=\"lazy\" src=\"http:\/\/museumek.eu\/wp-content\/uploads\/2015\/07\/3831-300x296.jpg\" alt=\"\" title=\"3831\" width=\"300\" height=\"296\" class=\"alignnone size-medium wp-image-42308\" srcset=\"https:\/\/museumek.eu\/wp-content\/uploads\/2015\/07\/3831-300x296.jpg 300w, https:\/\/museumek.eu\/wp-content\/uploads\/2015\/07\/3831-150x148.jpg 150w, https:\/\/museumek.eu\/wp-content\/uploads\/2015\/07\/3831-304x300.jpg 304w, https:\/\/museumek.eu\/wp-content\/uploads\/2015\/07\/3831.jpg 608w\" sizes=\"(max-width: 300px) 100vw, 300px\" \/><\/a><\/p>\n<p><a href=\"http:\/\/museumek.eu\/?attachment_id=42309\" rel=\"attachment wp-att-42309\"><img loading=\"lazy\" src=\"http:\/\/museumek.eu\/wp-content\/uploads\/2015\/07\/3832-300x288.jpg\" alt=\"\" title=\"3832\" width=\"300\" height=\"288\" class=\"alignnone size-medium wp-image-42309\" srcset=\"https:\/\/museumek.eu\/wp-content\/uploads\/2015\/07\/3832-300x288.jpg 300w, https:\/\/museumek.eu\/wp-content\/uploads\/2015\/07\/3832-150x144.jpg 150w, https:\/\/museumek.eu\/wp-content\/uploads\/2015\/07\/3832-312x300.jpg 312w, https:\/\/museumek.eu\/wp-content\/uploads\/2015\/07\/3832.jpg 625w\" sizes=\"(max-width: 300px) 100vw, 300px\" \/><\/a><\/p>\n<p><a href=\"http:\/\/museumek.eu\/?attachment_id=42310\" rel=\"attachment wp-att-42310\"><img loading=\"lazy\" src=\"http:\/\/museumek.eu\/wp-content\/uploads\/2015\/07\/3833-300x220.jpg\" alt=\"\" title=\"3833\" width=\"300\" height=\"220\" class=\"alignnone size-medium wp-image-42310\" srcset=\"https:\/\/museumek.eu\/wp-content\/uploads\/2015\/07\/3833-300x220.jpg 300w, https:\/\/museumek.eu\/wp-content\/uploads\/2015\/07\/3833-150x110.jpg 150w, https:\/\/museumek.eu\/wp-content\/uploads\/2015\/07\/3833-408x300.jpg 408w, https:\/\/museumek.eu\/wp-content\/uploads\/2015\/07\/3833.jpg 653w\" sizes=\"(max-width: 300px) 100vw, 300px\" \/><\/a><\/p>\n","protected":false},"excerpt":{"rendered":"<p>Abteilung Deutschland, Keramik 1860 \u2013 1960, Inventarnummer D\/CXXXIX\/1 Porzellanfabrik August Schweig, vormals Porzellanfabrik August Schweig GmbH, vormals Schweig\u2019sche Glas- und Porzellanfabrik AG, vormals Oberlausitzer Porzellan-Manufactur Aug. Schweig &#038; Co. und Nachfolger Gebr. Hannemann &#038; Cie. GmbH, D\u00fcren, Abt. Porzellanfabrik Wei\u00dfwasser, &hellip; <a href=\"https:\/\/museumek.eu\/?page_id=42307\">Weiterlesen <span class=\"meta-nav\">&rarr;<\/span><\/a><\/p>\n","protected":false},"author":1,"featured_media":0,"parent":42252,"menu_order":1,"comment_status":"closed","ping_status":"open","template":"","meta":[],"_links":{"self":[{"href":"https:\/\/museumek.eu\/index.php?rest_route=\/wp\/v2\/pages\/42307"}],"collection":[{"href":"https:\/\/museumek.eu\/index.php?rest_route=\/wp\/v2\/pages"}],"about":[{"href":"https:\/\/museumek.eu\/index.php?rest_route=\/wp\/v2\/types\/page"}],"author":[{"embeddable":true,"href":"https:\/\/museumek.eu\/index.php?rest_route=\/wp\/v2\/users\/1"}],"replies":[{"embeddable":true,"href":"https:\/\/museumek.eu\/index.php?rest_route=%2Fwp%2Fv2%2Fcomments&post=42307"}],"version-history":[{"count":12,"href":"https:\/\/museumek.eu\/index.php?rest_route=\/wp\/v2\/pages\/42307\/revisions"}],"predecessor-version":[{"id":52162,"href":"https:\/\/museumek.eu\/index.php?rest_route=\/wp\/v2\/pages\/42307\/revisions\/52162"}],"up":[{"embeddable":true,"href":"https:\/\/museumek.eu\/index.php?rest_route=\/wp\/v2\/pages\/42252"}],"wp:attachment":[{"href":"https:\/\/museumek.eu\/index.php?rest_route=%2Fwp%2Fv2%2Fmedia&parent=42307"}],"curies":[{"name":"wp","href":"https:\/\/api.w.org\/{rel}","templated":true}]}}