{"id":43360,"date":"2015-08-08T12:03:06","date_gmt":"2015-08-08T10:03:06","guid":{"rendered":"http:\/\/museumek.eu\/?page_id=43360"},"modified":"2021-03-10T16:42:09","modified_gmt":"2021-03-10T15:42:09","slug":"dxcv4","status":"publish","type":"page","link":"https:\/\/museumek.eu\/?page_id=43360","title":{"rendered":"D\/XCV\/4"},"content":{"rendered":"<p><strong>Abteilung Deutschland, Keramik 1860 \u2013 1960, Inventarnummer D\/XCV\/4<\/strong><\/p>\n<p>Porzellanfabrik Arzberg, Zweigwerk der Porzellanfabrik Kahla AG, vormals Porzellanfabrik Sch\u00f6nwald, Abteilung Arzberg, vormals Porzellanfabrik Theodor Lehmann, vormals Porzellanfabrik Lehmann &#038; Ro\u00dfberg, vormals Porzellanfabrik Christoph Schumann, Deutschland, Arzberg, um 1920, Schale mit Dekor \u201eWillkommen\u201c, K\u00fcnstler unbekannt, Werks.-Nr. ohne, Exemplar Nr. ohne, gemarkt Firmenmarke in einem Kreis eine Schale mit Standfuss, \u00fcber der Schale P. S. (f\u00fcr Porzellanfabrik Sch\u00f6nwald, links neben dem Standfuss A. (f\u00fcr Abteilung), rechts neben dem Standfuss A. (f\u00fcr Arzberg) Gesamtlesung der Buchstabenfolge PSAA Porzellanfabrik Sch\u00f6nwald, Abteilung Arzberg, gr\u00fcner Stempel unter Glasur, \u00fcber der Firmenmarke Schriftzug Sch\u00f6nwald Arzberg, darunter Oberfranken, darunter Motiv Willkommen, gr\u00fcn unter Glasur gemalt, unter der Firmenmarke \u201eHandmalerei\u201c, darunter Ges. gesch\u00fctzt, darunter 3 gr\u00fcne Stempel unter Glasur, im Dekor K\u00fcnstlersignatur hc oder bc schwarz gemalt, signiert hc oder bc, Literatur: Gustav Wei\u00df, Ullstein Porzellanbuch, Seite 240, Marke Nr. 10 identisch (dort allerdings falsch nummeriert und dadurch der Porzellanfabrik Rudolf Kindler in Aussig zugeordnet, richtig w\u00e4re als Nummerierung die Markennummer 9 gewesen, denn Nr. 9 ist der Arzberger Porzellanfabrik zugeordnet, weitere Literatur: Robert E. R\u00f6ntgen, Deutsche Porzellanmarken von 1710 bis heute (Ausgabe Jahr 2000), Seite 40, Marke 127 identisch (dort angegeben f\u00fcr die Zeit von 1919 bis 1927), weitere Literatur: Ludwig Danckert, Handbuch des Europ\u00e4ischen Porzellans, 7. Auflage, Seite 41\/42, Beschreibung der Fabrik und Seite 42, identische Marke (dort f\u00fcr die Zeit 1917), weitere Literatur: Dieter Z\u00fchlsdorff, Markenlexikon, Band 1, Porzellan und Keramik Report 1885 &#8211; 1935, Seite 97, Werk-Teil 1., Gruppennummer des Werkteils 1., laufende Nummer der Gruppe 2005, identische Marke (dort f\u00fcr die Zeit ab 1917 &#8211; 1927, dort geschrieben: Auch mit &#8222;BAVARIA&#8220;, um 1920) sowie Seite 467, Werk-Teil 3., laufende Nummer des Werkteils 54, dort Beschreibung der Fabrik, weitere Literatur: Robert E. R\u00f6ntgen, Deutsche Porzellanmarken von 1710 bis heute (Ausgabe Jahr 2000), Seite 40, Marke 127 identisch (dort angegeben f\u00fcr die Zeit von 1919 bis 1927), 1887 gr\u00fcndete Christoph Schumann, Sohn des Arzberger Porzellanfabrikanten Christian Heinrich Schumann in Arzberg, bei der Jakobsburg, eine eigene Porzellanfabrik (ab da zwei eigenst\u00e4ndige Schumann\u2019sche Porzellanfabriken in Arzberg, die dann eigenst\u00e4ndig unter wechselnden Eigent\u00fcmern, Firmierungen und Firmenmarken, rund 100 Jahre nebeneinander betrieben worden sind), Firmierung Porzellanfabrik Christoph Schumann, um 1892 verkaufte Christoph Schumann die Fabrik an Theodor Lehmann und dessen Gesch\u00e4ftspartner Ro\u00dfberg, Firmierung Porzellanfabrik Lehmann &#038; Ro\u00dfberg, Christoph Schumann wanderte nach Schwarzenhammer aus und gr\u00fcndete dort 1905 zusammen mit seinem Schwiegervater Schreider die Porzellanfabrik Schumann &#038; Schreider, ab 1897 ist Lehmann Alleineigent\u00fcmer, Firmierung Porzellanfabrik Theodor Lehmann, die Fabrik fusionierte 1902 mit der Porzellanfabrik Sch\u00f6nwald AG, die Firmierung \u00e4nderte sich in Porzellanfabrik Sch\u00f6nwald AG, Abteilung Arzberg, 1927 fusionierte die Porzellanfabrik Sch\u00f6nwald AG mit der Porzellanfabrik Kahla AG, die Firmierung \u00e4nderte sich in Porzellanfabrik Kahla AG, Zweigwerk Arzberg, 1972 fusionierte der westdeutsche Teil der Porzellanfabrik Kahla AG mit der Hutschenreuther AG, die Fabrik in Arzberg wurde mit gleichem Namen weitergef\u00fchrt, 1998 ist die Arzberger Fabrik der Winterling Porzellan AG zugeh\u00f6rig und im Jahr 2000 geh\u00f6rt die Fabrik zur SKV Porzellan-Union, Spiegel mit Schattenrissmalerei, Motiv &#8222;Willkommen&#8220;, Herr mit Hut eine Verbeugung machend (das Motiv gibt es auch noch mit einer Dame mit Tuch neben einer Lampe die Stufen hinabsteigend), gerahmt von einem abstrakten Ornamentband in gr\u00fcn, violett, schwarz und gold, Durchbruchfahne gold und gr\u00fcn staffiert, Durchmesser 24,5 cm<\/p>\n<p><a href=\"http:\/\/museumek.eu\/?attachment_id=43361\" rel=\"attachment wp-att-43361\"><img loading=\"lazy\" src=\"http:\/\/museumek.eu\/wp-content\/uploads\/2015\/08\/3276-300x293.jpg\" alt=\"\" title=\"3276\" width=\"300\" height=\"293\" class=\"alignnone size-medium wp-image-43361\" srcset=\"https:\/\/museumek.eu\/wp-content\/uploads\/2015\/08\/3276-300x293.jpg 300w, https:\/\/museumek.eu\/wp-content\/uploads\/2015\/08\/3276-150x146.jpg 150w, https:\/\/museumek.eu\/wp-content\/uploads\/2015\/08\/3276-307x300.jpg 307w, https:\/\/museumek.eu\/wp-content\/uploads\/2015\/08\/3276.jpg 614w\" sizes=\"(max-width: 300px) 100vw, 300px\" \/><\/a><\/p>\n<p><a href=\"http:\/\/museumek.eu\/?attachment_id=43367\" rel=\"attachment wp-att-43367\"><img loading=\"lazy\" src=\"http:\/\/museumek.eu\/wp-content\/uploads\/2015\/08\/32771-300x225.jpg\" alt=\"\" title=\"3277\" width=\"300\" height=\"225\" class=\"alignnone size-medium wp-image-43367\" srcset=\"https:\/\/museumek.eu\/wp-content\/uploads\/2015\/08\/32771-300x225.jpg 300w, https:\/\/museumek.eu\/wp-content\/uploads\/2015\/08\/32771-150x112.jpg 150w, https:\/\/museumek.eu\/wp-content\/uploads\/2015\/08\/32771-400x300.jpg 400w, https:\/\/museumek.eu\/wp-content\/uploads\/2015\/08\/32771.jpg 800w\" sizes=\"(max-width: 300px) 100vw, 300px\" \/><\/a><\/p>\n<p><a href=\"http:\/\/museumek.eu\/?attachment_id=43368\" rel=\"attachment wp-att-43368\"><img loading=\"lazy\" src=\"http:\/\/museumek.eu\/wp-content\/uploads\/2015\/08\/3280-300x240.jpg\" alt=\"\" title=\"3280\" width=\"300\" height=\"240\" class=\"alignnone size-medium wp-image-43368\" srcset=\"https:\/\/museumek.eu\/wp-content\/uploads\/2015\/08\/3280-300x240.jpg 300w, https:\/\/museumek.eu\/wp-content\/uploads\/2015\/08\/3280-150x120.jpg 150w, https:\/\/museumek.eu\/wp-content\/uploads\/2015\/08\/3280-374x300.jpg 374w, https:\/\/museumek.eu\/wp-content\/uploads\/2015\/08\/3280.jpg 520w\" sizes=\"(max-width: 300px) 100vw, 300px\" \/><\/a><\/p>\n<p><a href=\"http:\/\/museumek.eu\/?attachment_id=43369\" rel=\"attachment wp-att-43369\"><img loading=\"lazy\" src=\"http:\/\/museumek.eu\/wp-content\/uploads\/2015\/08\/3278-300x184.jpg\" alt=\"\" title=\"3278\" width=\"300\" height=\"184\" class=\"alignnone size-medium wp-image-43369\" srcset=\"https:\/\/museumek.eu\/wp-content\/uploads\/2015\/08\/3278-300x184.jpg 300w, https:\/\/museumek.eu\/wp-content\/uploads\/2015\/08\/3278-150x92.jpg 150w, https:\/\/museumek.eu\/wp-content\/uploads\/2015\/08\/3278-488x300.jpg 488w, https:\/\/museumek.eu\/wp-content\/uploads\/2015\/08\/3278.jpg 800w\" sizes=\"(max-width: 300px) 100vw, 300px\" \/><\/a><\/p>\n<p><a href=\"http:\/\/museumek.eu\/?attachment_id=43370\" rel=\"attachment wp-att-43370\"><img loading=\"lazy\" src=\"http:\/\/museumek.eu\/wp-content\/uploads\/2015\/08\/3279-300x294.jpg\" alt=\"\" title=\"3279\" width=\"300\" height=\"294\" class=\"alignnone size-medium wp-image-43370\" srcset=\"https:\/\/museumek.eu\/wp-content\/uploads\/2015\/08\/3279-300x294.jpg 300w, https:\/\/museumek.eu\/wp-content\/uploads\/2015\/08\/3279-150x147.jpg 150w, https:\/\/museumek.eu\/wp-content\/uploads\/2015\/08\/3279-305x300.jpg 305w, https:\/\/museumek.eu\/wp-content\/uploads\/2015\/08\/3279.jpg 611w\" sizes=\"(max-width: 300px) 100vw, 300px\" \/><\/a><\/p>\n<p><a href=\"http:\/\/museumek.eu\/?attachment_id=43372\" rel=\"attachment wp-att-43372\"><img loading=\"lazy\" src=\"http:\/\/museumek.eu\/wp-content\/uploads\/2015\/08\/3281-148x300.jpg\" alt=\"\" title=\"3281\" width=\"148\" height=\"300\" class=\"alignnone size-medium wp-image-43372\" srcset=\"https:\/\/museumek.eu\/wp-content\/uploads\/2015\/08\/3281-148x300.jpg 148w, https:\/\/museumek.eu\/wp-content\/uploads\/2015\/08\/3281-74x150.jpg 74w, https:\/\/museumek.eu\/wp-content\/uploads\/2015\/08\/3281.jpg 396w\" sizes=\"(max-width: 148px) 100vw, 148px\" \/><\/a><\/p>\n<p><a href=\"http:\/\/museumek.eu\/?attachment_id=43373\" rel=\"attachment wp-att-43373\"><img loading=\"lazy\" src=\"http:\/\/museumek.eu\/wp-content\/uploads\/2015\/08\/3282-300x177.jpg\" alt=\"\" title=\"3282\" width=\"300\" height=\"177\" class=\"alignnone size-medium wp-image-43373\" srcset=\"https:\/\/museumek.eu\/wp-content\/uploads\/2015\/08\/3282-300x177.jpg 300w, https:\/\/museumek.eu\/wp-content\/uploads\/2015\/08\/3282-150x88.jpg 150w, https:\/\/museumek.eu\/wp-content\/uploads\/2015\/08\/3282-500x295.jpg 500w, https:\/\/museumek.eu\/wp-content\/uploads\/2015\/08\/3282.jpg 685w\" sizes=\"(max-width: 300px) 100vw, 300px\" \/><\/a><\/p>\n<p><a href=\"http:\/\/museumek.eu\/?attachment_id=43374\" rel=\"attachment wp-att-43374\"><img loading=\"lazy\" src=\"http:\/\/museumek.eu\/wp-content\/uploads\/2015\/08\/3283-298x300.jpg\" alt=\"\" title=\"3283\" width=\"298\" height=\"300\" class=\"alignnone size-medium wp-image-43374\" srcset=\"https:\/\/museumek.eu\/wp-content\/uploads\/2015\/08\/3283-298x300.jpg 298w, https:\/\/museumek.eu\/wp-content\/uploads\/2015\/08\/3283-150x150.jpg 150w, https:\/\/museumek.eu\/wp-content\/uploads\/2015\/08\/3283.jpg 467w\" sizes=\"(max-width: 298px) 100vw, 298px\" \/><\/a><\/p>\n<p><a href=\"http:\/\/museumek.eu\/?attachment_id=43375\" rel=\"attachment wp-att-43375\"><img loading=\"lazy\" src=\"http:\/\/museumek.eu\/wp-content\/uploads\/2015\/08\/3285-300x263.jpg\" alt=\"\" title=\"3285\" width=\"300\" height=\"263\" class=\"alignnone size-medium wp-image-43375\" srcset=\"https:\/\/museumek.eu\/wp-content\/uploads\/2015\/08\/3285-300x263.jpg 300w, https:\/\/museumek.eu\/wp-content\/uploads\/2015\/08\/3285-150x131.jpg 150w, https:\/\/museumek.eu\/wp-content\/uploads\/2015\/08\/3285-341x300.jpg 341w, https:\/\/museumek.eu\/wp-content\/uploads\/2015\/08\/3285.jpg 503w\" sizes=\"(max-width: 300px) 100vw, 300px\" \/><\/a><\/p>\n","protected":false},"excerpt":{"rendered":"<p>Abteilung Deutschland, Keramik 1860 \u2013 1960, Inventarnummer D\/XCV\/4 Porzellanfabrik Arzberg, Zweigwerk der Porzellanfabrik Kahla AG, vormals Porzellanfabrik Sch\u00f6nwald, Abteilung Arzberg, vormals Porzellanfabrik Theodor Lehmann, vormals Porzellanfabrik Lehmann &#038; Ro\u00dfberg, vormals Porzellanfabrik Christoph Schumann, Deutschland, Arzberg, um 1920, Schale mit Dekor &hellip; <a href=\"https:\/\/museumek.eu\/?page_id=43360\">Weiterlesen <span class=\"meta-nav\">&rarr;<\/span><\/a><\/p>\n","protected":false},"author":1,"featured_media":0,"parent":24295,"menu_order":4,"comment_status":"closed","ping_status":"open","template":"","meta":[],"_links":{"self":[{"href":"https:\/\/museumek.eu\/index.php?rest_route=\/wp\/v2\/pages\/43360"}],"collection":[{"href":"https:\/\/museumek.eu\/index.php?rest_route=\/wp\/v2\/pages"}],"about":[{"href":"https:\/\/museumek.eu\/index.php?rest_route=\/wp\/v2\/types\/page"}],"author":[{"embeddable":true,"href":"https:\/\/museumek.eu\/index.php?rest_route=\/wp\/v2\/users\/1"}],"replies":[{"embeddable":true,"href":"https:\/\/museumek.eu\/index.php?rest_route=%2Fwp%2Fv2%2Fcomments&post=43360"}],"version-history":[{"count":13,"href":"https:\/\/museumek.eu\/index.php?rest_route=\/wp\/v2\/pages\/43360\/revisions"}],"predecessor-version":[{"id":54082,"href":"https:\/\/museumek.eu\/index.php?rest_route=\/wp\/v2\/pages\/43360\/revisions\/54082"}],"up":[{"embeddable":true,"href":"https:\/\/museumek.eu\/index.php?rest_route=\/wp\/v2\/pages\/24295"}],"wp:attachment":[{"href":"https:\/\/museumek.eu\/index.php?rest_route=%2Fwp%2Fv2%2Fmedia&parent=43360"}],"curies":[{"name":"wp","href":"https:\/\/api.w.org\/{rel}","templated":true}]}}